{"id":20350,"date":"2024-05-29T11:58:23","date_gmt":"2024-05-29T08:58:23","guid":{"rendered":"https:\/\/klaipedatravel.lt\/?post_type=mec-events&#038;p=20350"},"modified":"2024-06-13T10:01:13","modified_gmt":"2024-06-13T07:01:13","slug":"veranstaltungen-zum-tag-der-trauer-und-der-hoffnung-und-zum-tag-der-besetzung-und-des-voelkermords","status":"publish","type":"mec-events","link":"https:\/\/klaipedatravel.lt\/de\/event\/veranstaltungen-zum-tag-der-trauer-und-der-hoffnung-und-zum-tag-der-besetzung-und-des-voelkermords\/","title":{"rendered":"VERANSTALTUNGEN ZUM TAG DER TRAUER UND DER HOFFNUNG UND ZUM TAG DER BESETZUNG UND DES V\u00d6LKERMORDS"},"content":{"rendered":"<p>Gedenken an den 14. Juni 1941 Massendeportationen nach Sibirien durch die Sowjetunion am 14. Juni 1941. Insgesamt wurden etwa 17 485 Menschen deportiert, die meisten von ihnen ins Exil, andere in GULAG-Lager. Viele Politiker und andere Pers\u00f6nlichkeiten des \u00f6ffentlichen Lebens wurden deportiert, darunter auch der zweite Pr\u00e4sident der Republik Litauen, Aleksandras Stulginskis. Insgesamt deportierte die UdSSR etwa 130.000 Menschen nach Sibirien. 130 Menschen aus Litauen.<\/p>\n<p>Die Gedenkfeier findet auf dem Klaip\u0117da-Platz am Denkmal f\u00fcr ein vereintes Litauen &#8222;Arka&#8220; statt.<\/p>\n<p>\u00dcbersetzt mit DeepL.com (kostenlose Version)<\/p>\n","protected":false},"excerpt":{"rendered":"<p>Gedenken an den 14. Juni 1941 Massendeportationen nach Sibirien durch die Sowjetunion am 14. Juni 1941. Insgesamt wurden etwa 17 485 Menschen deportiert, die meisten von ihnen ins Exil, andere in GULAG-Lager. Viele Politiker und andere Pers\u00f6nlichkeiten des \u00f6ffentlichen Lebens wurden deportiert, darunter auch der zweite Pr\u00e4sident der Republik Litauen, Aleksandras Stulginskis. Insgesamt deportierte die [&hellip;]<\/p>\n","protected":false},"author":8,"featured_media":19906,"comment_status":"closed","ping_status":"closed","template":"","tags":[],"mec_category":[],"class_list":["post-20350","mec-events","type-mec-events","status-publish","has-post-thumbnail","hentry"],"acf":[],"_links":{"self":[{"href":"https:\/\/klaipedatravel.lt\/de\/wp-json\/wp\/v2\/mec-events\/20350","targetHints":{"allow":["GET"]}}],"collection":[{"href":"https:\/\/klaipedatravel.lt\/de\/wp-json\/wp\/v2\/mec-events"}],"about":[{"href":"https:\/\/klaipedatravel.lt\/de\/wp-json\/wp\/v2\/types\/mec-events"}],"author":[{"embeddable":true,"href":"https:\/\/klaipedatravel.lt\/de\/wp-json\/wp\/v2\/users\/8"}],"replies":[{"embeddable":true,"href":"https:\/\/klaipedatravel.lt\/de\/wp-json\/wp\/v2\/comments?post=20350"}],"wp:featuredmedia":[{"embeddable":true,"href":"https:\/\/klaipedatravel.lt\/de\/wp-json\/wp\/v2\/media\/19906"}],"wp:attachment":[{"href":"https:\/\/klaipedatravel.lt\/de\/wp-json\/wp\/v2\/media?parent=20350"}],"wp:term":[{"taxonomy":"post_tag","embeddable":true,"href":"https:\/\/klaipedatravel.lt\/de\/wp-json\/wp\/v2\/tags?post=20350"},{"taxonomy":"mec_category","embeddable":true,"href":"https:\/\/klaipedatravel.lt\/de\/wp-json\/wp\/v2\/mec_category?post=20350"}],"curies":[{"name":"wp","href":"https:\/\/api.w.org\/{rel}","templated":true}]}}

VERANSTALTUNGEN ZUM TAG DER TRAUER UND DER HOFFNUNG UND ZUM TAG DER BESETZUNG UND DES VÖLKERMORDS

<p>Gedenken an den 14. Juni 1941 Massendeportationen nach Sibirien durch die Sowjetunion am 14. Juni 1941. Insgesamt wurden etwa 17 485 Menschen deportiert, die meisten von ihnen ins Exil, andere in GULAG-Lager. Viele Politiker und andere Persönlichkeiten des öffentlichen Lebens wurden deportiert, darunter auch der zweite Präsident der Republik Litauen, Aleksandras Stulginskis. Insgesamt deportierte die UdSSR etwa 130.000 Menschen nach Sibirien. 130 Menschen aus Litauen.</p>
<p>Die Gedenkfeier findet auf dem Klaipėda-Platz am Denkmal für ein vereintes Litauen &#8222;Arka&#8220; statt.</p>
<p>Übersetzt mit DeepL.com (kostenlose Version)</p>

<p>Gedenken an den 14. Juni 1941 Massendeportationen nach Sibirien durch die Sowjetunion am 14. Juni 1941. Insgesamt wurden etwa 17 485 Menschen deportiert, die meisten von ihnen ins Exil, andere in GULAG-Lager. Viele Politiker und andere Persönlichkeiten des öffentlichen Lebens wurden deportiert, darunter auch der zweite Präsident der Republik Litauen, Aleksandras Stulginskis. Insgesamt deportierte die [&hellip;]</p>
