{"id":33798,"date":"2025-05-26T12:27:33","date_gmt":"2025-05-26T09:27:33","guid":{"rendered":"https:\/\/klaipedatravel.lt\/event\/konzert-der-barden-der-wind-brachte-mich\/"},"modified":"2025-05-26T12:27:33","modified_gmt":"2025-05-26T09:27:33","slug":"konzert-der-barden-der-wind-brachte-mich","status":"publish","type":"mec-events","link":"https:\/\/klaipedatravel.lt\/de\/event\/konzert-der-barden-der-wind-brachte-mich\/","title":{"rendered":"Konzert der Barden \u201eDer Wind brachte mich&#8230;\u201c"},"content":{"rendered":"<p>31. Mai 2025 (Samstag) um 13:00 Alle Fans von gesungener Poesie und Gitarrenmusik sind in der Zweigstelle Melnrage der Stadtbibliothek Immanuel Kant der Stadtverwaltung Klaip\u0117da (Molo g. 60) willkommen!   <br class=\"html-br\">Es erwartet Sie eine musikalische Therapie der Seele &#8211; ein Treffen mit regelm\u00e4\u00dfigen Teilnehmern von Singer-Poetry-Konzerten, Feiern, Festivals, die seit vielen Jahren zusammen musizieren &#8211; Darius Leveckis (Songwriter, Texter, Performer, Musiker) und Rytas Germanavi\u010dius (Gitarre).<br class=\"html-br\">Lassen Sie uns gemeinsam den Sommer beim Bardenkonzert \u201eThe wind brought me&#8230;\u201c begr\u00fc\u00dfen!<\/p>\n","protected":false},"excerpt":{"rendered":"<p>31. Mai 2025 (Samstag) um 13:00 Alle Fans von gesungener Poesie und Gitarrenmusik sind in der Zweigstelle Melnrage der Stadtbibliothek Immanuel Kant der Stadtverwaltung Klaip\u0117da (Molo g. 60) willkommen! Es erwartet Sie eine musikalische Therapie der Seele &#8211; ein Treffen mit regelm\u00e4\u00dfigen Teilnehmern von Singer-Poetry-Konzerten, Feiern, Festivals, die seit vielen Jahren zusammen musizieren &#8211; Darius [&hellip;]<\/p>\n","protected":false},"author":9,"featured_media":33796,"comment_status":"closed","ping_status":"closed","template":"","tags":[],"mec_category":[509],"class_list":["post-33798","mec-events","type-mec-events","status-publish","has-post-thumbnail","hentry","mec_category-konzerte"],"acf":[],"_links":{"self":[{"href":"https:\/\/klaipedatravel.lt\/de\/wp-json\/wp\/v2\/mec-events\/33798","targetHints":{"allow":["GET"]}}],"collection":[{"href":"https:\/\/klaipedatravel.lt\/de\/wp-json\/wp\/v2\/mec-events"}],"about":[{"href":"https:\/\/klaipedatravel.lt\/de\/wp-json\/wp\/v2\/types\/mec-events"}],"author":[{"embeddable":true,"href":"https:\/\/klaipedatravel.lt\/de\/wp-json\/wp\/v2\/users\/9"}],"replies":[{"embeddable":true,"href":"https:\/\/klaipedatravel.lt\/de\/wp-json\/wp\/v2\/comments?post=33798"}],"wp:featuredmedia":[{"embeddable":true,"href":"https:\/\/klaipedatravel.lt\/de\/wp-json\/wp\/v2\/media\/33796"}],"wp:attachment":[{"href":"https:\/\/klaipedatravel.lt\/de\/wp-json\/wp\/v2\/media?parent=33798"}],"wp:term":[{"taxonomy":"post_tag","embeddable":true,"href":"https:\/\/klaipedatravel.lt\/de\/wp-json\/wp\/v2\/tags?post=33798"},{"taxonomy":"mec_category","embeddable":true,"href":"https:\/\/klaipedatravel.lt\/de\/wp-json\/wp\/v2\/mec_category?post=33798"}],"curies":[{"name":"wp","href":"https:\/\/api.w.org\/{rel}","templated":true}]}}

<p>31. Mai 2025 (Samstag) um 13:00 Alle Fans von gesungener Poesie und Gitarrenmusik sind in der Zweigstelle Melnrage der Stadtbibliothek Immanuel Kant der Stadtverwaltung Klaipėda (Molo g. 60) willkommen!   <br class="html-br">Es erwartet Sie eine musikalische Therapie der Seele &#8211; ein Treffen mit regelmäßigen Teilnehmern von Singer-Poetry-Konzerten, Feiern, Festivals, die seit vielen Jahren zusammen musizieren &#8211; Darius Leveckis (Songwriter, Texter, Performer, Musiker) und Rytas Germanavičius (Gitarre).<br class="html-br">Lassen Sie uns gemeinsam den Sommer beim Bardenkonzert „The wind brought me&#8230;“ begrüßen!</p>

<p>31. Mai 2025 (Samstag) um 13:00 Alle Fans von gesungener Poesie und Gitarrenmusik sind in der Zweigstelle Melnrage der Stadtbibliothek Immanuel Kant der Stadtverwaltung Klaipėda (Molo g. 60) willkommen! Es erwartet Sie eine musikalische Therapie der Seele &#8211; ein Treffen mit regelmäßigen Teilnehmern von Singer-Poetry-Konzerten, Feiern, Festivals, die seit vielen Jahren zusammen musizieren &#8211; Darius [&hellip;]</p>
