{"id":34572,"date":"2025-06-04T09:23:36","date_gmt":"2025-06-04T06:23:36","guid":{"rendered":"https:\/\/klaipedatravel.lt\/event\/song-celebration-aufwachsen-fuer-litauen-gemeinsam-im-gesang-im-herzen-litauisches-kinder-und-jugendchorfestival\/"},"modified":"2025-06-04T09:23:36","modified_gmt":"2025-06-04T06:23:36","slug":"song-celebration-aufwachsen-fuer-litauen-gemeinsam-im-gesang-im-herzen-litauisches-kinder-und-jugendchorfestival","status":"publish","type":"mec-events","link":"https:\/\/klaipedatravel.lt\/de\/event\/song-celebration-aufwachsen-fuer-litauen-gemeinsam-im-gesang-im-herzen-litauisches-kinder-und-jugendchorfestival\/","title":{"rendered":"Song Celebration \u201eAufwachsen f\u00fcr Litauen &#8211; Gemeinsam im Gesang, im Herzen\u201c | Litauisches Kinder- und Jugendchorfestival"},"content":{"rendered":"<div class=\"x11i5rnm xat24cr x1mh8g0r x1vvkbs xtlvy1s\">  Am 8. Juni um 17.00 Uhr laden wir Sie zu einem spektakul\u00e4ren Fest der Chormusik ein &#8211; dem Festival der Lieder \u201eAUGAM LIETUVAI &#8211; DAINOJ, \u0160IRDY, KARTU\u201c, das auf der Klaip\u0117da Summer Concert Stage stattfindet!    <span class=\"html-span xexx8yu x4uap5 x18d9i69 xkhd6sd x1hl2dhg x16tdsg8 x1vvkbs x3nfvp2 x1j61x8r x1fcty0u xdj266r xat24cr xgzva0m xhhsvwb xxymvpz xlup9mm x1kky2od\"><img decoding=\"async\" class=\"xz74otr x168nmei x13lgxp2 x5pf9jr xo71vjh\" src=\"https:\/\/static.xx.fbcdn.net\/images\/emoji.php\/v9\/te0\/1\/16\/1f31f.png\" alt=\"\ud83c\udf1f\" width=\"16\" height=\"16\"><\/span>  Dies ist der gro\u00dfe H\u00f6hepunkt des 7. litauischen Kinder- und Jugendchor-Wettbewerbs \u201eWe &#8211; Children of Lithuania\u201c.<\/div>\n<div class=\"x11i5rnm xat24cr x1mh8g0r x1vvkbs xtlvy1s\"><span class=\"html-span xexx8yu x4uap5 x18d9i69 xkhd6sd x1hl2dhg x16tdsg8 x1vvkbs x3nfvp2 x1j61x8r x1fcty0u xdj266r xat24cr xgzva0m xhhsvwb xxymvpz xlup9mm x1kky2od\"><img decoding=\"async\" class=\"xz74otr x168nmei x13lgxp2 x5pf9jr xo71vjh\" src=\"https:\/\/static.xx.fbcdn.net\/images\/emoji.php\/v9\/t7e\/1\/16\/1f3a4.png\" alt=\"\ud83c\udfa4\" width=\"16\" height=\"16\"><\/span>  Mehr als 225 Ensembles und \u00fcber 5.600 junge Chors\u00e4nger, T\u00e4nzer und Musiker aus 58 St\u00e4dten und Gemeinden in Litauen &#8211; von den gr\u00f6\u00dften Zentren bis zu den kleinsten Gemeinden &#8211; werden auf der B\u00fchne stehen:<br class=\"html-br\">Akmen\u0117, Bir\u017eai, Buki\u0161kis, Dituva, Dovilai, Elektr\u0117nai, Garg\u017edai, Jurbarkas, Kaunas, Kazl\u0173 R\u016bda, K\u0117dainiai, Kelm\u0117, Kybartai, Kintai, Klaip\u0117da, Krekenava, Kretinga, Kretingale, Kretinga, Kruonis, Kudirkos Naumiestis, Kupi\u0161kis, Kv\u0117darna, Laukuva, Marijampol\u0117, Ma\u017eeikiai, Mol\u0117tai, Neringa, Nida, Norkait\u0117, Norkai\u010diai, Kaunas, Kaunas, Kaunas, Lithuania, Lithuania, Lithuania, Lithuania, Lithuania, Lithuania, Lithuania, Pag\u0117giai, Pakruojis, Palanga, Panev\u0117\u017eys, Pasvalys, Plung\u0117, Priekul\u0117, Prienai, Roki\u0161kis, Rudamina, Salantai, \u0160akiai, \u0160auk\u0117nai, \u0160iauliai, \u0160ilal\u0117, \u0160ilut\u0117, Taurag\u0117, Tel\u0161iai, Trakai, Ukmerg\u0117, Utena, Uzpaliai, Veivir\u017e\u0117nai, Veivir\u017e\u0117nai, Venta, V\u0117\u017eai\u010diai, V\u0117\u017eai\u010diai, Vilkaviskis, Vilky\u010diai, Vilnius, \u017die\u017emari.<\/div>\n<div class=\"x11i5rnm xat24cr x1mh8g0r x1vvkbs xtlvy1s\"><span class=\"html-span xexx8yu x4uap5 x18d9i69 xkhd6sd x1hl2dhg x16tdsg8 x1vvkbs x3nfvp2 x1j61x8r x1fcty0u xdj266r xat24cr xgzva0m xhhsvwb xxymvpz xlup9mm x1kky2od\"><img decoding=\"async\" class=\"xz74otr x168nmei x13lgxp2 x5pf9jr xo71vjh\" src=\"https:\/\/static.xx.fbcdn.net\/images\/emoji.php\/v9\/te4\/1\/16\/1f1f1_1f1f9.png\" alt=\"\ud83c\uddf1\ud83c\uddf9\" width=\"16\" height=\"16\"><\/span>  Das Festival pflegt nicht nur die Traditionen des Chorgesangs, sondern dient auch als wichtige Vorbereitungsphase f\u00fcr das Litauische Sch\u00fclerliederfestival, das 2026 stattfinden wird. <\/div>\n<div class=\"x11i5rnm xat24cr x1mh8g0r x1vvkbs xtlvy1s\"><span class=\"html-span xexx8yu x4uap5 x18d9i69 xkhd6sd x1hl2dhg x16tdsg8 x1vvkbs x3nfvp2 x1j61x8r x1fcty0u xdj266r xat24cr xgzva0m xhhsvwb xxymvpz xlup9mm x1kky2od\"><img decoding=\"async\" class=\"xz74otr x168nmei x13lgxp2 x5pf9jr xo71vjh\" src=\"https:\/\/static.xx.fbcdn.net\/images\/emoji.php\/v9\/tbe\/1\/16\/1f3c6.png\" alt=\"\ud83c\udfc6\" width=\"16\" height=\"16\"><\/span>  W\u00e4hrend der Veranstaltung wird der Gewinner des 7. litauischen Kinder- und Jugendchorwettbewerbs GRAND PRIX bekannt gegeben &#8211; der beste litauische Kinder- oder Jugendchor!<\/div>\n<div class=\"x11i5rnm xat24cr x1mh8g0r x1vvkbs xtlvy1s\"><span class=\"html-span xexx8yu x4uap5 x18d9i69 xkhd6sd x1hl2dhg x16tdsg8 x1vvkbs x3nfvp2 x1j61x8r x1fcty0u xdj266r xat24cr xgzva0m xhhsvwb xxymvpz xlup9mm x1kky2od\"><img decoding=\"async\" class=\"xz74otr x168nmei x13lgxp2 x5pf9jr xo71vjh\" src=\"https:\/\/static.xx.fbcdn.net\/images\/emoji.php\/v9\/t3d\/1\/16\/1f3c5.png\" alt=\"\ud83c\udfc5\" width=\"16\" height=\"16\"><\/span>  Wir werden auch Prof. Dr. Regimantas Gudelis ehren, indem wir ihn f\u00fcr seinen Beitrag zur nationalen Kultur mit dem prestigetr\u00e4chtigen Goldenen Vogel auszeichnen.<\/div>\n","protected":false},"excerpt":{"rendered":"<p>Am 8. Juni um 17.00 Uhr laden wir Sie zu einem spektakul\u00e4ren Fest der Chormusik ein &#8211; dem Festival der Lieder \u201eAUGAM LIETUVAI &#8211; DAINOJ, \u0160IRDY, KARTU\u201c, das auf der Klaip\u0117da Summer Concert Stage stattfindet! Dies ist der gro\u00dfe H\u00f6hepunkt des 7. litauischen Kinder- und Jugendchor-Wettbewerbs \u201eWe &#8211; Children of Lithuania\u201c. Mehr als 225 Ensembles [&hellip;]<\/p>\n","protected":false},"author":9,"featured_media":33988,"comment_status":"closed","ping_status":"closed","template":"","tags":[],"mec_category":[564],"class_list":["post-34572","mec-events","type-mec-events","status-publish","has-post-thumbnail","hentry","mec_category-feiertage"],"acf":[],"_links":{"self":[{"href":"https:\/\/klaipedatravel.lt\/de\/wp-json\/wp\/v2\/mec-events\/34572","targetHints":{"allow":["GET"]}}],"collection":[{"href":"https:\/\/klaipedatravel.lt\/de\/wp-json\/wp\/v2\/mec-events"}],"about":[{"href":"https:\/\/klaipedatravel.lt\/de\/wp-json\/wp\/v2\/types\/mec-events"}],"author":[{"embeddable":true,"href":"https:\/\/klaipedatravel.lt\/de\/wp-json\/wp\/v2\/users\/9"}],"replies":[{"embeddable":true,"href":"https:\/\/klaipedatravel.lt\/de\/wp-json\/wp\/v2\/comments?post=34572"}],"wp:featuredmedia":[{"embeddable":true,"href":"https:\/\/klaipedatravel.lt\/de\/wp-json\/wp\/v2\/media\/33988"}],"wp:attachment":[{"href":"https:\/\/klaipedatravel.lt\/de\/wp-json\/wp\/v2\/media?parent=34572"}],"wp:term":[{"taxonomy":"post_tag","embeddable":true,"href":"https:\/\/klaipedatravel.lt\/de\/wp-json\/wp\/v2\/tags?post=34572"},{"taxonomy":"mec_category","embeddable":true,"href":"https:\/\/klaipedatravel.lt\/de\/wp-json\/wp\/v2\/mec_category?post=34572"}],"curies":[{"name":"wp","href":"https:\/\/api.w.org\/{rel}","templated":true}]}}

Song Celebration „Aufwachsen für Litauen &#8211; Gemeinsam im Gesang, im Herzen“ | Litauisches Kinder- und Jugendchorfestival

<div class="x11i5rnm xat24cr x1mh8g0r x1vvkbs xtlvy1s">  Am 8. Juni um 17.00 Uhr laden wir Sie zu einem spektakulären Fest der Chormusik ein &#8211; dem Festival der Lieder „AUGAM LIETUVAI &#8211; DAINOJ, ŠIRDY, KARTU“, das auf der Klaipėda Summer Concert Stage stattfindet!    <span class="html-span xexx8yu x4uap5 x18d9i69 xkhd6sd x1hl2dhg x16tdsg8 x1vvkbs x3nfvp2 x1j61x8r x1fcty0u xdj266r xat24cr xgzva0m xhhsvwb xxymvpz xlup9mm x1kky2od"><img decoding="async" class="xz74otr x168nmei x13lgxp2 x5pf9jr xo71vjh" src="https://static.xx.fbcdn.net/images/emoji.php/v9/te0/1/16/1f31f.png" alt="🌟" width="16" height="16"></span>  Dies ist der große Höhepunkt des 7. litauischen Kinder- und Jugendchor-Wettbewerbs „We &#8211; Children of Lithuania“.</div>
<div class="x11i5rnm xat24cr x1mh8g0r x1vvkbs xtlvy1s"><span class="html-span xexx8yu x4uap5 x18d9i69 xkhd6sd x1hl2dhg x16tdsg8 x1vvkbs x3nfvp2 x1j61x8r x1fcty0u xdj266r xat24cr xgzva0m xhhsvwb xxymvpz xlup9mm x1kky2od"><img decoding="async" class="xz74otr x168nmei x13lgxp2 x5pf9jr xo71vjh" src="https://static.xx.fbcdn.net/images/emoji.php/v9/t7e/1/16/1f3a4.png" alt="🎤" width="16" height="16"></span>  Mehr als 225 Ensembles und über 5.600 junge Chorsänger, Tänzer und Musiker aus 58 Städten und Gemeinden in Litauen &#8211; von den größten Zentren bis zu den kleinsten Gemeinden &#8211; werden auf der Bühne stehen:<br class="html-br">Akmenė, Biržai, Bukiškis, Dituva, Dovilai, Elektrėnai, Gargždai, Jurbarkas, Kaunas, Kazlų Rūda, Kėdainiai, Kelmė, Kybartai, Kintai, Klaipėda, Krekenava, Kretinga, Kretingale, Kretinga, Kruonis, Kudirkos Naumiestis, Kupiškis, Kvėdarna, Laukuva, Marijampolė, Mažeikiai, Molėtai, Neringa, Nida, Norkaitė, Norkaičiai, Kaunas, Kaunas, Kaunas, Lithuania, Lithuania, Lithuania, Lithuania, Lithuania, Lithuania, Lithuania, Pagėgiai, Pakruojis, Palanga, Panevėžys, Pasvalys, Plungė, Priekulė, Prienai, Rokiškis, Rudamina, Salantai, Šakiai, Šaukėnai, Šiauliai, Šilalė, Šilutė, Tauragė, Telšiai, Trakai, Ukmergė, Utena, Uzpaliai, Veiviržėnai, Veiviržėnai, Venta, Vėžaičiai, Vėžaičiai, Vilkaviskis, Vilkyčiai, Vilnius, Žiežmari.</div>
<div class="x11i5rnm xat24cr x1mh8g0r x1vvkbs xtlvy1s"><span class="html-span xexx8yu x4uap5 x18d9i69 xkhd6sd x1hl2dhg x16tdsg8 x1vvkbs x3nfvp2 x1j61x8r x1fcty0u xdj266r xat24cr xgzva0m xhhsvwb xxymvpz xlup9mm x1kky2od"><img decoding="async" class="xz74otr x168nmei x13lgxp2 x5pf9jr xo71vjh" src="https://static.xx.fbcdn.net/images/emoji.php/v9/te4/1/16/1f1f1_1f1f9.png" alt="🇱🇹" width="16" height="16"></span>  Das Festival pflegt nicht nur die Traditionen des Chorgesangs, sondern dient auch als wichtige Vorbereitungsphase für das Litauische Schülerliederfestival, das 2026 stattfinden wird. </div>
<div class="x11i5rnm xat24cr x1mh8g0r x1vvkbs xtlvy1s"><span class="html-span xexx8yu x4uap5 x18d9i69 xkhd6sd x1hl2dhg x16tdsg8 x1vvkbs x3nfvp2 x1j61x8r x1fcty0u xdj266r xat24cr xgzva0m xhhsvwb xxymvpz xlup9mm x1kky2od"><img decoding="async" class="xz74otr x168nmei x13lgxp2 x5pf9jr xo71vjh" src="https://static.xx.fbcdn.net/images/emoji.php/v9/tbe/1/16/1f3c6.png" alt="🏆" width="16" height="16"></span>  Während der Veranstaltung wird der Gewinner des 7. litauischen Kinder- und Jugendchorwettbewerbs GRAND PRIX bekannt gegeben &#8211; der beste litauische Kinder- oder Jugendchor!</div>
<div class="x11i5rnm xat24cr x1mh8g0r x1vvkbs xtlvy1s"><span class="html-span xexx8yu x4uap5 x18d9i69 xkhd6sd x1hl2dhg x16tdsg8 x1vvkbs x3nfvp2 x1j61x8r x1fcty0u xdj266r xat24cr xgzva0m xhhsvwb xxymvpz xlup9mm x1kky2od"><img decoding="async" class="xz74otr x168nmei x13lgxp2 x5pf9jr xo71vjh" src="https://static.xx.fbcdn.net/images/emoji.php/v9/t3d/1/16/1f3c5.png" alt="🏅" width="16" height="16"></span>  Wir werden auch Prof. Dr. Regimantas Gudelis ehren, indem wir ihn für seinen Beitrag zur nationalen Kultur mit dem prestigeträchtigen Goldenen Vogel auszeichnen.</div>

<p>Am 8. Juni um 17.00 Uhr laden wir Sie zu einem spektakulären Fest der Chormusik ein &#8211; dem Festival der Lieder „AUGAM LIETUVAI &#8211; DAINOJ, ŠIRDY, KARTU“, das auf der Klaipėda Summer Concert Stage stattfindet! Dies ist der große Höhepunkt des 7. litauischen Kinder- und Jugendchor-Wettbewerbs „We &#8211; Children of Lithuania“. Mehr als 225 Ensembles [&hellip;]</p>
