{"id":36166,"date":"2025-07-21T12:07:06","date_gmt":"2025-07-21T09:07:06","guid":{"rendered":"https:\/\/klaipedatravel.lt\/event\/aurelius-sirgedas-konzert-akustische-nacht\/"},"modified":"2025-07-21T12:07:06","modified_gmt":"2025-07-21T09:07:06","slug":"aurelius-sirgedas-konzert-akustische-nacht","status":"publish","type":"mec-events","link":"https:\/\/klaipedatravel.lt\/de\/event\/aurelius-sirgedas-konzert-akustische-nacht\/","title":{"rendered":"Aurelius Sirgedas Konzert &#8222;Akustische Nacht&#8220;"},"content":{"rendered":"<div class=\"xdj266r x14z9mp xat24cr x1lziwak x1vvkbs\">15. August Ein besonderes akustisches Konzert von Aurelius Sirgedas, dem Leiter von SIELA, am Kap \u0160iaurinis in Klaip\u0117da unter freiem Sommerhimmel. Ein Abend mit Liedern, die in die Tiefe gehen und Geschichten, die l\u00e4nger dauern. Geh\u00f6rte und ungeh\u00f6rte Lieder, Geschichten, Gespr\u00e4che &#8211; all das erwartet Sie an einem Abend voller Kreativit\u00e4t, an dem Lieder in L\u00e4cheln und Musik in N\u00e4he verwandelt werden.   <\/div>\n<div class=\"x14z9mp xat24cr x1lziwak x1vvkbs xtlvy1s\">Aurelijus Sirgedas &#8211; Gr\u00fcnder der Band Siela, Songwriter und einer der Begr\u00fcnder des Gothic Rock in Litauen. Er begann seine musikalische Karriere 1990 in Utena und ist auch heute noch lebendig und relevant &#8211; mit seiner Sensibilit\u00e4t und Authentizit\u00e4t. <\/div>\n<div class=\"x14z9mp xat24cr x1lziwak x1vvkbs xtlvy1s\">W\u00e4hrend der Veranstaltung k\u00f6nnen Sie Vinyls, CDs und T-Shirts mit dem Verdienst der Band kaufen.<\/div>\n<div class=\"x14z9mp xat24cr x1lziwak x1vvkbs xtlvy1s\">Mehr \u00fcber Aurelijus Sirgedas und die Arbeit von Soul:<\/div>\n<div class=\"x14z9mp xat24cr x1lziwak x1vvkbs xtlvy1s\">acebook <a class=\"x1i10hfl xjbqb8w x1ejq31n x18oe1m7 x1sy0etr xstzfhl x972fbf x10w94by x1qhh985 x14e42zd x9f619 x1ypdohk xt0psk2 xe8uvvx xdj266r x14z9mp xat24cr x1lziwak xexx8yu xyri2b x18d9i69 x1c1uobl x16tdsg8 x1hl2dhg xggy1nq x1a2a7pz xkrqix3 x1sur9pj xzsf02u x1s688f\" tabindex=\"0\" role=\"link\" href=\"https:\/\/www.facebook.com\/sielaband?__cft__%5B0%5D=AZXx7reNk2nD1-oJI2OChBYBRwfuBUj_8hDZWynoA1iqmMLncfF1K9NqkRVcGoMYLaWTMNem5Ni5CNxv01F61LcmYyNBFkfqUWOGJLLzLU3pNF2f54iKS7hE7y2gQ5WGMIVRhUQ8OrNJGjFLCOpTdiXt&amp;__tn__=q\" target=\"_blank\" rel=\"noopener\"><span class=\"xt0psk2\"><span class=\"xjp7ctv\">https:\/\/www.facebook.com\/sielaband\/<\/span><\/span><\/a><\/div>\n<div class=\"x14z9mp xat24cr x1lziwak x1vvkbs xtlvy1s\">Youtube <a class=\"x1i10hfl xjbqb8w x1ejq31n x18oe1m7 x1sy0etr xstzfhl x972fbf x10w94by x1qhh985 x14e42zd x9f619 x1ypdohk xt0psk2 xe8uvvx xdj266r x14z9mp xat24cr x1lziwak xexx8yu xyri2b x18d9i69 x1c1uobl x16tdsg8 x1hl2dhg xggy1nq x1a2a7pz xkrqix3 x1sur9pj x1fey0fg x1s688f\" tabindex=\"0\" role=\"link\" href=\"https:\/\/www.youtube.com\/@sielasiela?fbclid=IwZXh0bgNhZW0CMTAAYnJpZBEwMUdveDk5V0VJRXNzVHIyVwEeWiqJyf71Ex_a5X6jpOIm6zRUZK_nj-J97LsfjIcgUNiTjj5HpJLHqgSjL1c_aem_fX_gkcy80-5amVO5OT3LLA\" target=\"_blank\" rel=\"nofollow noopener noreferrer\">www.youtube.com\/@sielasiela<\/a><\/div>\n<div class=\"x14z9mp xat24cr x1lziwak x1vvkbs xtlvy1s\">Eintrittspreis: 15\u20ac. F\u00fcr Kinder unter 10 Jahren ist der Eintritt frei.  <\/div>\n<div class=\"x14z9mp xat24cr x1lziwak x1vvkbs xtlvy1s\">Startzeit: 20 Uhr.<\/div>\n","protected":false},"excerpt":{"rendered":"<p>15. August Ein besonderes akustisches Konzert von Aurelius Sirgedas, dem Leiter von SIELA, am Kap \u0160iaurinis in Klaip\u0117da unter freiem Sommerhimmel. Ein Abend mit Liedern, die in die Tiefe gehen und Geschichten, die l\u00e4nger dauern. Geh\u00f6rte und ungeh\u00f6rte Lieder, Geschichten, Gespr\u00e4che &#8211; all das erwartet Sie an einem Abend voller Kreativit\u00e4t, an dem Lieder in [&hellip;]<\/p>\n","protected":false},"author":9,"featured_media":36130,"comment_status":"closed","ping_status":"closed","template":"","tags":[],"mec_category":[509],"class_list":["post-36166","mec-events","type-mec-events","status-publish","has-post-thumbnail","hentry","mec_category-konzerte"],"acf":[],"_links":{"self":[{"href":"https:\/\/klaipedatravel.lt\/de\/wp-json\/wp\/v2\/mec-events\/36166","targetHints":{"allow":["GET"]}}],"collection":[{"href":"https:\/\/klaipedatravel.lt\/de\/wp-json\/wp\/v2\/mec-events"}],"about":[{"href":"https:\/\/klaipedatravel.lt\/de\/wp-json\/wp\/v2\/types\/mec-events"}],"author":[{"embeddable":true,"href":"https:\/\/klaipedatravel.lt\/de\/wp-json\/wp\/v2\/users\/9"}],"replies":[{"embeddable":true,"href":"https:\/\/klaipedatravel.lt\/de\/wp-json\/wp\/v2\/comments?post=36166"}],"wp:featuredmedia":[{"embeddable":true,"href":"https:\/\/klaipedatravel.lt\/de\/wp-json\/wp\/v2\/media\/36130"}],"wp:attachment":[{"href":"https:\/\/klaipedatravel.lt\/de\/wp-json\/wp\/v2\/media?parent=36166"}],"wp:term":[{"taxonomy":"post_tag","embeddable":true,"href":"https:\/\/klaipedatravel.lt\/de\/wp-json\/wp\/v2\/tags?post=36166"},{"taxonomy":"mec_category","embeddable":true,"href":"https:\/\/klaipedatravel.lt\/de\/wp-json\/wp\/v2\/mec_category?post=36166"}],"curies":[{"name":"wp","href":"https:\/\/api.w.org\/{rel}","templated":true}]}}

<div class="xdj266r x14z9mp xat24cr x1lziwak x1vvkbs">15. August Ein besonderes akustisches Konzert von Aurelius Sirgedas, dem Leiter von SIELA, am Kap Šiaurinis in Klaipėda unter freiem Sommerhimmel. Ein Abend mit Liedern, die in die Tiefe gehen und Geschichten, die länger dauern. Gehörte und ungehörte Lieder, Geschichten, Gespräche &#8211; all das erwartet Sie an einem Abend voller Kreativität, an dem Lieder in Lächeln und Musik in Nähe verwandelt werden.   </div>
<div class="x14z9mp xat24cr x1lziwak x1vvkbs xtlvy1s">Aurelijus Sirgedas &#8211; Gründer der Band Siela, Songwriter und einer der Begründer des Gothic Rock in Litauen. Er begann seine musikalische Karriere 1990 in Utena und ist auch heute noch lebendig und relevant &#8211; mit seiner Sensibilität und Authentizität. </div>
<div class="x14z9mp xat24cr x1lziwak x1vvkbs xtlvy1s">Während der Veranstaltung können Sie Vinyls, CDs und T-Shirts mit dem Verdienst der Band kaufen.</div>
<div class="x14z9mp xat24cr x1lziwak x1vvkbs xtlvy1s">Mehr über Aurelijus Sirgedas und die Arbeit von Soul:</div>
<div class="x14z9mp xat24cr x1lziwak x1vvkbs xtlvy1s">acebook <a class="x1i10hfl xjbqb8w x1ejq31n x18oe1m7 x1sy0etr xstzfhl x972fbf x10w94by x1qhh985 x14e42zd x9f619 x1ypdohk xt0psk2 xe8uvvx xdj266r x14z9mp xat24cr x1lziwak xexx8yu xyri2b x18d9i69 x1c1uobl x16tdsg8 x1hl2dhg xggy1nq x1a2a7pz xkrqix3 x1sur9pj xzsf02u x1s688f" tabindex="0" role="link" href="https://www.facebook.com/sielaband?__cft__%5B0%5D=AZXx7reNk2nD1-oJI2OChBYBRwfuBUj_8hDZWynoA1iqmMLncfF1K9NqkRVcGoMYLaWTMNem5Ni5CNxv01F61LcmYyNBFkfqUWOGJLLzLU3pNF2f54iKS7hE7y2gQ5WGMIVRhUQ8OrNJGjFLCOpTdiXt&amp;__tn__=q" target="_blank" rel="noopener"><span class="xt0psk2"><span class="xjp7ctv">https://www.facebook.com/sielaband/</span></span></a></div>
<div class="x14z9mp xat24cr x1lziwak x1vvkbs xtlvy1s">Youtube <a class="x1i10hfl xjbqb8w x1ejq31n x18oe1m7 x1sy0etr xstzfhl x972fbf x10w94by x1qhh985 x14e42zd x9f619 x1ypdohk xt0psk2 xe8uvvx xdj266r x14z9mp xat24cr x1lziwak xexx8yu xyri2b x18d9i69 x1c1uobl x16tdsg8 x1hl2dhg xggy1nq x1a2a7pz xkrqix3 x1sur9pj x1fey0fg x1s688f" tabindex="0" role="link" href="https://www.youtube.com/@sielasiela?fbclid=IwZXh0bgNhZW0CMTAAYnJpZBEwMUdveDk5V0VJRXNzVHIyVwEeWiqJyf71Ex_a5X6jpOIm6zRUZK_nj-J97LsfjIcgUNiTjj5HpJLHqgSjL1c_aem_fX_gkcy80-5amVO5OT3LLA" target="_blank" rel="nofollow noopener noreferrer">www.youtube.com/@sielasiela</a></div>
<div class="x14z9mp xat24cr x1lziwak x1vvkbs xtlvy1s">Eintrittspreis: 15€. Für Kinder unter 10 Jahren ist der Eintritt frei.  </div>
<div class="x14z9mp xat24cr x1lziwak x1vvkbs xtlvy1s">Startzeit: 20 Uhr.</div>

<p>15. August Ein besonderes akustisches Konzert von Aurelius Sirgedas, dem Leiter von SIELA, am Kap Šiaurinis in Klaipėda unter freiem Sommerhimmel. Ein Abend mit Liedern, die in die Tiefe gehen und Geschichten, die länger dauern. Gehörte und ungehörte Lieder, Geschichten, Gespräche &#8211; all das erwartet Sie an einem Abend voller Kreativität, an dem Lieder in [&hellip;]</p>
