{"id":36279,"date":"2025-07-22T16:29:23","date_gmt":"2025-07-22T13:29:23","guid":{"rendered":"https:\/\/klaipedatravel.lt\/event\/konzert-2-meters-von-davis-und-rafails-karpis\/"},"modified":"2025-07-22T16:29:23","modified_gmt":"2025-07-22T13:29:23","slug":"konzert-2-meters-von-davis-und-rafails-karpis","status":"publish","type":"mec-events","link":"https:\/\/klaipedatravel.lt\/de\/event\/konzert-2-meters-von-davis-und-rafails-karpis\/","title":{"rendered":"Konzert &#8222;2 Meters&#8220; von Davis und Rafails Karpis"},"content":{"rendered":"<div class=\"xdj266r x14z9mp xat24cr x1lziwak x1vvkbs\">Neues lebendiges Musikduo &#8222;2 METRAI&#8220;: Deivis und Rafailas Karpis schlie\u00dfen sich zusammen<\/div>\n<div class=\"x14z9mp xat24cr x1lziwak x1vvkbs xtlvy1s\">Ein neues, fr\u00f6hliches und zweifellos urkomisches Duo tut sich in der litauischen Musikszene zusammen &#8211; der S\u00e4nger, Tenor Deividas Norvilas-Deivis und der Opernsolist, Tenor Rafailas Karpis. Im kommenden Herbst werden sie mit ihrem neuen Projekt mit dem witzigen Titel &#8222;2 METERS&#8220; in bis zu vierzehn litauischen St\u00e4dten auftreten und daf\u00fcr sorgen, dass dies die lustigste Show des ganzen Jahres wird. <\/div>\n<div class=\"x14z9mp xat24cr x1lziwak x1vvkbs xtlvy1s\">Das Projekt &#8222;2 METERS&#8220; ist eine einzigartige Auff\u00fchrung voller Humor und origineller musikalischer Interpretationen, bei der das Publikum nicht nur lustige Arrangements beliebter Lieder, sondern auch eigens f\u00fcr diese Auff\u00fchrungen geschriebene Originallieder zu h\u00f6ren bekommt. Dies ist nicht nur ein Konzert, sondern auch eine Kom\u00f6die, eine Performance und eine Improvisation in einem. <\/div>\n<div class=\"x14z9mp xat24cr x1lziwak x1vvkbs xtlvy1s\">&#8222;Wir sind seit vielen Jahren befreundet &#8211; wir haben zusammen an der Litauischen Akademie f\u00fcr Musik und Theater studiert, sind durch dieselben G\u00e4nge gegangen, haben die gleichen Pr\u00fcfungen abgelegt. Sp\u00e4ter trafen wir uns in verschiedenen Projekten, traten auf denselben B\u00fchnen und in denselben Fernsehshows auf. Wir haben beide eine \u00e4hnliche Komplexit\u00e4t und verstehen uns sehr gut, so dass die Idee eines Duos aufkam. Schlie\u00dflich sprachen wir vor genau einem Jahr \u00f6ffentlich dar\u00fcber &#8211; bei Dreharbeiten f\u00fcr die Fernsehkameras versprachen wir, das Projekt &#8222;2 METERS&#8220; bald zu pr\u00e4sentieren&#8220;, sagen die Darsteller \u00fcber den Beginn des neuen Duos.   <\/div>\n<div class=\"x14z9mp xat24cr x1lziwak x1vvkbs xtlvy1s\">Bei dieser lebhaften Konzerttournee, die am 19. Oktober beginnt, versprechen Deivis und Rafailas, ihr Bestes zu geben, aber vor allem &#8211; mit einer guten Portion Humor. <\/div>\n<div class=\"x14z9mp xat24cr x1lziwak x1vvkbs xtlvy1s\">&#8222;Wir werden versuchen, die Zuh\u00f6rer mit originellen, speziell f\u00fcr das Programm von 2 METRAI geschaffenen Liedern zu \u00fcberraschen und m\u00f6glichst viele bunte, fr\u00f6hliche und bekannte Lieder auszuw\u00e4hlen, die das Programm erg\u00e4nzen. Das Wichtigste f\u00fcr uns ist, daf\u00fcr zu sorgen, dass das Publikum Spa\u00df hat und das L\u00e4cheln nicht aus den Gesichtern verschwindet&#8220;, sagen sie. <\/div>\n","protected":false},"excerpt":{"rendered":"<p>Neues lebendiges Musikduo &#8222;2 METRAI&#8220;: Deivis und Rafailas Karpis schlie\u00dfen sich zusammen Ein neues, fr\u00f6hliches und zweifellos urkomisches Duo tut sich in der litauischen Musikszene zusammen &#8211; der S\u00e4nger, Tenor Deividas Norvilas-Deivis und der Opernsolist, Tenor Rafailas Karpis. Im kommenden Herbst werden sie mit ihrem neuen Projekt mit dem witzigen Titel &#8222;2 METERS&#8220; in bis [&hellip;]<\/p>\n","protected":false},"author":9,"featured_media":36256,"comment_status":"closed","ping_status":"closed","template":"","tags":[],"mec_category":[509],"class_list":["post-36279","mec-events","type-mec-events","status-publish","has-post-thumbnail","hentry","mec_category-konzerte"],"acf":[],"_links":{"self":[{"href":"https:\/\/klaipedatravel.lt\/de\/wp-json\/wp\/v2\/mec-events\/36279","targetHints":{"allow":["GET"]}}],"collection":[{"href":"https:\/\/klaipedatravel.lt\/de\/wp-json\/wp\/v2\/mec-events"}],"about":[{"href":"https:\/\/klaipedatravel.lt\/de\/wp-json\/wp\/v2\/types\/mec-events"}],"author":[{"embeddable":true,"href":"https:\/\/klaipedatravel.lt\/de\/wp-json\/wp\/v2\/users\/9"}],"replies":[{"embeddable":true,"href":"https:\/\/klaipedatravel.lt\/de\/wp-json\/wp\/v2\/comments?post=36279"}],"wp:featuredmedia":[{"embeddable":true,"href":"https:\/\/klaipedatravel.lt\/de\/wp-json\/wp\/v2\/media\/36256"}],"wp:attachment":[{"href":"https:\/\/klaipedatravel.lt\/de\/wp-json\/wp\/v2\/media?parent=36279"}],"wp:term":[{"taxonomy":"post_tag","embeddable":true,"href":"https:\/\/klaipedatravel.lt\/de\/wp-json\/wp\/v2\/tags?post=36279"},{"taxonomy":"mec_category","embeddable":true,"href":"https:\/\/klaipedatravel.lt\/de\/wp-json\/wp\/v2\/mec_category?post=36279"}],"curies":[{"name":"wp","href":"https:\/\/api.w.org\/{rel}","templated":true}]}}

<div class="xdj266r x14z9mp xat24cr x1lziwak x1vvkbs">Neues lebendiges Musikduo &#8222;2 METRAI&#8220;: Deivis und Rafailas Karpis schließen sich zusammen</div>
<div class="x14z9mp xat24cr x1lziwak x1vvkbs xtlvy1s">Ein neues, fröhliches und zweifellos urkomisches Duo tut sich in der litauischen Musikszene zusammen &#8211; der Sänger, Tenor Deividas Norvilas-Deivis und der Opernsolist, Tenor Rafailas Karpis. Im kommenden Herbst werden sie mit ihrem neuen Projekt mit dem witzigen Titel &#8222;2 METERS&#8220; in bis zu vierzehn litauischen Städten auftreten und dafür sorgen, dass dies die lustigste Show des ganzen Jahres wird. </div>
<div class="x14z9mp xat24cr x1lziwak x1vvkbs xtlvy1s">Das Projekt &#8222;2 METERS&#8220; ist eine einzigartige Aufführung voller Humor und origineller musikalischer Interpretationen, bei der das Publikum nicht nur lustige Arrangements beliebter Lieder, sondern auch eigens für diese Aufführungen geschriebene Originallieder zu hören bekommt. Dies ist nicht nur ein Konzert, sondern auch eine Komödie, eine Performance und eine Improvisation in einem. </div>
<div class="x14z9mp xat24cr x1lziwak x1vvkbs xtlvy1s">&#8222;Wir sind seit vielen Jahren befreundet &#8211; wir haben zusammen an der Litauischen Akademie für Musik und Theater studiert, sind durch dieselben Gänge gegangen, haben die gleichen Prüfungen abgelegt. Später trafen wir uns in verschiedenen Projekten, traten auf denselben Bühnen und in denselben Fernsehshows auf. Wir haben beide eine ähnliche Komplexität und verstehen uns sehr gut, so dass die Idee eines Duos aufkam. Schließlich sprachen wir vor genau einem Jahr öffentlich darüber &#8211; bei Dreharbeiten für die Fernsehkameras versprachen wir, das Projekt &#8222;2 METERS&#8220; bald zu präsentieren&#8220;, sagen die Darsteller über den Beginn des neuen Duos.   </div>
<div class="x14z9mp xat24cr x1lziwak x1vvkbs xtlvy1s">Bei dieser lebhaften Konzerttournee, die am 19. Oktober beginnt, versprechen Deivis und Rafailas, ihr Bestes zu geben, aber vor allem &#8211; mit einer guten Portion Humor. </div>
<div class="x14z9mp xat24cr x1lziwak x1vvkbs xtlvy1s">&#8222;Wir werden versuchen, die Zuhörer mit originellen, speziell für das Programm von 2 METRAI geschaffenen Liedern zu überraschen und möglichst viele bunte, fröhliche und bekannte Lieder auszuwählen, die das Programm ergänzen. Das Wichtigste für uns ist, dafür zu sorgen, dass das Publikum Spaß hat und das Lächeln nicht aus den Gesichtern verschwindet&#8220;, sagen sie. </div>

<p>Neues lebendiges Musikduo &#8222;2 METRAI&#8220;: Deivis und Rafailas Karpis schließen sich zusammen Ein neues, fröhliches und zweifellos urkomisches Duo tut sich in der litauischen Musikszene zusammen &#8211; der Sänger, Tenor Deividas Norvilas-Deivis und der Opernsolist, Tenor Rafailas Karpis. Im kommenden Herbst werden sie mit ihrem neuen Projekt mit dem witzigen Titel &#8222;2 METERS&#8220; in bis [&hellip;]</p>
