{"id":36722,"date":"2025-08-06T09:46:40","date_gmt":"2025-08-06T06:46:40","guid":{"rendered":"https:\/\/klaipedatravel.lt\/event\/konzert-von-sauliaus-jazz-trio\/"},"modified":"2025-08-06T09:46:40","modified_gmt":"2025-08-06T06:46:40","slug":"konzert-von-sauliaus-jazz-trio","status":"publish","type":"mec-events","link":"https:\/\/klaipedatravel.lt\/de\/event\/konzert-von-sauliaus-jazz-trio\/","title":{"rendered":"Konzert von Sauliaus Jazz Trio"},"content":{"rendered":"<div class=\"xdj266r x14z9mp xat24cr x1lziwak x1vvkbs\">8. August, 21:00 &#8211; Wir laden Sie zu einem Jazz-Abend in Kurpiai ein<\/div>\n<div class=\"x14z9mp xat24cr x1lziwak x1vvkbs xtlvy1s\">Sauliaus Jazz Trio, dessen Musik Sie einl\u00e4dt, innezuhalten und jeden Akkord zu genie\u00dfen. Es ist eine subtile Kombination aus Jazz, Improvisation und Professionalit\u00e4t, die mit drei unterschiedlichen, aber perfekt aufeinander abgestimmten Stimmen geschaffen wurde. <\/div>\n<div class=\"x14z9mp xat24cr x1lziwak x1vvkbs xtlvy1s\"><span class=\"html-span xexx8yu xyri2b x18d9i69 x1c1uobl x1hl2dhg x16tdsg8 x1vvkbs x3nfvp2 x1j61x8r x1fcty0u xdj266r xat24cr xm2jcoa x1mpyi22 xxymvpz xlup9mm x1kky2od\"><img decoding=\"async\" class=\"xz74otr x15mokao x1ga7v0g x16uus16 xbiv7yw\" src=\"https:\/\/static.xx.fbcdn.net\/images\/emoji.php\/v9\/ta2\/1\/16\/1f3b9.png\" alt=\"\ud83c\udfb9\" width=\"16\" height=\"16\"><\/span>  Saulius \u0160iau\u010diulis &#8211; Keyboards<br class=\"html-br\"><span class=\"html-span xexx8yu xyri2b x18d9i69 x1c1uobl x1hl2dhg x16tdsg8 x1vvkbs x3nfvp2 x1j61x8r x1fcty0u xdj266r xat24cr xm2jcoa x1mpyi22 xxymvpz xlup9mm x1kky2od\"><img decoding=\"async\" class=\"xz74otr x15mokao x1ga7v0g x16uus16 xbiv7yw\" src=\"https:\/\/static.xx.fbcdn.net\/images\/emoji.php\/v9\/t8e\/1\/16\/1f941.png\" alt=\"\ud83e\udd41\" width=\"16\" height=\"16\"><\/span> Edmundas Federavicius &#8211; Schlagzeug<br class=\"html-br\"><span class=\"html-span xexx8yu xyri2b x18d9i69 x1c1uobl x1hl2dhg x16tdsg8 x1vvkbs x3nfvp2 x1j61x8r x1fcty0u xdj266r xat24cr xm2jcoa x1mpyi22 xxymvpz xlup9mm x1kky2od\"><img decoding=\"async\" class=\"xz74otr x15mokao x1ga7v0g x16uus16 xbiv7yw\" src=\"https:\/\/static.xx.fbcdn.net\/images\/emoji.php\/v9\/t4b\/1\/16\/1f3bb.png\" alt=\"\ud83c\udfbb\" width=\"16\" height=\"16\"><\/span> Juozas Staniulis &#8211; elektrische Geige<\/div>\n<div class=\"x14z9mp xat24cr x1lziwak x1vvkbs xtlvy1s\">Ein Abend mit gem\u00fctlicher Musik f\u00fcr alle, die Atmosph\u00e4re, Qualit\u00e4t und Live-Sound sch\u00e4tzen.<\/div>\n<div class=\"x14z9mp xat24cr x1lziwak x1vvkbs xtlvy1s\"><span class=\"html-span xexx8yu xyri2b x18d9i69 x1c1uobl x1hl2dhg x16tdsg8 x1vvkbs x3nfvp2 x1j61x8r x1fcty0u xdj266r xat24cr xm2jcoa x1mpyi22 xxymvpz xlup9mm x1kky2od\"><img decoding=\"async\" class=\"xz74otr x15mokao x1ga7v0g x16uus16 xbiv7yw\" src=\"https:\/\/static.xx.fbcdn.net\/images\/emoji.php\/v9\/t2d\/1\/16\/1f4cd.png\" alt=\"\ud83d\udccd\" width=\"16\" height=\"16\"><\/span>  Kurpiai Jazz Restoclub, Kurpi\u0173 g. 1A, Klaip\u0117da<br class=\"html-br\"><span class=\"html-span xexx8yu xyri2b x18d9i69 x1c1uobl x1hl2dhg x16tdsg8 x1vvkbs x3nfvp2 x1j61x8r x1fcty0u xdj266r xat24cr xm2jcoa x1mpyi22 xxymvpz xlup9mm x1kky2od\"><img decoding=\"async\" class=\"xz74otr x15mokao x1ga7v0g x16uus16 xbiv7yw\" src=\"https:\/\/static.xx.fbcdn.net\/images\/emoji.php\/v9\/t4d\/1\/16\/1f4de.png\" alt=\"\ud83d\udcde\" width=\"16\" height=\"16\"><\/span>  Tischreservierung: +370 610 36136<\/div>\n","protected":false},"excerpt":{"rendered":"<p>8. August, 21:00 &#8211; Wir laden Sie zu einem Jazz-Abend in Kurpiai ein Sauliaus Jazz Trio, dessen Musik Sie einl\u00e4dt, innezuhalten und jeden Akkord zu genie\u00dfen. Es ist eine subtile Kombination aus Jazz, Improvisation und Professionalit\u00e4t, die mit drei unterschiedlichen, aber perfekt aufeinander abgestimmten Stimmen geschaffen wurde. Saulius \u0160iau\u010diulis &#8211; Keyboards Edmundas Federavicius &#8211; Schlagzeug [&hellip;]<\/p>\n","protected":false},"author":9,"featured_media":36653,"comment_status":"closed","ping_status":"closed","template":"","tags":[],"mec_category":[509],"class_list":["post-36722","mec-events","type-mec-events","status-publish","has-post-thumbnail","hentry","mec_category-konzerte"],"acf":[],"_links":{"self":[{"href":"https:\/\/klaipedatravel.lt\/de\/wp-json\/wp\/v2\/mec-events\/36722","targetHints":{"allow":["GET"]}}],"collection":[{"href":"https:\/\/klaipedatravel.lt\/de\/wp-json\/wp\/v2\/mec-events"}],"about":[{"href":"https:\/\/klaipedatravel.lt\/de\/wp-json\/wp\/v2\/types\/mec-events"}],"author":[{"embeddable":true,"href":"https:\/\/klaipedatravel.lt\/de\/wp-json\/wp\/v2\/users\/9"}],"replies":[{"embeddable":true,"href":"https:\/\/klaipedatravel.lt\/de\/wp-json\/wp\/v2\/comments?post=36722"}],"wp:featuredmedia":[{"embeddable":true,"href":"https:\/\/klaipedatravel.lt\/de\/wp-json\/wp\/v2\/media\/36653"}],"wp:attachment":[{"href":"https:\/\/klaipedatravel.lt\/de\/wp-json\/wp\/v2\/media?parent=36722"}],"wp:term":[{"taxonomy":"post_tag","embeddable":true,"href":"https:\/\/klaipedatravel.lt\/de\/wp-json\/wp\/v2\/tags?post=36722"},{"taxonomy":"mec_category","embeddable":true,"href":"https:\/\/klaipedatravel.lt\/de\/wp-json\/wp\/v2\/mec_category?post=36722"}],"curies":[{"name":"wp","href":"https:\/\/api.w.org\/{rel}","templated":true}]}}

<div class="xdj266r x14z9mp xat24cr x1lziwak x1vvkbs">8. August, 21:00 &#8211; Wir laden Sie zu einem Jazz-Abend in Kurpiai ein</div>
<div class="x14z9mp xat24cr x1lziwak x1vvkbs xtlvy1s">Sauliaus Jazz Trio, dessen Musik Sie einlädt, innezuhalten und jeden Akkord zu genießen. Es ist eine subtile Kombination aus Jazz, Improvisation und Professionalität, die mit drei unterschiedlichen, aber perfekt aufeinander abgestimmten Stimmen geschaffen wurde. </div>
<div class="x14z9mp xat24cr x1lziwak x1vvkbs xtlvy1s"><span class="html-span xexx8yu xyri2b x18d9i69 x1c1uobl x1hl2dhg x16tdsg8 x1vvkbs x3nfvp2 x1j61x8r x1fcty0u xdj266r xat24cr xm2jcoa x1mpyi22 xxymvpz xlup9mm x1kky2od"><img decoding="async" class="xz74otr x15mokao x1ga7v0g x16uus16 xbiv7yw" src="https://static.xx.fbcdn.net/images/emoji.php/v9/ta2/1/16/1f3b9.png" alt="🎹" width="16" height="16"></span>  Saulius Šiaučiulis &#8211; Keyboards<br class="html-br"><span class="html-span xexx8yu xyri2b x18d9i69 x1c1uobl x1hl2dhg x16tdsg8 x1vvkbs x3nfvp2 x1j61x8r x1fcty0u xdj266r xat24cr xm2jcoa x1mpyi22 xxymvpz xlup9mm x1kky2od"><img decoding="async" class="xz74otr x15mokao x1ga7v0g x16uus16 xbiv7yw" src="https://static.xx.fbcdn.net/images/emoji.php/v9/t8e/1/16/1f941.png" alt="🥁" width="16" height="16"></span> Edmundas Federavicius &#8211; Schlagzeug<br class="html-br"><span class="html-span xexx8yu xyri2b x18d9i69 x1c1uobl x1hl2dhg x16tdsg8 x1vvkbs x3nfvp2 x1j61x8r x1fcty0u xdj266r xat24cr xm2jcoa x1mpyi22 xxymvpz xlup9mm x1kky2od"><img decoding="async" class="xz74otr x15mokao x1ga7v0g x16uus16 xbiv7yw" src="https://static.xx.fbcdn.net/images/emoji.php/v9/t4b/1/16/1f3bb.png" alt="🎻" width="16" height="16"></span> Juozas Staniulis &#8211; elektrische Geige</div>
<div class="x14z9mp xat24cr x1lziwak x1vvkbs xtlvy1s">Ein Abend mit gemütlicher Musik für alle, die Atmosphäre, Qualität und Live-Sound schätzen.</div>
<div class="x14z9mp xat24cr x1lziwak x1vvkbs xtlvy1s"><span class="html-span xexx8yu xyri2b x18d9i69 x1c1uobl x1hl2dhg x16tdsg8 x1vvkbs x3nfvp2 x1j61x8r x1fcty0u xdj266r xat24cr xm2jcoa x1mpyi22 xxymvpz xlup9mm x1kky2od"><img decoding="async" class="xz74otr x15mokao x1ga7v0g x16uus16 xbiv7yw" src="https://static.xx.fbcdn.net/images/emoji.php/v9/t2d/1/16/1f4cd.png" alt="📍" width="16" height="16"></span>  Kurpiai Jazz Restoclub, Kurpių g. 1A, Klaipėda<br class="html-br"><span class="html-span xexx8yu xyri2b x18d9i69 x1c1uobl x1hl2dhg x16tdsg8 x1vvkbs x3nfvp2 x1j61x8r x1fcty0u xdj266r xat24cr xm2jcoa x1mpyi22 xxymvpz xlup9mm x1kky2od"><img decoding="async" class="xz74otr x15mokao x1ga7v0g x16uus16 xbiv7yw" src="https://static.xx.fbcdn.net/images/emoji.php/v9/t4d/1/16/1f4de.png" alt="📞" width="16" height="16"></span>  Tischreservierung: +370 610 36136</div>

<p>8. August, 21:00 &#8211; Wir laden Sie zu einem Jazz-Abend in Kurpiai ein Sauliaus Jazz Trio, dessen Musik Sie einlädt, innezuhalten und jeden Akkord zu genießen. Es ist eine subtile Kombination aus Jazz, Improvisation und Professionalität, die mit drei unterschiedlichen, aber perfekt aufeinander abgestimmten Stimmen geschaffen wurde. Saulius Šiaučiulis &#8211; Keyboards Edmundas Federavicius &#8211; Schlagzeug [&hellip;]</p>
