{"id":37291,"date":"2025-08-25T17:56:15","date_gmt":"2025-08-25T14:56:15","guid":{"rendered":"https:\/\/klaipedatravel.lt\/event\/inktr25-festival-abschluss-literarische-spots-von-der-experimentellen-jazzgruppe-chalat-jazz\/"},"modified":"2025-08-25T17:56:15","modified_gmt":"2025-08-25T14:56:15","slug":"inktr25-festival-abschluss-literarische-spots-von-der-experimentellen-jazzgruppe-chalat-jazz","status":"publish","type":"mec-events","link":"https:\/\/klaipedatravel.lt\/de\/event\/inktr25-festival-abschluss-literarische-spots-von-der-experimentellen-jazzgruppe-chalat-jazz\/","title":{"rendered":"INKTR&#8217;25 Festival Abschluss. Literarische Spots von der experimentellen Jazzgruppe Chalat Jazz"},"content":{"rendered":"<div class=\"xdj266r x14z9mp xat24cr x1lziwak x1vvkbs\">Zum kr\u00f6nenden Abschluss der Inkulturation l\u00e4dt Chalat Jazz Sie in eine Ecke ein, die sich mit der gem\u00fctlichen und ungem\u00fctlichen oder weder gem\u00fctlichen noch ungem\u00fctlichen Stille des Redens oder der Stille des Nicht-Redens \u00f6ffnen wird. Doch das Leben geht weiter, und es geht immer gut; selbst wenn es schlecht l\u00e4uft, geht die Zeit gut. Wir versprechen Ihnen: die karikaturistischen, kontrastreichen und humorvollen Texte von Chalat Jazz werden barock klingen.  <\/div>\n<div class=\"x14z9mp xat24cr x1lziwak x1vvkbs xtlvy1s\">Teilnehmer: Danielius Skeivelas (Gitarre); Martynas Sto\u0161kus (Schlagzeug); Faustas Gasperavi\u010dius (Saxophon); Lukas Yla (Bassgitarre); Marius Mockevi\u010dius (Gesang).<\/div>\n<div class=\"x14z9mp xat24cr x1lziwak x1vvkbs xtlvy1s\">Veranstaltungsort: Veranstaltungsraum &#8222;Herkus Kantas&#8220; (Naujoji Uosto g. 3)<\/div>\n<div class=\"x14z9mp xat24cr x1lziwak x1vvkbs xtlvy1s\">Veranstaltungspartner:<br class=\"html-br\">Veranstaltungsraum &#8222;Herkus Kantas&#8220;<\/div>\n<div class=\"x14z9mp xat24cr x1lziwak x1vvkbs xtlvy1s\">&#8212;&#8212;&#8212;&#8212;&#8212;&#8212;&#8212;&#8211;<\/div>\n<div class=\"x14z9mp xat24cr x1lziwak x1vvkbs xtlvy1s\">Organisiert von:<br class=\"html-br\">Klaip\u0117da Landkreis Ievos Simonaityt\u0117 \u00d6ffentliche Bibliothek<\/div>\n<div class=\"x14z9mp xat24cr x1lziwak x1vvkbs xtlvy1s\">Gef\u00f6rdert durch:<br class=\"html-br\">Litauischer Kulturrat<br class=\"html-br\">Schweizer Kulturstiftung &#8222;Pro Helvetia&#8220;<br class=\"html-br\">Europ\u00e4ische Kommission<\/div>\n<div class=\"x14z9mp xat24cr x1lziwak x1vvkbs xtlvy1s\">Informationssponsor:<br class=\"html-br\">Tageszeitung und Portal &#8222;Klaip\u0117da&#8220;<\/div>\n<div class=\"x14z9mp xat24cr x1lziwak x1vvkbs xtlvy1s\">Pr\u00e4sentiert von:<br class=\"html-br\">Stadtverwaltung Klaip\u0117da<br class=\"html-br\">Kultur Hafen Klaip\u0117da<\/div>\n","protected":false},"excerpt":{"rendered":"<p>Zum kr\u00f6nenden Abschluss der Inkulturation l\u00e4dt Chalat Jazz Sie in eine Ecke ein, die sich mit der gem\u00fctlichen und ungem\u00fctlichen oder weder gem\u00fctlichen noch ungem\u00fctlichen Stille des Redens oder der Stille des Nicht-Redens \u00f6ffnen wird. Doch das Leben geht weiter, und es geht immer gut; selbst wenn es schlecht l\u00e4uft, geht die Zeit gut. Wir [&hellip;]<\/p>\n","protected":false},"author":9,"featured_media":37286,"comment_status":"closed","ping_status":"closed","template":"","tags":[],"mec_category":[509],"class_list":["post-37291","mec-events","type-mec-events","status-publish","has-post-thumbnail","hentry","mec_category-konzerte"],"acf":[],"_links":{"self":[{"href":"https:\/\/klaipedatravel.lt\/de\/wp-json\/wp\/v2\/mec-events\/37291","targetHints":{"allow":["GET"]}}],"collection":[{"href":"https:\/\/klaipedatravel.lt\/de\/wp-json\/wp\/v2\/mec-events"}],"about":[{"href":"https:\/\/klaipedatravel.lt\/de\/wp-json\/wp\/v2\/types\/mec-events"}],"author":[{"embeddable":true,"href":"https:\/\/klaipedatravel.lt\/de\/wp-json\/wp\/v2\/users\/9"}],"replies":[{"embeddable":true,"href":"https:\/\/klaipedatravel.lt\/de\/wp-json\/wp\/v2\/comments?post=37291"}],"wp:featuredmedia":[{"embeddable":true,"href":"https:\/\/klaipedatravel.lt\/de\/wp-json\/wp\/v2\/media\/37286"}],"wp:attachment":[{"href":"https:\/\/klaipedatravel.lt\/de\/wp-json\/wp\/v2\/media?parent=37291"}],"wp:term":[{"taxonomy":"post_tag","embeddable":true,"href":"https:\/\/klaipedatravel.lt\/de\/wp-json\/wp\/v2\/tags?post=37291"},{"taxonomy":"mec_category","embeddable":true,"href":"https:\/\/klaipedatravel.lt\/de\/wp-json\/wp\/v2\/mec_category?post=37291"}],"curies":[{"name":"wp","href":"https:\/\/api.w.org\/{rel}","templated":true}]}}

<div class="xdj266r x14z9mp xat24cr x1lziwak x1vvkbs">Zum krönenden Abschluss der Inkulturation lädt Chalat Jazz Sie in eine Ecke ein, die sich mit der gemütlichen und ungemütlichen oder weder gemütlichen noch ungemütlichen Stille des Redens oder der Stille des Nicht-Redens öffnen wird. Doch das Leben geht weiter, und es geht immer gut; selbst wenn es schlecht läuft, geht die Zeit gut. Wir versprechen Ihnen: die karikaturistischen, kontrastreichen und humorvollen Texte von Chalat Jazz werden barock klingen.  </div>
<div class="x14z9mp xat24cr x1lziwak x1vvkbs xtlvy1s">Teilnehmer: Danielius Skeivelas (Gitarre); Martynas Stoškus (Schlagzeug); Faustas Gasperavičius (Saxophon); Lukas Yla (Bassgitarre); Marius Mockevičius (Gesang).</div>
<div class="x14z9mp xat24cr x1lziwak x1vvkbs xtlvy1s">Veranstaltungsort: Veranstaltungsraum &#8222;Herkus Kantas&#8220; (Naujoji Uosto g. 3)</div>
<div class="x14z9mp xat24cr x1lziwak x1vvkbs xtlvy1s">Veranstaltungspartner:<br class="html-br">Veranstaltungsraum &#8222;Herkus Kantas&#8220;</div>
<div class="x14z9mp xat24cr x1lziwak x1vvkbs xtlvy1s">&#8212;&#8212;&#8212;&#8212;&#8212;&#8212;&#8212;&#8211;</div>
<div class="x14z9mp xat24cr x1lziwak x1vvkbs xtlvy1s">Organisiert von:<br class="html-br">Klaipėda Landkreis Ievos Simonaitytė Öffentliche Bibliothek</div>
<div class="x14z9mp xat24cr x1lziwak x1vvkbs xtlvy1s">Gefördert durch:<br class="html-br">Litauischer Kulturrat<br class="html-br">Schweizer Kulturstiftung &#8222;Pro Helvetia&#8220;<br class="html-br">Europäische Kommission</div>
<div class="x14z9mp xat24cr x1lziwak x1vvkbs xtlvy1s">Informationssponsor:<br class="html-br">Tageszeitung und Portal &#8222;Klaipėda&#8220;</div>
<div class="x14z9mp xat24cr x1lziwak x1vvkbs xtlvy1s">Präsentiert von:<br class="html-br">Stadtverwaltung Klaipėda<br class="html-br">Kultur Hafen Klaipėda</div>

<p>Zum krönenden Abschluss der Inkulturation lädt Chalat Jazz Sie in eine Ecke ein, die sich mit der gemütlichen und ungemütlichen oder weder gemütlichen noch ungemütlichen Stille des Redens oder der Stille des Nicht-Redens öffnen wird. Doch das Leben geht weiter, und es geht immer gut; selbst wenn es schlecht läuft, geht die Zeit gut. Wir [&hellip;]</p>
