{"id":37334,"date":"2025-08-22T17:13:45","date_gmt":"2025-08-22T14:13:45","guid":{"rendered":"https:\/\/klaipedatravel.lt\/event\/konzert-litauen\/"},"modified":"2025-08-22T17:13:45","modified_gmt":"2025-08-22T14:13:45","slug":"konzert-litauen","status":"publish","type":"mec-events","link":"https:\/\/klaipedatravel.lt\/de\/event\/konzert-litauen\/","title":{"rendered":"Konzert &#8222;Litauen&#8220;"},"content":{"rendered":"<p><strong>Litauen<\/strong><\/p>\n<p><strong> <\/strong><\/p>\n<p><strong>Cello Club Cello Quintett:<\/strong><\/p>\n<p>Povilas Jacunskas (Cello)<\/p>\n<p>Domas Jak\u0161tas (Cello)<\/p>\n<p>Arnas Kmieliauskas (Cello)<\/p>\n<p>Evaldas Petkus (Cello)<\/p>\n<p>Rokas Vaitkevi\u010dius (Cello)<\/p>\n<p><strong><br \/>\n<\/strong><strong>Vokalmusik-Ensemble &#8222;Melos&#8220;:<\/strong><\/p>\n<p><strong>Justina Leinartait\u0117 (Sopran)<\/strong><\/p>\n<p><strong>Lina Valionien\u0117 (Sopran)<\/strong><\/p>\n<p><strong> <\/strong><\/p>\n<p><strong> <\/strong><\/p>\n<p><strong>Gabriel\u0117 Jasi\u016bn\u0117 (Sopran)<\/strong><\/p>\n<p><strong> <\/strong><\/p>\n<p><strong>Viktorija \u0160edbarait\u0117 (Sopran)<\/strong><\/p>\n<p><strong>Karolina Macyt\u0117 (Bratsche)<\/strong><\/p>\n<p><strong>\u016ala Marija Barbora Zemeckyt\u0117 (Bratsche)<\/strong><\/p>\n<p><strong>Neringa Bareik\u0117 (Bratsche)<\/strong><\/p>\n<p><strong>Onut\u0117 Aleksi\u016bnait\u0117 (Bratsche)<\/strong><\/p>\n<p><strong> <\/strong><\/p>\n<p>Dirigent <strong>Karolis Variakojis<\/strong><\/p>\n<p>&nbsp;<\/p>\n<p>K\u00fcnstlerischer Leiter Gabriel\u0117 Jasi\u016bn\u0117<\/p>\n<p>&nbsp;<\/p>\n<p><strong>Programm. <\/strong>Martinaityt\u0117, A. Navickas <\/p>\n<p><strong> <\/strong><\/p>\n<p>Bei diesem Konzert erz\u00e4hlt der Klang weniger eine Geschichte, als dass er einen Zustand des Geistes er\u00f6ffnet. Das Vokalensemble <strong>Melos<\/strong> und das Cello-Quintett<strong>Cello Club<\/strong> unter der Leitung des Dirigenten <strong>Karolis Variakoas<\/strong> laden Sie zu einer meditativen Klanglandschaft ein, die ganz <strong>in monochromen Kl\u00e4ngen<\/strong> gemalt ist &#8211; wie ein ununterbrochener Ton, der an den R\u00e4ndern der Stille vibriert. Das Konzertprogramm besteht aus Werken <strong>zeitgen\u00f6ssischer litauischer Komponisten<\/strong> <strong>, die<\/strong> auf dem Album <strong>Monochrome versammelt<\/strong> sind. Sie erforschen subtile Ver\u00e4nderungen der Klangfarben und stellen innere Klangspannungen leichten intonatorischen Vibrationen gegen\u00fcber.  <\/p>\n<p>Diese Musik ist keine Hintergrundmusik, der kombinierte Klang der Celli und der menschlichen Stimme erfordert Konzentration und Zuh\u00f6ren.<\/p>\n<p>&nbsp;<\/p>\n<p><a href=\"https:\/\/www.koncertusale.lt\/event\/lietuva\/\" target=\"_blank\" rel=\"noopener\">https:\/\/www.koncertusale.lt\/event\/lietuva\/<\/a><\/p>\n","protected":false},"excerpt":{"rendered":"<p>Litauen Cello Club Cello Quintett: Povilas Jacunskas (Cello) Domas Jak\u0161tas (Cello) Arnas Kmieliauskas (Cello) Evaldas Petkus (Cello) Rokas Vaitkevi\u010dius (Cello) Vokalmusik-Ensemble &#8222;Melos&#8220;: Justina Leinartait\u0117 (Sopran) Lina Valionien\u0117 (Sopran) Gabriel\u0117 Jasi\u016bn\u0117 (Sopran) Viktorija \u0160edbarait\u0117 (Sopran) Karolina Macyt\u0117 (Bratsche) \u016ala Marija Barbora Zemeckyt\u0117 (Bratsche) Neringa Bareik\u0117 (Bratsche) Onut\u0117 Aleksi\u016bnait\u0117 (Bratsche) Dirigent Karolis Variakojis &nbsp; K\u00fcnstlerischer Leiter Gabriel\u0117 [&hellip;]<\/p>\n","protected":false},"author":9,"featured_media":37207,"comment_status":"closed","ping_status":"closed","template":"","tags":[],"mec_category":[509],"class_list":["post-37334","mec-events","type-mec-events","status-publish","has-post-thumbnail","hentry","mec_category-konzerte"],"acf":[],"_links":{"self":[{"href":"https:\/\/klaipedatravel.lt\/de\/wp-json\/wp\/v2\/mec-events\/37334","targetHints":{"allow":["GET"]}}],"collection":[{"href":"https:\/\/klaipedatravel.lt\/de\/wp-json\/wp\/v2\/mec-events"}],"about":[{"href":"https:\/\/klaipedatravel.lt\/de\/wp-json\/wp\/v2\/types\/mec-events"}],"author":[{"embeddable":true,"href":"https:\/\/klaipedatravel.lt\/de\/wp-json\/wp\/v2\/users\/9"}],"replies":[{"embeddable":true,"href":"https:\/\/klaipedatravel.lt\/de\/wp-json\/wp\/v2\/comments?post=37334"}],"wp:featuredmedia":[{"embeddable":true,"href":"https:\/\/klaipedatravel.lt\/de\/wp-json\/wp\/v2\/media\/37207"}],"wp:attachment":[{"href":"https:\/\/klaipedatravel.lt\/de\/wp-json\/wp\/v2\/media?parent=37334"}],"wp:term":[{"taxonomy":"post_tag","embeddable":true,"href":"https:\/\/klaipedatravel.lt\/de\/wp-json\/wp\/v2\/tags?post=37334"},{"taxonomy":"mec_category","embeddable":true,"href":"https:\/\/klaipedatravel.lt\/de\/wp-json\/wp\/v2\/mec_category?post=37334"}],"curies":[{"name":"wp","href":"https:\/\/api.w.org\/{rel}","templated":true}]}}

<p><strong>Litauen</strong></p>
<p><strong> </strong></p>
<p><strong>Cello Club Cello Quintett:</strong></p>
<p>Povilas Jacunskas (Cello)</p>
<p>Domas Jakštas (Cello)</p>
<p>Arnas Kmieliauskas (Cello)</p>
<p>Evaldas Petkus (Cello)</p>
<p>Rokas Vaitkevičius (Cello)</p>
<p><strong><br />
</strong><strong>Vokalmusik-Ensemble &#8222;Melos&#8220;:</strong></p>
<p><strong>Justina Leinartaitė (Sopran)</strong></p>
<p><strong>Lina Valionienė (Sopran)</strong></p>
<p><strong> </strong></p>
<p><strong> </strong></p>
<p><strong>Gabrielė Jasiūnė (Sopran)</strong></p>
<p><strong> </strong></p>
<p><strong>Viktorija Šedbaraitė (Sopran)</strong></p>
<p><strong>Karolina Macytė (Bratsche)</strong></p>
<p><strong>Ūla Marija Barbora Zemeckytė (Bratsche)</strong></p>
<p><strong>Neringa Bareikė (Bratsche)</strong></p>
<p><strong>Onutė Aleksiūnaitė (Bratsche)</strong></p>
<p><strong> </strong></p>
<p>Dirigent <strong>Karolis Variakojis</strong></p>
<p>&nbsp;</p>
<p>Künstlerischer Leiter Gabrielė Jasiūnė</p>
<p>&nbsp;</p>
<p><strong>Programm. </strong>Martinaitytė, A. Navickas </p>
<p><strong> </strong></p>
<p>Bei diesem Konzert erzählt der Klang weniger eine Geschichte, als dass er einen Zustand des Geistes eröffnet. Das Vokalensemble <strong>Melos</strong> und das Cello-Quintett<strong>Cello Club</strong> unter der Leitung des Dirigenten <strong>Karolis Variakoas</strong> laden Sie zu einer meditativen Klanglandschaft ein, die ganz <strong>in monochromen Klängen</strong> gemalt ist &#8211; wie ein ununterbrochener Ton, der an den Rändern der Stille vibriert. Das Konzertprogramm besteht aus Werken <strong>zeitgenössischer litauischer Komponisten</strong> <strong>, die</strong> auf dem Album <strong>Monochrome versammelt</strong> sind. Sie erforschen subtile Veränderungen der Klangfarben und stellen innere Klangspannungen leichten intonatorischen Vibrationen gegenüber.  </p>
<p>Diese Musik ist keine Hintergrundmusik, der kombinierte Klang der Celli und der menschlichen Stimme erfordert Konzentration und Zuhören.</p>
<p>&nbsp;</p>
<p><a href="https://www.koncertusale.lt/event/lietuva/" target="_blank" rel="noopener">https://www.koncertusale.lt/event/lietuva/</a></p>

<p>Litauen Cello Club Cello Quintett: Povilas Jacunskas (Cello) Domas Jakštas (Cello) Arnas Kmieliauskas (Cello) Evaldas Petkus (Cello) Rokas Vaitkevičius (Cello) Vokalmusik-Ensemble &#8222;Melos&#8220;: Justina Leinartaitė (Sopran) Lina Valionienė (Sopran) Gabrielė Jasiūnė (Sopran) Viktorija Šedbaraitė (Sopran) Karolina Macytė (Bratsche) Ūla Marija Barbora Zemeckytė (Bratsche) Neringa Bareikė (Bratsche) Onutė Aleksiūnaitė (Bratsche) Dirigent Karolis Variakojis &nbsp; Künstlerischer Leiter Gabrielė [&hellip;]</p>
