{"id":37340,"date":"2025-08-21T16:50:23","date_gmt":"2025-08-21T13:50:23","guid":{"rendered":"https:\/\/klaipedatravel.lt\/event\/2-internationales-festival-der-orchester\/"},"modified":"2025-08-21T16:50:23","modified_gmt":"2025-08-21T13:50:23","slug":"2-internationales-festival-der-orchester","status":"publish","type":"mec-events","link":"https:\/\/klaipedatravel.lt\/de\/event\/2-internationales-festival-der-orchester\/","title":{"rendered":"2. Internationales Festival der Orchester"},"content":{"rendered":"<div class=\"xdj266r x14z9mp xat24cr x1lziwak x1vvkbs\">Das 2. Internationale Festival der Orchester kehrt zur\u00fcck und l\u00e4dt Einwohner und Besucher ein, in den Wirbel der Orchesterkl\u00e4nge einzutauchen. Am 5. und 6. September treffen sich professionelle und Jugendorchester aus Litauen und Lettland auf den Pl\u00e4tzen und Quais der Stadt, begleitet von Solistenstimmen und choreografischen Elementen. <\/div>\n<div class=\"x14z9mp xat24cr x1lziwak x1vvkbs xtlvy1s\">PROGRAMM<\/div>\n<div class=\"x14z9mp xat24cr x1lziwak x1vvkbs xtlvy1s\">5 SEPTEMBER (Freitag)<\/div>\n<div class=\"x14z9mp xat24cr x1lziwak x1vvkbs xtlvy1s\">18 Uhr. ER\u00d6FFNUNGSKONZERT DES FESTIVALS <br class=\"html-br\"><span class=\"html-span xexx8yu xyri2b x18d9i69 x1c1uobl x1hl2dhg x16tdsg8 x1vvkbs x3nfvp2 x1j61x8r x1fcty0u xdj266r xat24cr xm2jcoa x1mpyi22 xxymvpz xlup9mm x1kky2od\"><img decoding=\"async\" class=\"xz74otr x15mokao x1ga7v0g x16uus16 xbiv7yw\" src=\"https:\/\/static.xx.fbcdn.net\/images\/emoji.php\/v9\/t2d\/1\/16\/1f4cd.png\" alt=\"\ud83d\udccd\" width=\"16\" height=\"16\"><\/span>  Klaip\u0117da Schlossplatz<br class=\"html-br\">Teilnehmer: Litauisches Luftwaffenorchester und DAGNA (Kapellmeister Hauptmann Remigijus Termin)<\/div>\n<div class=\"x14z9mp xat24cr x1lziwak x1vvkbs xtlvy1s\">6 SEPTEMBER (Samstag)<\/div>\n<div class=\"x14z9mp xat24cr x1lziwak x1vvkbs xtlvy1s\">10 val. MORGENMUSIK. Orchester wecken die Stadt auf <br class=\"html-br\"><span class=\"html-span xexx8yu xyri2b x18d9i69 x1c1uobl x1hl2dhg x16tdsg8 x1vvkbs x3nfvp2 x1j61x8r x1fcty0u xdj266r xat24cr xm2jcoa x1mpyi22 xxymvpz xlup9mm x1kky2od\"><img decoding=\"async\" class=\"xz74otr x15mokao x1ga7v0g x16uus16 xbiv7yw\" src=\"https:\/\/static.xx.fbcdn.net\/images\/emoji.php\/v9\/t2d\/1\/16\/1f4cd.png\" alt=\"\ud83d\udccd\" width=\"16\" height=\"16\"><\/span>  Alter Markt, Neuer Markt, M. Ma\u017evydas Avenue, Dragunai-Viertel, Platz bei der &#8222;Neringa&#8220;-Skulptur in der N\u00e4he von \u0160vyturys BH-Haus<\/div>\n<div class=\"x14z9mp xat24cr x1lziwak x1vvkbs xtlvy1s\">16-18 Uhr. ZWISCHEN ZWEI UFERN DER DANE. Musikalische Schlachten zwischen Orchestern  <br class=\"html-br\"><span class=\"html-span xexx8yu xyri2b x18d9i69 x1c1uobl x1hl2dhg x16tdsg8 x1vvkbs x3nfvp2 x1j61x8r x1fcty0u xdj266r xat24cr xm2jcoa x1mpyi22 xxymvpz xlup9mm x1kky2od\"><img decoding=\"async\" class=\"xz74otr x15mokao x1ga7v0g x16uus16 xbiv7yw\" src=\"https:\/\/static.xx.fbcdn.net\/images\/emoji.php\/v9\/t2d\/1\/16\/1f4cd.png\" alt=\"\ud83d\udccd\" width=\"16\" height=\"16\"><\/span>  Dan\u0117 Kai an der Bendryste Br\u00fccke<br class=\"html-br\">Die Moderatoren der Musical Fights sind Jomant\u0117 \u0160le\u017eait\u0117-Pauk\u0161t\u0117 und Justina Mikniuvien\u0117.<\/div>\n<div class=\"x14z9mp xat24cr x1lziwak x1vvkbs xtlvy1s\">19 Uhr. ABSCHLUSSKONZERT DER FESTIVALTEILNEHMER <br class=\"html-br\"><span class=\"html-span xexx8yu xyri2b x18d9i69 x1c1uobl x1hl2dhg x16tdsg8 x1vvkbs x3nfvp2 x1j61x8r x1fcty0u xdj266r xat24cr xm2jcoa x1mpyi22 xxymvpz xlup9mm x1kky2od\"><img decoding=\"async\" class=\"xz74otr x15mokao x1ga7v0g x16uus16 xbiv7yw\" src=\"https:\/\/static.xx.fbcdn.net\/images\/emoji.php\/v9\/t2d\/1\/16\/1f4cd.png\" alt=\"\ud83d\udccd\" width=\"16\" height=\"16\"><\/span>  Dane-Platz<\/div>\n<div class=\"x14z9mp xat24cr x1lziwak x1vvkbs xtlvy1s\">Festivalteilnehmer:<br class=\"html-br\">&#8211; Orchester der Lettischen Marine (Leitung: Andris Rasmanis)<br class=\"html-br\">&#8211; Orchester der Litauischen Luftwaffe (Leitung: Remigijus Terminas)<br class=\"html-br\">&#8211; Orchester der Litauischen Marine (Leitung: Andris Rasmanis) Egidijus Miknius)<br class=\"html-br\">&#8211; Orchester der Litauischen Sch\u00fctzenvereinigung \u017demaitijos \u0160auli\u0173 8. Sch\u00fctzendivision (Leiter Linas Senkus)<br class=\"html-br\">&#8211; Blasorchester der Kunstschule Plung\u0117 Mykolas Oginskis (Leiter. Art\u016bras Urnie\u017eius,   <span class=\"html-span xexx8yu xyri2b x18d9i69 x1c1uobl x1hl2dhg x16tdsg8 x1vvkbs x3nfvp2 x1j61x8r x1fcty0u xdj266r xat24cr xm2jcoa x1mpyi22 xxymvpz xlup9mm x1kky2od\"><img decoding=\"async\" class=\"xz74otr x15mokao x1ga7v0g x16uus16 xbiv7yw\" src=\"https:\/\/static.xx.fbcdn.net\/images\/emoji.php\/v9\/tc7\/1\/16\/1f483.png\" alt=\"\ud83d\udc83\" width=\"16\" height=\"16\"><\/span>  Choreografin Aida Brazdeikien\u0117)<br class=\"html-br\">&#8211; Kybartai Culture Centre Wind Orchestra &#8222;Kybartai&#8220; (Dir. Donatas Ziegoraitis,   <span class=\"html-span xexx8yu xyri2b x18d9i69 x1c1uobl x1hl2dhg x16tdsg8 x1vvkbs x3nfvp2 x1j61x8r x1fcty0u xdj266r xat24cr xm2jcoa x1mpyi22 xxymvpz xlup9mm x1kky2od\"><img decoding=\"async\" class=\"xz74otr x15mokao x1ga7v0g x16uus16 xbiv7yw\" src=\"https:\/\/static.xx.fbcdn.net\/images\/emoji.php\/v9\/tc7\/1\/16\/1f483.png\" alt=\"\ud83d\udc83\" width=\"16\" height=\"16\"><\/span>  Choreografin Greta Ziegoraitien\u0117)<br class=\"html-br\">&#8211; Solisten: Vilius Tarasovas und Violeta Tarasovien\u0117<\/div>\n<div class=\"x14z9mp xat24cr x1lziwak x1vvkbs xtlvy1s\">Konzertveranstalter Justina Mikniuvien\u0117 und Jomant\u0117 \u0160le\u017eait\u0117-Pauk\u0161t\u0117<br class=\"html-br\">Solist: Jomant\u0117 \u0160le\u017eait\u0117-Pauk\u0161t\u0117 und DAGNA<\/div>\n<div class=\"x14z9mp xat24cr x1lziwak x1vvkbs xtlvy1s\">K\u00fcnstlerischer Leiter des Festivals &#8211; Egidijus Miknius, Chefdirigent des Marineorchesters der litauischen Streitkr\u00e4fte <\/div>\n<div class=\"x14z9mp xat24cr x1lziwak x1vvkbs xtlvy1s\"><span class=\"html-span xexx8yu xyri2b x18d9i69 x1c1uobl x1hl2dhg x16tdsg8 x1vvkbs x3nfvp2 x1j61x8r x1fcty0u xdj266r xat24cr xm2jcoa x1mpyi22 xxymvpz xlup9mm x1kky2od\"><img decoding=\"async\" class=\"xz74otr x15mokao x1ga7v0g x16uus16 xbiv7yw\" src=\"https:\/\/static.xx.fbcdn.net\/images\/emoji.php\/v9\/tba\/1\/16\/1f4e3.png\" alt=\"\ud83d\udce3\" width=\"16\" height=\"16\"><\/span>  ALLE VERANSTALTUNGEN SIND KOSTENLOS<\/div>\n","protected":false},"excerpt":{"rendered":"<p>Das 2. Internationale Festival der Orchester kehrt zur\u00fcck und l\u00e4dt Einwohner und Besucher ein, in den Wirbel der Orchesterkl\u00e4nge einzutauchen. Am 5. und 6. September treffen sich professionelle und Jugendorchester aus Litauen und Lettland auf den Pl\u00e4tzen und Quais der Stadt, begleitet von Solistenstimmen und choreografischen Elementen. PROGRAMM 5 SEPTEMBER (Freitag) 18 Uhr. ER\u00d6FFNUNGSKONZERT DES [&hellip;]<\/p>\n","protected":false},"author":9,"featured_media":37186,"comment_status":"closed","ping_status":"closed","template":"","tags":[],"mec_category":[754,509],"class_list":["post-37340","mec-events","type-mec-events","status-publish","has-post-thumbnail","hentry","mec_category-festival-de","mec_category-konzerte"],"acf":[],"_links":{"self":[{"href":"https:\/\/klaipedatravel.lt\/de\/wp-json\/wp\/v2\/mec-events\/37340","targetHints":{"allow":["GET"]}}],"collection":[{"href":"https:\/\/klaipedatravel.lt\/de\/wp-json\/wp\/v2\/mec-events"}],"about":[{"href":"https:\/\/klaipedatravel.lt\/de\/wp-json\/wp\/v2\/types\/mec-events"}],"author":[{"embeddable":true,"href":"https:\/\/klaipedatravel.lt\/de\/wp-json\/wp\/v2\/users\/9"}],"replies":[{"embeddable":true,"href":"https:\/\/klaipedatravel.lt\/de\/wp-json\/wp\/v2\/comments?post=37340"}],"wp:featuredmedia":[{"embeddable":true,"href":"https:\/\/klaipedatravel.lt\/de\/wp-json\/wp\/v2\/media\/37186"}],"wp:attachment":[{"href":"https:\/\/klaipedatravel.lt\/de\/wp-json\/wp\/v2\/media?parent=37340"}],"wp:term":[{"taxonomy":"post_tag","embeddable":true,"href":"https:\/\/klaipedatravel.lt\/de\/wp-json\/wp\/v2\/tags?post=37340"},{"taxonomy":"mec_category","embeddable":true,"href":"https:\/\/klaipedatravel.lt\/de\/wp-json\/wp\/v2\/mec_category?post=37340"}],"curies":[{"name":"wp","href":"https:\/\/api.w.org\/{rel}","templated":true}]}}

<div class="xdj266r x14z9mp xat24cr x1lziwak x1vvkbs">Das 2. Internationale Festival der Orchester kehrt zurück und lädt Einwohner und Besucher ein, in den Wirbel der Orchesterklänge einzutauchen. Am 5. und 6. September treffen sich professionelle und Jugendorchester aus Litauen und Lettland auf den Plätzen und Quais der Stadt, begleitet von Solistenstimmen und choreografischen Elementen. </div>
<div class="x14z9mp xat24cr x1lziwak x1vvkbs xtlvy1s">PROGRAMM</div>
<div class="x14z9mp xat24cr x1lziwak x1vvkbs xtlvy1s">5 SEPTEMBER (Freitag)</div>
<div class="x14z9mp xat24cr x1lziwak x1vvkbs xtlvy1s">18 Uhr. ERÖFFNUNGSKONZERT DES FESTIVALS <br class="html-br"><span class="html-span xexx8yu xyri2b x18d9i69 x1c1uobl x1hl2dhg x16tdsg8 x1vvkbs x3nfvp2 x1j61x8r x1fcty0u xdj266r xat24cr xm2jcoa x1mpyi22 xxymvpz xlup9mm x1kky2od"><img decoding="async" class="xz74otr x15mokao x1ga7v0g x16uus16 xbiv7yw" src="https://static.xx.fbcdn.net/images/emoji.php/v9/t2d/1/16/1f4cd.png" alt="📍" width="16" height="16"></span>  Klaipėda Schlossplatz<br class="html-br">Teilnehmer: Litauisches Luftwaffenorchester und DAGNA (Kapellmeister Hauptmann Remigijus Termin)</div>
<div class="x14z9mp xat24cr x1lziwak x1vvkbs xtlvy1s">6 SEPTEMBER (Samstag)</div>
<div class="x14z9mp xat24cr x1lziwak x1vvkbs xtlvy1s">10 val. MORGENMUSIK. Orchester wecken die Stadt auf <br class="html-br"><span class="html-span xexx8yu xyri2b x18d9i69 x1c1uobl x1hl2dhg x16tdsg8 x1vvkbs x3nfvp2 x1j61x8r x1fcty0u xdj266r xat24cr xm2jcoa x1mpyi22 xxymvpz xlup9mm x1kky2od"><img decoding="async" class="xz74otr x15mokao x1ga7v0g x16uus16 xbiv7yw" src="https://static.xx.fbcdn.net/images/emoji.php/v9/t2d/1/16/1f4cd.png" alt="📍" width="16" height="16"></span>  Alter Markt, Neuer Markt, M. Mažvydas Avenue, Dragunai-Viertel, Platz bei der &#8222;Neringa&#8220;-Skulptur in der Nähe von Švyturys BH-Haus</div>
<div class="x14z9mp xat24cr x1lziwak x1vvkbs xtlvy1s">16-18 Uhr. ZWISCHEN ZWEI UFERN DER DANE. Musikalische Schlachten zwischen Orchestern  <br class="html-br"><span class="html-span xexx8yu xyri2b x18d9i69 x1c1uobl x1hl2dhg x16tdsg8 x1vvkbs x3nfvp2 x1j61x8r x1fcty0u xdj266r xat24cr xm2jcoa x1mpyi22 xxymvpz xlup9mm x1kky2od"><img decoding="async" class="xz74otr x15mokao x1ga7v0g x16uus16 xbiv7yw" src="https://static.xx.fbcdn.net/images/emoji.php/v9/t2d/1/16/1f4cd.png" alt="📍" width="16" height="16"></span>  Danė Kai an der Bendryste Brücke<br class="html-br">Die Moderatoren der Musical Fights sind Jomantė Šležaitė-Paukštė und Justina Mikniuvienė.</div>
<div class="x14z9mp xat24cr x1lziwak x1vvkbs xtlvy1s">19 Uhr. ABSCHLUSSKONZERT DER FESTIVALTEILNEHMER <br class="html-br"><span class="html-span xexx8yu xyri2b x18d9i69 x1c1uobl x1hl2dhg x16tdsg8 x1vvkbs x3nfvp2 x1j61x8r x1fcty0u xdj266r xat24cr xm2jcoa x1mpyi22 xxymvpz xlup9mm x1kky2od"><img decoding="async" class="xz74otr x15mokao x1ga7v0g x16uus16 xbiv7yw" src="https://static.xx.fbcdn.net/images/emoji.php/v9/t2d/1/16/1f4cd.png" alt="📍" width="16" height="16"></span>  Dane-Platz</div>
<div class="x14z9mp xat24cr x1lziwak x1vvkbs xtlvy1s">Festivalteilnehmer:<br class="html-br">&#8211; Orchester der Lettischen Marine (Leitung: Andris Rasmanis)<br class="html-br">&#8211; Orchester der Litauischen Luftwaffe (Leitung: Remigijus Terminas)<br class="html-br">&#8211; Orchester der Litauischen Marine (Leitung: Andris Rasmanis) Egidijus Miknius)<br class="html-br">&#8211; Orchester der Litauischen Schützenvereinigung Žemaitijos Šaulių 8. Schützendivision (Leiter Linas Senkus)<br class="html-br">&#8211; Blasorchester der Kunstschule Plungė Mykolas Oginskis (Leiter. Artūras Urniežius,   <span class="html-span xexx8yu xyri2b x18d9i69 x1c1uobl x1hl2dhg x16tdsg8 x1vvkbs x3nfvp2 x1j61x8r x1fcty0u xdj266r xat24cr xm2jcoa x1mpyi22 xxymvpz xlup9mm x1kky2od"><img decoding="async" class="xz74otr x15mokao x1ga7v0g x16uus16 xbiv7yw" src="https://static.xx.fbcdn.net/images/emoji.php/v9/tc7/1/16/1f483.png" alt="💃" width="16" height="16"></span>  Choreografin Aida Brazdeikienė)<br class="html-br">&#8211; Kybartai Culture Centre Wind Orchestra &#8222;Kybartai&#8220; (Dir. Donatas Ziegoraitis,   <span class="html-span xexx8yu xyri2b x18d9i69 x1c1uobl x1hl2dhg x16tdsg8 x1vvkbs x3nfvp2 x1j61x8r x1fcty0u xdj266r xat24cr xm2jcoa x1mpyi22 xxymvpz xlup9mm x1kky2od"><img decoding="async" class="xz74otr x15mokao x1ga7v0g x16uus16 xbiv7yw" src="https://static.xx.fbcdn.net/images/emoji.php/v9/tc7/1/16/1f483.png" alt="💃" width="16" height="16"></span>  Choreografin Greta Ziegoraitienė)<br class="html-br">&#8211; Solisten: Vilius Tarasovas und Violeta Tarasovienė</div>
<div class="x14z9mp xat24cr x1lziwak x1vvkbs xtlvy1s">Konzertveranstalter Justina Mikniuvienė und Jomantė Šležaitė-Paukštė<br class="html-br">Solist: Jomantė Šležaitė-Paukštė und DAGNA</div>
<div class="x14z9mp xat24cr x1lziwak x1vvkbs xtlvy1s">Künstlerischer Leiter des Festivals &#8211; Egidijus Miknius, Chefdirigent des Marineorchesters der litauischen Streitkräfte </div>
<div class="x14z9mp xat24cr x1lziwak x1vvkbs xtlvy1s"><span class="html-span xexx8yu xyri2b x18d9i69 x1c1uobl x1hl2dhg x16tdsg8 x1vvkbs x3nfvp2 x1j61x8r x1fcty0u xdj266r xat24cr xm2jcoa x1mpyi22 xxymvpz xlup9mm x1kky2od"><img decoding="async" class="xz74otr x15mokao x1ga7v0g x16uus16 xbiv7yw" src="https://static.xx.fbcdn.net/images/emoji.php/v9/tba/1/16/1f4e3.png" alt="📣" width="16" height="16"></span>  ALLE VERANSTALTUNGEN SIND KOSTENLOS</div>

<p>Das 2. Internationale Festival der Orchester kehrt zurück und lädt Einwohner und Besucher ein, in den Wirbel der Orchesterklänge einzutauchen. Am 5. und 6. September treffen sich professionelle und Jugendorchester aus Litauen und Lettland auf den Plätzen und Quais der Stadt, begleitet von Solistenstimmen und choreografischen Elementen. PROGRAMM 5 SEPTEMBER (Freitag) 18 Uhr. ERÖFFNUNGSKONZERT DES [&hellip;]</p>
