{"id":37906,"date":"2025-09-15T11:58:57","date_gmt":"2025-09-15T08:58:57","guid":{"rendered":"https:\/\/klaipedatravel.lt\/event\/ein-jubilaeumskonzert-60-jahrestag-des-sporttanzclubs-zuvedra\/"},"modified":"2025-09-15T11:58:57","modified_gmt":"2025-09-15T08:58:57","slug":"ein-jubilaeumskonzert-60-jahrestag-des-sporttanzclubs-zuvedra","status":"publish","type":"mec-events","link":"https:\/\/klaipedatravel.lt\/de\/event\/ein-jubilaeumskonzert-60-jahrestag-des-sporttanzclubs-zuvedra\/","title":{"rendered":"Ein Jubil\u00e4umskonzert. 60. Jahrestag des Sporttanzclubs &#8222;\u017duv\u0117dra&#8220;"},"content":{"rendered":"<div class=\"xdj266r x14z9mp xat24cr x1lziwak x1vvkbs\">Klaip\u0117da gratuliert &#8222;\u017duv\u0117dra&#8220;!<br class=\"html-br\">Am 20. September dieses Jahres veranstaltet Klaip\u0117da ein exklusives Konzert zum 60-j\u00e4hrigen Bestehen der legend\u00e4ren Klaip\u0117da Sporttanzgruppe &#8222;\u017duv\u0117dra&#8220;! Mehrere Generationen des Teams &#8211; von den ehemaligen bis zu den heutigen und zuk\u00fcnftigen \u017duv\u0117dra-T\u00e4nzern, Trainern und Darstellern &#8211; werden zusammenkommen, um das ehrenvolle Jubil\u00e4um von \u017duv\u0117dra in einer feierlichen und aufregenden Veranstaltung zu feiern.<br class=\"html-br\">\u017duv\u0117dra ist nicht nur Klaip\u0117da, nicht nur Litauen &#8211; es ist eine internationale B\u00fchne!<\/div>\n<div class=\"x14z9mp xat24cr x1lziwak x1vvkbs xtlvy1s\">Mehr als sechs Jahrzehnte lang hat die Gruppe unser Land in der ganzen Welt gefeiert, die renommiertesten B\u00fchnen geziert, viele weltbekannte T\u00e4nzer ausgebildet und unz\u00e4hlige Tanzbegeisterte inspiriert.<br class=\"html-br\">Zu diesem Anlass wird eine gro\u00dfe Anzahl von T\u00e4nzern, die mit \u017duv\u0117dra aufgewachsen sind, f\u00fcr einen Abend zur\u00fcckkehren, nicht nur um zu feiern, sondern auch um zu zeigen, dass f\u00fcr den Tanz das Konzept der Zeit nicht existiert, sondern vielmehr einen fantastisch langen Zeitraum zusammenbringt.<\/div>\n<div class=\"x14z9mp xat24cr x1lziwak x1vvkbs xtlvy1s\">Der Tagesteil des Programms wird von Wettbewerben gepr\u00e4gt sein &#8211; die st\u00e4rksten litauischen Sportt\u00e4nzer werden gegeneinander antreten, und im Abendteil des Programms werden wir die Besten der Besten sehen.<br class=\"html-br\">Der Abendteil des Konzerts wird von den ehemaligen \u017duv\u0117dra-T\u00e4nzern und den charismatischen Moderatoren Tadas Rimgaila und Linas Lap\u0117nas moderiert. Die Organisatoren des Abends laden Sie ein, in der Geschichte von \u017duv\u0117dra zu schwelgen und Sie mit unerwarteten \u00dcberraschungen, Performances und Kompositionen mit fast 100 T\u00e4nzern gleichzeitig zu \u00fcberraschen! <\/div>\n<div class=\"x14z9mp xat24cr x1lziwak x1vvkbs xtlvy1s\">Die Kost\u00fcmbildnerin Aina Zin\u010diukait\u0117 wird die Kost\u00fcmmoden der T\u00e4nzerinnen und T\u00e4nzer aus allen sechs Jahrzehnten in Erinnerung rufen, und einer der bekanntesten litauischen Interpreten &#8211; MARTYNAS KAVALIAUSKAS &#8211; wird das Publikum mit seinen leidenschaftlichen Tanzmelodien unterhalten. Gekr\u00f6nt wird das Jubil\u00e4umskonzert durch den Auftritt der G\u00e4ste aus den Niederlanden &#8211; dem lateinamerikanischen Sporttanzensemble &#8222;DSV DANCE IMPRESSION&#8220;. <\/div>\n<div class=\"x14z9mp xat24cr x1lziwak x1vvkbs xtlvy1s\">Generalsponsor der Veranstaltung Fondas Janukonis und Mano b\u016bstas<\/div>\n","protected":false},"excerpt":{"rendered":"<p>Klaip\u0117da gratuliert &#8222;\u017duv\u0117dra&#8220;!Am 20. September dieses Jahres veranstaltet Klaip\u0117da ein exklusives Konzert zum 60-j\u00e4hrigen Bestehen der legend\u00e4ren Klaip\u0117da Sporttanzgruppe &#8222;\u017duv\u0117dra&#8220;! Mehrere Generationen des Teams &#8211; von den ehemaligen bis zu den heutigen und zuk\u00fcnftigen \u017duv\u0117dra-T\u00e4nzern, Trainern und Darstellern &#8211; werden zusammenkommen, um das ehrenvolle Jubil\u00e4um von \u017duv\u0117dra in einer feierlichen und aufregenden Veranstaltung zu feiern.\u017duv\u0117dra [&hellip;]<\/p>\n","protected":false},"author":9,"featured_media":37842,"comment_status":"closed","ping_status":"closed","template":"","tags":[],"mec_category":[500],"class_list":["post-37906","mec-events","type-mec-events","status-publish","has-post-thumbnail","hentry","mec_category-tanzen"],"acf":[],"_links":{"self":[{"href":"https:\/\/klaipedatravel.lt\/de\/wp-json\/wp\/v2\/mec-events\/37906","targetHints":{"allow":["GET"]}}],"collection":[{"href":"https:\/\/klaipedatravel.lt\/de\/wp-json\/wp\/v2\/mec-events"}],"about":[{"href":"https:\/\/klaipedatravel.lt\/de\/wp-json\/wp\/v2\/types\/mec-events"}],"author":[{"embeddable":true,"href":"https:\/\/klaipedatravel.lt\/de\/wp-json\/wp\/v2\/users\/9"}],"replies":[{"embeddable":true,"href":"https:\/\/klaipedatravel.lt\/de\/wp-json\/wp\/v2\/comments?post=37906"}],"wp:featuredmedia":[{"embeddable":true,"href":"https:\/\/klaipedatravel.lt\/de\/wp-json\/wp\/v2\/media\/37842"}],"wp:attachment":[{"href":"https:\/\/klaipedatravel.lt\/de\/wp-json\/wp\/v2\/media?parent=37906"}],"wp:term":[{"taxonomy":"post_tag","embeddable":true,"href":"https:\/\/klaipedatravel.lt\/de\/wp-json\/wp\/v2\/tags?post=37906"},{"taxonomy":"mec_category","embeddable":true,"href":"https:\/\/klaipedatravel.lt\/de\/wp-json\/wp\/v2\/mec_category?post=37906"}],"curies":[{"name":"wp","href":"https:\/\/api.w.org\/{rel}","templated":true}]}}

Ein Jubiläumskonzert. 60. Jahrestag des Sporttanzclubs &#8222;Žuvėdra&#8220;

<div class="xdj266r x14z9mp xat24cr x1lziwak x1vvkbs">Klaipėda gratuliert &#8222;Žuvėdra&#8220;!<br class="html-br">Am 20. September dieses Jahres veranstaltet Klaipėda ein exklusives Konzert zum 60-jährigen Bestehen der legendären Klaipėda Sporttanzgruppe &#8222;Žuvėdra&#8220;! Mehrere Generationen des Teams &#8211; von den ehemaligen bis zu den heutigen und zukünftigen Žuvėdra-Tänzern, Trainern und Darstellern &#8211; werden zusammenkommen, um das ehrenvolle Jubiläum von Žuvėdra in einer feierlichen und aufregenden Veranstaltung zu feiern.<br class="html-br">Žuvėdra ist nicht nur Klaipėda, nicht nur Litauen &#8211; es ist eine internationale Bühne!</div>
<div class="x14z9mp xat24cr x1lziwak x1vvkbs xtlvy1s">Mehr als sechs Jahrzehnte lang hat die Gruppe unser Land in der ganzen Welt gefeiert, die renommiertesten Bühnen geziert, viele weltbekannte Tänzer ausgebildet und unzählige Tanzbegeisterte inspiriert.<br class="html-br">Zu diesem Anlass wird eine große Anzahl von Tänzern, die mit Žuvėdra aufgewachsen sind, für einen Abend zurückkehren, nicht nur um zu feiern, sondern auch um zu zeigen, dass für den Tanz das Konzept der Zeit nicht existiert, sondern vielmehr einen fantastisch langen Zeitraum zusammenbringt.</div>
<div class="x14z9mp xat24cr x1lziwak x1vvkbs xtlvy1s">Der Tagesteil des Programms wird von Wettbewerben geprägt sein &#8211; die stärksten litauischen Sporttänzer werden gegeneinander antreten, und im Abendteil des Programms werden wir die Besten der Besten sehen.<br class="html-br">Der Abendteil des Konzerts wird von den ehemaligen Žuvėdra-Tänzern und den charismatischen Moderatoren Tadas Rimgaila und Linas Lapėnas moderiert. Die Organisatoren des Abends laden Sie ein, in der Geschichte von Žuvėdra zu schwelgen und Sie mit unerwarteten Überraschungen, Performances und Kompositionen mit fast 100 Tänzern gleichzeitig zu überraschen! </div>
<div class="x14z9mp xat24cr x1lziwak x1vvkbs xtlvy1s">Die Kostümbildnerin Aina Zinčiukaitė wird die Kostümmoden der Tänzerinnen und Tänzer aus allen sechs Jahrzehnten in Erinnerung rufen, und einer der bekanntesten litauischen Interpreten &#8211; MARTYNAS KAVALIAUSKAS &#8211; wird das Publikum mit seinen leidenschaftlichen Tanzmelodien unterhalten. Gekrönt wird das Jubiläumskonzert durch den Auftritt der Gäste aus den Niederlanden &#8211; dem lateinamerikanischen Sporttanzensemble &#8222;DSV DANCE IMPRESSION&#8220;. </div>
<div class="x14z9mp xat24cr x1lziwak x1vvkbs xtlvy1s">Generalsponsor der Veranstaltung Fondas Janukonis und Mano būstas</div>

<p>Klaipėda gratuliert &#8222;Žuvėdra&#8220;!Am 20. September dieses Jahres veranstaltet Klaipėda ein exklusives Konzert zum 60-jährigen Bestehen der legendären Klaipėda Sporttanzgruppe &#8222;Žuvėdra&#8220;! Mehrere Generationen des Teams &#8211; von den ehemaligen bis zu den heutigen und zukünftigen Žuvėdra-Tänzern, Trainern und Darstellern &#8211; werden zusammenkommen, um das ehrenvolle Jubiläum von Žuvėdra in einer feierlichen und aufregenden Veranstaltung zu feiern.Žuvėdra [&hellip;]</p>
