{"id":38395,"date":"2025-10-02T17:29:20","date_gmt":"2025-10-02T14:29:20","guid":{"rendered":"https:\/\/klaipedatravel.lt\/event\/konzert-des-dresdner-knabenchors-in-klaipeda\/"},"modified":"2025-10-02T17:29:20","modified_gmt":"2025-10-02T14:29:20","slug":"konzert-des-dresdner-knabenchors-in-klaipeda","status":"publish","type":"mec-events","link":"https:\/\/klaipedatravel.lt\/de\/event\/konzert-des-dresdner-knabenchors-in-klaipeda\/","title":{"rendered":"Konzert des Dresdner Knabenchors in Klaip\u0117da"},"content":{"rendered":"<div class=\"xdj266r x14z9mp xat24cr x1lziwak x1vvkbs\">Konzert des Dresdner Knabenchors in Klaip\u0117da<\/div>\n<div class=\"x14z9mp xat24cr x1lziwak x1vvkbs xtlvy1s\">6. Oktober 2025, 18.00 Uhr<br class=\"html-br\">Konzertsaal der Fakult\u00e4t Klaip\u0117da<br class=\"html-br\">(K. Donelai\u010dio g. 4, Klaip\u0117da)  <\/div>\n<div class=\"x14z9mp xat24cr x1lziwak x1vvkbs xtlvy1s\">K\u00fcnstlerischer Leiter und Dirigent Matthias Jung,<br class=\"html-br\">Konzertmeister Felix Bormann.<\/div>\n<div class=\"x14z9mp xat24cr x1lziwak x1vvkbs xtlvy1s\">Eintritt frei<\/div>\n<div class=\"x14z9mp xat24cr x1lziwak x1vvkbs xtlvy1s\"><\/div>\n<div class=\"x14z9mp xat24cr x1lziwak x1vvkbs xtlvy1s\">DIE ERKRANKUNG<\/div>\n<div class=\"x14z9mp xat24cr x1lziwak x1vvkbs xtlvy1s\">Seit 1971 bereichert der Dresdner Knabenchor die reiche s\u00e4chsische Chortradition mit seinem besonderen, charmanten Klang und ist heute einer der j\u00fcngsten Knabench\u00f6re in Deutschland.<\/div>\n<div class=\"x14z9mp xat24cr x1lziwak x1vvkbs xtlvy1s\">Der Chor war urspr\u00fcnglich Teil des Lehrerhauses und sp\u00e4ter der Stadt Dresden. Im Jahr 1998 wurde er in das Heinrich-Sch\u00fctz-Konservatorium Dresden e. V. eingegliedert. Derzeit besteht der Chor aus etwa 90 Jungen und jungen M\u00e4nnern im Alter zwischen 5 und 30 Jahren, die in verschiedenen Chorgruppen singen.   <\/div>\n<div class=\"x14z9mp xat24cr x1lziwak x1vvkbs xtlvy1s\">Das Repertoire umfasst sowohl geistliche als auch weltliche Vokalmusik aus dem 16. Jahrhundert bis hin zu zeitgen\u00f6ssischen Chorwerken. Der Schwerpunkt liegt auf geistlicher Vokalmusik aus dem 16. und 18. Jahrhundert, aber die Programme enthalten oft auch Chorwerke in Begleitung eines Orchesters.<\/div>\n<div class=\"x14z9mp xat24cr x1lziwak x1vvkbs xtlvy1s\">Der Chor tritt aktiv in verschiedenen deutschen und europ\u00e4ischen L\u00e4ndern auf &#8211; in Belgien, Finnland, Frankreich, Russland und in der \u00f6sterreichisch-tschechisch-slowakischen Grenzregion. 2018 m. Eine zweiw\u00f6chige Tournee durch China im Oktober. Der Dresdner Knabenchor unterh\u00e4lt auch enge Beziehungen zu Knaben- und Jugendch\u00f6ren in Deutschland und im Ausland. <\/div>\n<div class=\"x14z9mp xat24cr x1lziwak x1vvkbs xtlvy1s\">Solisten des Chores haben bei zahlreichen Produktionen anderer Dresdner Kultureinrichtungen mitgewirkt, darunter die Staatsoperette, das Staatstheater und die Musikschule Carl Maria von Weber. Solisten des M\u00e4nnerchors haben auch an dem Arte TV-Projekt \u00fcber Richard Wagner mitgewirkt. <\/div>\n<div class=\"x14z9mp xat24cr x1lziwak x1vvkbs xtlvy1s\">Der Chor ist regelm\u00e4\u00dfig zu Gast bei renommierten Festivals wie den Dresdner Musikfestspielen, dem MDR-Musiksommer usw. Beim 58. Jugendmusikfestival in Neerpelt (Belgien) gewann der Dresdner Knabenchor den ersten Preis mit Auszeichnung. <\/div>\n<div class=\"x14z9mp xat24cr x1lziwak x1vvkbs xtlvy1s\">Zwei Aufnahmen der Messen von Johann Caspar Kerll und eine CD mit internationalen Volksliedern wurden ver\u00f6ffentlicht.<\/div>\n<div class=\"x14z9mp xat24cr x1lziwak x1vvkbs xtlvy1s\">Der Dresdner Knabenchor ist Mitglied des Deutschen Konzert-Chorverbandes.<\/div>\n","protected":false},"excerpt":{"rendered":"<p>Konzert des Dresdner Knabenchors in Klaip\u0117da 6. Oktober 2025, 18.00 UhrKonzertsaal der Fakult\u00e4t Klaip\u0117da(K. Donelai\u010dio g. 4, Klaip\u0117da) K\u00fcnstlerischer Leiter und Dirigent Matthias Jung,Konzertmeister Felix Bormann. Eintritt frei DIE ERKRANKUNG Seit 1971 bereichert der Dresdner Knabenchor die reiche s\u00e4chsische Chortradition mit seinem besonderen, charmanten Klang und ist heute einer der j\u00fcngsten Knabench\u00f6re in Deutschland. Der [&hellip;]<\/p>\n","protected":false},"author":9,"featured_media":38392,"comment_status":"closed","ping_status":"closed","template":"","tags":[],"mec_category":[509],"class_list":["post-38395","mec-events","type-mec-events","status-publish","has-post-thumbnail","hentry","mec_category-konzerte"],"acf":[],"_links":{"self":[{"href":"https:\/\/klaipedatravel.lt\/de\/wp-json\/wp\/v2\/mec-events\/38395","targetHints":{"allow":["GET"]}}],"collection":[{"href":"https:\/\/klaipedatravel.lt\/de\/wp-json\/wp\/v2\/mec-events"}],"about":[{"href":"https:\/\/klaipedatravel.lt\/de\/wp-json\/wp\/v2\/types\/mec-events"}],"author":[{"embeddable":true,"href":"https:\/\/klaipedatravel.lt\/de\/wp-json\/wp\/v2\/users\/9"}],"replies":[{"embeddable":true,"href":"https:\/\/klaipedatravel.lt\/de\/wp-json\/wp\/v2\/comments?post=38395"}],"wp:featuredmedia":[{"embeddable":true,"href":"https:\/\/klaipedatravel.lt\/de\/wp-json\/wp\/v2\/media\/38392"}],"wp:attachment":[{"href":"https:\/\/klaipedatravel.lt\/de\/wp-json\/wp\/v2\/media?parent=38395"}],"wp:term":[{"taxonomy":"post_tag","embeddable":true,"href":"https:\/\/klaipedatravel.lt\/de\/wp-json\/wp\/v2\/tags?post=38395"},{"taxonomy":"mec_category","embeddable":true,"href":"https:\/\/klaipedatravel.lt\/de\/wp-json\/wp\/v2\/mec_category?post=38395"}],"curies":[{"name":"wp","href":"https:\/\/api.w.org\/{rel}","templated":true}]}}

Konzert des Dresdner Knabenchors in Klaipėda

<div class="xdj266r x14z9mp xat24cr x1lziwak x1vvkbs">Konzert des Dresdner Knabenchors in Klaipėda</div>
<div class="x14z9mp xat24cr x1lziwak x1vvkbs xtlvy1s">6. Oktober 2025, 18.00 Uhr<br class="html-br">Konzertsaal der Fakultät Klaipėda<br class="html-br">(K. Donelaičio g. 4, Klaipėda)  </div>
<div class="x14z9mp xat24cr x1lziwak x1vvkbs xtlvy1s">Künstlerischer Leiter und Dirigent Matthias Jung,<br class="html-br">Konzertmeister Felix Bormann.</div>
<div class="x14z9mp xat24cr x1lziwak x1vvkbs xtlvy1s">Eintritt frei</div>
<div class="x14z9mp xat24cr x1lziwak x1vvkbs xtlvy1s"></div>
<div class="x14z9mp xat24cr x1lziwak x1vvkbs xtlvy1s">DIE ERKRANKUNG</div>
<div class="x14z9mp xat24cr x1lziwak x1vvkbs xtlvy1s">Seit 1971 bereichert der Dresdner Knabenchor die reiche sächsische Chortradition mit seinem besonderen, charmanten Klang und ist heute einer der jüngsten Knabenchöre in Deutschland.</div>
<div class="x14z9mp xat24cr x1lziwak x1vvkbs xtlvy1s">Der Chor war ursprünglich Teil des Lehrerhauses und später der Stadt Dresden. Im Jahr 1998 wurde er in das Heinrich-Schütz-Konservatorium Dresden e. V. eingegliedert. Derzeit besteht der Chor aus etwa 90 Jungen und jungen Männern im Alter zwischen 5 und 30 Jahren, die in verschiedenen Chorgruppen singen.   </div>
<div class="x14z9mp xat24cr x1lziwak x1vvkbs xtlvy1s">Das Repertoire umfasst sowohl geistliche als auch weltliche Vokalmusik aus dem 16. Jahrhundert bis hin zu zeitgenössischen Chorwerken. Der Schwerpunkt liegt auf geistlicher Vokalmusik aus dem 16. und 18. Jahrhundert, aber die Programme enthalten oft auch Chorwerke in Begleitung eines Orchesters.</div>
<div class="x14z9mp xat24cr x1lziwak x1vvkbs xtlvy1s">Der Chor tritt aktiv in verschiedenen deutschen und europäischen Ländern auf &#8211; in Belgien, Finnland, Frankreich, Russland und in der österreichisch-tschechisch-slowakischen Grenzregion. 2018 m. Eine zweiwöchige Tournee durch China im Oktober. Der Dresdner Knabenchor unterhält auch enge Beziehungen zu Knaben- und Jugendchören in Deutschland und im Ausland. </div>
<div class="x14z9mp xat24cr x1lziwak x1vvkbs xtlvy1s">Solisten des Chores haben bei zahlreichen Produktionen anderer Dresdner Kultureinrichtungen mitgewirkt, darunter die Staatsoperette, das Staatstheater und die Musikschule Carl Maria von Weber. Solisten des Männerchors haben auch an dem Arte TV-Projekt über Richard Wagner mitgewirkt. </div>
<div class="x14z9mp xat24cr x1lziwak x1vvkbs xtlvy1s">Der Chor ist regelmäßig zu Gast bei renommierten Festivals wie den Dresdner Musikfestspielen, dem MDR-Musiksommer usw. Beim 58. Jugendmusikfestival in Neerpelt (Belgien) gewann der Dresdner Knabenchor den ersten Preis mit Auszeichnung. </div>
<div class="x14z9mp xat24cr x1lziwak x1vvkbs xtlvy1s">Zwei Aufnahmen der Messen von Johann Caspar Kerll und eine CD mit internationalen Volksliedern wurden veröffentlicht.</div>
<div class="x14z9mp xat24cr x1lziwak x1vvkbs xtlvy1s">Der Dresdner Knabenchor ist Mitglied des Deutschen Konzert-Chorverbandes.</div>

<p>Konzert des Dresdner Knabenchors in Klaipėda 6. Oktober 2025, 18.00 UhrKonzertsaal der Fakultät Klaipėda(K. Donelaičio g. 4, Klaipėda) Künstlerischer Leiter und Dirigent Matthias Jung,Konzertmeister Felix Bormann. Eintritt frei DIE ERKRANKUNG Seit 1971 bereichert der Dresdner Knabenchor die reiche sächsische Chortradition mit seinem besonderen, charmanten Klang und ist heute einer der jüngsten Knabenchöre in Deutschland. Der [&hellip;]</p>
