{"id":38515,"date":"2025-10-03T12:53:11","date_gmt":"2025-10-03T09:53:11","guid":{"rendered":"https:\/\/klaipedatravel.lt\/event\/messe-stil-und-geschmack-2\/"},"modified":"2025-10-03T12:53:11","modified_gmt":"2025-10-03T09:53:11","slug":"messe-stil-und-geschmack-2","status":"publish","type":"mec-events","link":"https:\/\/klaipedatravel.lt\/de\/event\/messe-stil-und-geschmack-2\/","title":{"rendered":"Messe &#8222;Stil und Geschmack&#8220;"},"content":{"rendered":"<div class=\"xdj266r x14z9mp xat24cr x1lziwak x1vvkbs\">Veranstaltung: Vorweihnachtlicher Markt &#8218;Stil und Geschmack&#8216; in der \u0160vyturys Arena  <span class=\"html-span xexx8yu xyri2b x18d9i69 x1c1uobl x1hl2dhg x16tdsg8 x1vvkbs x3nfvp2 x1j61x8r x1fcty0u xdj266r xat24cr xm2jcoa x1mpyi22 xxymvpz xlup9mm x1kky2od\"><img decoding=\"async\" class=\"xz74otr x15mokao x1ga7v0g x16uus16 xbiv7yw\" src=\"https:\/\/static.xx.fbcdn.net\/images\/emoji.php\/v9\/tf4\/1\/16\/2728.png\" alt=\"\u2728\" width=\"16\" height=\"16\"><\/span><\/div>\n<div class=\"x14z9mp xat24cr x1lziwak x1vvkbs xtlvy1s\"><span class=\"html-span xexx8yu xyri2b x18d9i69 x1c1uobl x1hl2dhg x16tdsg8 x1vvkbs x3nfvp2 x1j61x8r x1fcty0u xdj266r xat24cr xm2jcoa x1mpyi22 xxymvpz xlup9mm x1kky2od\"><img decoding=\"async\" class=\"xz74otr x15mokao x1ga7v0g x16uus16 xbiv7yw\" src=\"https:\/\/static.xx.fbcdn.net\/images\/emoji.php\/v9\/t2d\/1\/16\/1f4cd.png\" alt=\"\ud83d\udccd\" width=\"16\" height=\"16\"><\/span>  Veranstaltungsort. 10, Klaip\u0117da<br class=\"html-br\"><span class=\"html-span xexx8yu xyri2b x18d9i69 x1c1uobl x1hl2dhg x16tdsg8 x1vvkbs x3nfvp2 x1j61x8r x1fcty0u xdj266r xat24cr xm2jcoa x1mpyi22 xxymvpz xlup9mm x1kky2od\"><img decoding=\"async\" class=\"xz74otr x15mokao x1ga7v0g x16uus16 xbiv7yw\" src=\"https:\/\/static.xx.fbcdn.net\/images\/emoji.php\/v9\/t7e\/1\/16\/1f4c5.png\" alt=\"\ud83d\udcc5\" width=\"16\" height=\"16\"><\/span>  Datum: 9. November<br class=\"html-br\"><span class=\"html-span xexx8yu xyri2b x18d9i69 x1c1uobl x1hl2dhg x16tdsg8 x1vvkbs x3nfvp2 x1j61x8r x1fcty0u xdj266r xat24cr xm2jcoa x1mpyi22 xxymvpz xlup9mm x1kky2od\"><img decoding=\"async\" class=\"xz74otr x15mokao x1ga7v0g x16uus16 xbiv7yw\" src=\"https:\/\/static.xx.fbcdn.net\/images\/emoji.php\/v9\/t31\/1\/16\/1f559.png\" alt=\"\ud83d\udd59\" width=\"16\" height=\"16\"><\/span>  \u00d6ffnungszeiten: 10:00 &#8211; 16:00<\/div>\n<div class=\"x14z9mp xat24cr x1lziwak x1vvkbs xtlvy1s\">Es ist ein Ort, an dem Sie sich entspannt und stressfrei auf die Festtage vorbereiten k\u00f6nnen.<\/div>\n<div class=\"x14z9mp xat24cr x1lziwak x1vvkbs xtlvy1s\">Hier finden Sie sorgf\u00e4ltig ausgew\u00e4hlte Marken:<br class=\"html-br\">&#8211; elegante Kleidung und Accessoires,<br class=\"html-br\">&#8211; gem\u00fctliche Einrichtungsgegenst\u00e4nde, die eine besondere Stimmung zu Hause schaffen,<br class=\"html-br\">&#8211; Gourmet-Delikatessen, die sich ideal als Geschenk eignen.<\/div>\n<div class=\"x14z9mp xat24cr x1lziwak x1vvkbs xtlvy1s\">Es ist mehr als nur eine Messe, es ist ein stilvolles Erlebnis, bei dem Sie an einem Ort Geschenke f\u00fcr Ihre Lieben finden, Ihr Zuhause gem\u00fctlich machen und in eine subtile festliche Atmosph\u00e4re eintauchen k\u00f6nnen.<\/div>\n<div class=\"x14z9mp xat24cr x1lziwak x1vvkbs xtlvy1s\">Eintritt frei<br class=\"html-br\">W\u00e4hrend der Veranstaltung wird fotografiert und gefilmt.<\/div>\n","protected":false},"excerpt":{"rendered":"<p>Veranstaltung: Vorweihnachtlicher Markt &#8218;Stil und Geschmack&#8216; in der \u0160vyturys Arena Veranstaltungsort. 10, Klaip\u0117da Datum: 9. November \u00d6ffnungszeiten: 10:00 &#8211; 16:00 Es ist ein Ort, an dem Sie sich entspannt und stressfrei auf die Festtage vorbereiten k\u00f6nnen. Hier finden Sie sorgf\u00e4ltig ausgew\u00e4hlte Marken:&#8211; elegante Kleidung und Accessoires,&#8211; gem\u00fctliche Einrichtungsgegenst\u00e4nde, die eine besondere Stimmung zu Hause schaffen,&#8211; [&hellip;]<\/p>\n","protected":false},"author":9,"featured_media":38415,"comment_status":"closed","ping_status":"closed","template":"","tags":[],"mec_category":[547],"class_list":["post-38515","mec-events","type-mec-events","status-publish","has-post-thumbnail","hentry","mec_category-messen"],"acf":[],"_links":{"self":[{"href":"https:\/\/klaipedatravel.lt\/de\/wp-json\/wp\/v2\/mec-events\/38515","targetHints":{"allow":["GET"]}}],"collection":[{"href":"https:\/\/klaipedatravel.lt\/de\/wp-json\/wp\/v2\/mec-events"}],"about":[{"href":"https:\/\/klaipedatravel.lt\/de\/wp-json\/wp\/v2\/types\/mec-events"}],"author":[{"embeddable":true,"href":"https:\/\/klaipedatravel.lt\/de\/wp-json\/wp\/v2\/users\/9"}],"replies":[{"embeddable":true,"href":"https:\/\/klaipedatravel.lt\/de\/wp-json\/wp\/v2\/comments?post=38515"}],"wp:featuredmedia":[{"embeddable":true,"href":"https:\/\/klaipedatravel.lt\/de\/wp-json\/wp\/v2\/media\/38415"}],"wp:attachment":[{"href":"https:\/\/klaipedatravel.lt\/de\/wp-json\/wp\/v2\/media?parent=38515"}],"wp:term":[{"taxonomy":"post_tag","embeddable":true,"href":"https:\/\/klaipedatravel.lt\/de\/wp-json\/wp\/v2\/tags?post=38515"},{"taxonomy":"mec_category","embeddable":true,"href":"https:\/\/klaipedatravel.lt\/de\/wp-json\/wp\/v2\/mec_category?post=38515"}],"curies":[{"name":"wp","href":"https:\/\/api.w.org\/{rel}","templated":true}]}}

<div class="xdj266r x14z9mp xat24cr x1lziwak x1vvkbs">Veranstaltung: Vorweihnachtlicher Markt &#8218;Stil und Geschmack&#8216; in der Švyturys Arena  <span class="html-span xexx8yu xyri2b x18d9i69 x1c1uobl x1hl2dhg x16tdsg8 x1vvkbs x3nfvp2 x1j61x8r x1fcty0u xdj266r xat24cr xm2jcoa x1mpyi22 xxymvpz xlup9mm x1kky2od"><img decoding="async" class="xz74otr x15mokao x1ga7v0g x16uus16 xbiv7yw" src="https://static.xx.fbcdn.net/images/emoji.php/v9/tf4/1/16/2728.png" alt="✨" width="16" height="16"></span></div>
<div class="x14z9mp xat24cr x1lziwak x1vvkbs xtlvy1s"><span class="html-span xexx8yu xyri2b x18d9i69 x1c1uobl x1hl2dhg x16tdsg8 x1vvkbs x3nfvp2 x1j61x8r x1fcty0u xdj266r xat24cr xm2jcoa x1mpyi22 xxymvpz xlup9mm x1kky2od"><img decoding="async" class="xz74otr x15mokao x1ga7v0g x16uus16 xbiv7yw" src="https://static.xx.fbcdn.net/images/emoji.php/v9/t2d/1/16/1f4cd.png" alt="📍" width="16" height="16"></span>  Veranstaltungsort. 10, Klaipėda<br class="html-br"><span class="html-span xexx8yu xyri2b x18d9i69 x1c1uobl x1hl2dhg x16tdsg8 x1vvkbs x3nfvp2 x1j61x8r x1fcty0u xdj266r xat24cr xm2jcoa x1mpyi22 xxymvpz xlup9mm x1kky2od"><img decoding="async" class="xz74otr x15mokao x1ga7v0g x16uus16 xbiv7yw" src="https://static.xx.fbcdn.net/images/emoji.php/v9/t7e/1/16/1f4c5.png" alt="📅" width="16" height="16"></span>  Datum: 9. November<br class="html-br"><span class="html-span xexx8yu xyri2b x18d9i69 x1c1uobl x1hl2dhg x16tdsg8 x1vvkbs x3nfvp2 x1j61x8r x1fcty0u xdj266r xat24cr xm2jcoa x1mpyi22 xxymvpz xlup9mm x1kky2od"><img decoding="async" class="xz74otr x15mokao x1ga7v0g x16uus16 xbiv7yw" src="https://static.xx.fbcdn.net/images/emoji.php/v9/t31/1/16/1f559.png" alt="🕙" width="16" height="16"></span>  Öffnungszeiten: 10:00 &#8211; 16:00</div>
<div class="x14z9mp xat24cr x1lziwak x1vvkbs xtlvy1s">Es ist ein Ort, an dem Sie sich entspannt und stressfrei auf die Festtage vorbereiten können.</div>
<div class="x14z9mp xat24cr x1lziwak x1vvkbs xtlvy1s">Hier finden Sie sorgfältig ausgewählte Marken:<br class="html-br">&#8211; elegante Kleidung und Accessoires,<br class="html-br">&#8211; gemütliche Einrichtungsgegenstände, die eine besondere Stimmung zu Hause schaffen,<br class="html-br">&#8211; Gourmet-Delikatessen, die sich ideal als Geschenk eignen.</div>
<div class="x14z9mp xat24cr x1lziwak x1vvkbs xtlvy1s">Es ist mehr als nur eine Messe, es ist ein stilvolles Erlebnis, bei dem Sie an einem Ort Geschenke für Ihre Lieben finden, Ihr Zuhause gemütlich machen und in eine subtile festliche Atmosphäre eintauchen können.</div>
<div class="x14z9mp xat24cr x1lziwak x1vvkbs xtlvy1s">Eintritt frei<br class="html-br">Während der Veranstaltung wird fotografiert und gefilmt.</div>

<p>Veranstaltung: Vorweihnachtlicher Markt &#8218;Stil und Geschmack&#8216; in der Švyturys Arena Veranstaltungsort. 10, Klaipėda Datum: 9. November Öffnungszeiten: 10:00 &#8211; 16:00 Es ist ein Ort, an dem Sie sich entspannt und stressfrei auf die Festtage vorbereiten können. Hier finden Sie sorgfältig ausgewählte Marken:&#8211; elegante Kleidung und Accessoires,&#8211; gemütliche Einrichtungsgegenstände, die eine besondere Stimmung zu Hause schaffen,&#8211; [&hellip;]</p>
