{"id":40638,"date":"2025-11-21T10:11:07","date_gmt":"2025-11-21T08:11:07","guid":{"rendered":"https:\/\/klaipedatravel.lt\/event\/weihnachtsbaum-eroeffnungsparty-im-garten\/"},"modified":"2025-11-21T10:11:07","modified_gmt":"2025-11-21T08:11:07","slug":"weihnachtsbaum-eroeffnungsparty-im-garten","status":"publish","type":"mec-events","link":"https:\/\/klaipedatravel.lt\/de\/event\/weihnachtsbaum-eroeffnungsparty-im-garten\/","title":{"rendered":"Weihnachtsbaum-Er\u00f6ffnungsparty im Garten"},"content":{"rendered":"<div class=\"xdj266r x14z9mp xat24cr x1lziwak x1vvkbs\">Wir laden alle kleinen und gro\u00dfen Bibliotheksbenutzer, Gemeindemitglieder und Besucher zur Er\u00f6ffnung des 12.<\/div>\n<div class=\"x14z9mp xat24cr x1lziwak x1vvkbs xtlvy1s\">In diesem Jahr werden die vier Elemente &#8211; Erde, Feuer, Wasser und Luft &#8211; im Innenhof ihr Unwesen treiben. Sie werden uns helfen, die festliche Stimmung und den Hof selbst zu erhellen. <\/div>\n<div class=\"x14z9mp xat24cr x1lziwak x1vvkbs xtlvy1s\">W\u00e4hrend der Er\u00f6ffnungszeremonie werden Sie mit einer Lichterzeremonie, einer spektakul\u00e4ren Feuershow und DJ Uraganius verw\u00f6hnt, der Sie in Bewegung bringt. F\u00fcr diejenigen, die sich abgek\u00fchlt haben, wird Weihnachtstee serviert. Nachhaltigkeit ist ein wichtiges Konzept, also bringen Sie bitte Ihre eigene Tasse mit.  <\/div>\n<div class=\"x14z9mp xat24cr x1lziwak x1vvkbs xtlvy1s\">Die Veranstaltung wird von der Schauspielerin Solveiga Reklaityt\u0117 moderiert.<\/div>\n<div class=\"x14z9mp xat24cr x1lziwak x1vvkbs xtlvy1s\">Gesponsert von DFDS, Jumpland Trampolin- und Vergn\u00fcgungspark, Gera dovana, La Farine Dessert House, Fabrique Climbing and Co-working Space, PC \u0160ilas.<\/div>\n<div class=\"x14z9mp xat24cr x1lziwak x1vvkbs xtlvy1s\">Partner und Freunde: die Klaip\u0117da Concert Hall, das Litauische Schifffahrtsmuseum, &#8222;Miesto spauda&#8220;.<\/div>\n<div class=\"x14z9mp xat24cr x1lziwak x1vvkbs xtlvy1s\">___________________________<\/div>\n<div class=\"x14z9mp xat24cr x1lziwak x1vvkbs xtlvy1s\">Wenn Sie Ihren eigenen Baum aufstellen m\u00f6chten, f\u00fcllen Sie bitte das Anmeldeformular<a class=\"x1i10hfl xjbqb8w x1ejq31n x18oe1m7 x1sy0etr xstzfhl x972fbf x10w94by x1qhh985 x14e42zd x9f619 x1ypdohk xt0psk2 x3ct3a4 xdj266r x14z9mp xat24cr x1lziwak xexx8yu xyri2b x18d9i69 x1c1uobl x16tdsg8 x1hl2dhg xggy1nq x1a2a7pz xkrqix3 x1sur9pj x1fey0fg x1s688f\" tabindex=\"0\" role=\"link\" href=\"https:\/\/l.facebook.com\/l.php?u=https%3A%2F%2Fforms.office.com%2Fe%2Fzr3V9hWsS3%3Ffbclid%3DIwZXh0bgNhZW0CMTAAYnJpZBEwVU9NbUVQSWxDbVl0d3ZveHNydGMGYXBwX2lkEDIyMjAzOTE3ODgyMDA4OTIAAR4eA46yR2J7ExyoBz7t2cYVadb5yBRmEx69N09cQDPCbCP_GjmnQFgTqXcF6w_aem_FVQ65GyG6lhledtTpnFy8A&amp;h=AT3hkwVs7CkUSeBcm9zLmQHU1SUi_Il4N8eMJ7F5SGm17LCdUtO7ranaZw3DeEH-RZe56UNuf4_WPhTqrjepJbN2GkeoNPoVOyfNmosg8aTVHyWNKM4thvDrc3hYYyOJguMevjHG8DeiPQ&amp;__tn__=q&amp;c%5B0%5D=AT015oNRWK2qfSyI-ESj9DoJu-kPAAv14Naa8S_A7-XETVJ0l4oXQJN1UcGvlxO2XzUC09TreuTQXs4oV4ghgZUHB4nJg03o_owFQXskJ-WGEooYHhbzD7xrQRd185jw8jj0F2MCPDtpBuce57sF5Xc-45yJlvL5mBw\" target=\"_blank\" rel=\"nofollow noopener noreferrer\">(https:\/\/forms.office.com\/e\/zr3V9hWsS3)<\/a> aus und senden Sie ein qualitativ hochwertiges Logo Ihrer Institution oder Gemeinde vor dem 24. November an egluciukiemelis@klavb.lt.  <\/div>\n","protected":false},"excerpt":{"rendered":"<p>Wir laden alle kleinen und gro\u00dfen Bibliotheksbenutzer, Gemeindemitglieder und Besucher zur Er\u00f6ffnung des 12. In diesem Jahr werden die vier Elemente &#8211; Erde, Feuer, Wasser und Luft &#8211; im Innenhof ihr Unwesen treiben. Sie werden uns helfen, die festliche Stimmung und den Hof selbst zu erhellen. W\u00e4hrend der Er\u00f6ffnungszeremonie werden Sie mit einer Lichterzeremonie, einer [&hellip;]<\/p>\n","protected":false},"author":9,"featured_media":40635,"comment_status":"closed","ping_status":"closed","template":"","tags":[],"mec_category":[564],"class_list":["post-40638","mec-events","type-mec-events","status-publish","has-post-thumbnail","hentry","mec_category-feiertage"],"acf":[],"_links":{"self":[{"href":"https:\/\/klaipedatravel.lt\/de\/wp-json\/wp\/v2\/mec-events\/40638","targetHints":{"allow":["GET"]}}],"collection":[{"href":"https:\/\/klaipedatravel.lt\/de\/wp-json\/wp\/v2\/mec-events"}],"about":[{"href":"https:\/\/klaipedatravel.lt\/de\/wp-json\/wp\/v2\/types\/mec-events"}],"author":[{"embeddable":true,"href":"https:\/\/klaipedatravel.lt\/de\/wp-json\/wp\/v2\/users\/9"}],"replies":[{"embeddable":true,"href":"https:\/\/klaipedatravel.lt\/de\/wp-json\/wp\/v2\/comments?post=40638"}],"wp:featuredmedia":[{"embeddable":true,"href":"https:\/\/klaipedatravel.lt\/de\/wp-json\/wp\/v2\/media\/40635"}],"wp:attachment":[{"href":"https:\/\/klaipedatravel.lt\/de\/wp-json\/wp\/v2\/media?parent=40638"}],"wp:term":[{"taxonomy":"post_tag","embeddable":true,"href":"https:\/\/klaipedatravel.lt\/de\/wp-json\/wp\/v2\/tags?post=40638"},{"taxonomy":"mec_category","embeddable":true,"href":"https:\/\/klaipedatravel.lt\/de\/wp-json\/wp\/v2\/mec_category?post=40638"}],"curies":[{"name":"wp","href":"https:\/\/api.w.org\/{rel}","templated":true}]}}

Weihnachtsbaum-Eröffnungsparty im Garten

<div class="xdj266r x14z9mp xat24cr x1lziwak x1vvkbs">Wir laden alle kleinen und großen Bibliotheksbenutzer, Gemeindemitglieder und Besucher zur Eröffnung des 12.</div>
<div class="x14z9mp xat24cr x1lziwak x1vvkbs xtlvy1s">In diesem Jahr werden die vier Elemente &#8211; Erde, Feuer, Wasser und Luft &#8211; im Innenhof ihr Unwesen treiben. Sie werden uns helfen, die festliche Stimmung und den Hof selbst zu erhellen. </div>
<div class="x14z9mp xat24cr x1lziwak x1vvkbs xtlvy1s">Während der Eröffnungszeremonie werden Sie mit einer Lichterzeremonie, einer spektakulären Feuershow und DJ Uraganius verwöhnt, der Sie in Bewegung bringt. Für diejenigen, die sich abgekühlt haben, wird Weihnachtstee serviert. Nachhaltigkeit ist ein wichtiges Konzept, also bringen Sie bitte Ihre eigene Tasse mit.  </div>
<div class="x14z9mp xat24cr x1lziwak x1vvkbs xtlvy1s">Die Veranstaltung wird von der Schauspielerin Solveiga Reklaitytė moderiert.</div>
<div class="x14z9mp xat24cr x1lziwak x1vvkbs xtlvy1s">Gesponsert von DFDS, Jumpland Trampolin- und Vergnügungspark, Gera dovana, La Farine Dessert House, Fabrique Climbing and Co-working Space, PC Šilas.</div>
<div class="x14z9mp xat24cr x1lziwak x1vvkbs xtlvy1s">Partner und Freunde: die Klaipėda Concert Hall, das Litauische Schifffahrtsmuseum, &#8222;Miesto spauda&#8220;.</div>
<div class="x14z9mp xat24cr x1lziwak x1vvkbs xtlvy1s">___________________________</div>
<div class="x14z9mp xat24cr x1lziwak x1vvkbs xtlvy1s">Wenn Sie Ihren eigenen Baum aufstellen möchten, füllen Sie bitte das Anmeldeformular<a class="x1i10hfl xjbqb8w x1ejq31n x18oe1m7 x1sy0etr xstzfhl x972fbf x10w94by x1qhh985 x14e42zd x9f619 x1ypdohk xt0psk2 x3ct3a4 xdj266r x14z9mp xat24cr x1lziwak xexx8yu xyri2b x18d9i69 x1c1uobl x16tdsg8 x1hl2dhg xggy1nq x1a2a7pz xkrqix3 x1sur9pj x1fey0fg x1s688f" tabindex="0" role="link" href="https://l.facebook.com/l.php?u=https%3A%2F%2Fforms.office.com%2Fe%2Fzr3V9hWsS3%3Ffbclid%3DIwZXh0bgNhZW0CMTAAYnJpZBEwVU9NbUVQSWxDbVl0d3ZveHNydGMGYXBwX2lkEDIyMjAzOTE3ODgyMDA4OTIAAR4eA46yR2J7ExyoBz7t2cYVadb5yBRmEx69N09cQDPCbCP_GjmnQFgTqXcF6w_aem_FVQ65GyG6lhledtTpnFy8A&amp;h=AT3hkwVs7CkUSeBcm9zLmQHU1SUi_Il4N8eMJ7F5SGm17LCdUtO7ranaZw3DeEH-RZe56UNuf4_WPhTqrjepJbN2GkeoNPoVOyfNmosg8aTVHyWNKM4thvDrc3hYYyOJguMevjHG8DeiPQ&amp;__tn__=q&amp;c%5B0%5D=AT015oNRWK2qfSyI-ESj9DoJu-kPAAv14Naa8S_A7-XETVJ0l4oXQJN1UcGvlxO2XzUC09TreuTQXs4oV4ghgZUHB4nJg03o_owFQXskJ-WGEooYHhbzD7xrQRd185jw8jj0F2MCPDtpBuce57sF5Xc-45yJlvL5mBw" target="_blank" rel="nofollow noopener noreferrer">(https://forms.office.com/e/zr3V9hWsS3)</a> aus und senden Sie ein qualitativ hochwertiges Logo Ihrer Institution oder Gemeinde vor dem 24. November an egluciukiemelis@klavb.lt.  </div>

<p>Wir laden alle kleinen und großen Bibliotheksbenutzer, Gemeindemitglieder und Besucher zur Eröffnung des 12. In diesem Jahr werden die vier Elemente &#8211; Erde, Feuer, Wasser und Luft &#8211; im Innenhof ihr Unwesen treiben. Sie werden uns helfen, die festliche Stimmung und den Hof selbst zu erhellen. Während der Eröffnungszeremonie werden Sie mit einer Lichterzeremonie, einer [&hellip;]</p>
