{"id":43917,"date":"2026-02-23T17:29:33","date_gmt":"2026-02-23T15:29:33","guid":{"rendered":"https:\/\/klaipedatravel.lt\/event\/cantare-chorkonzert-offene-probe-musikalischer-dialog\/"},"modified":"2026-02-23T17:29:33","modified_gmt":"2026-02-23T15:29:33","slug":"cantare-chorkonzert-offene-probe-musikalischer-dialog","status":"publish","type":"mec-events","link":"https:\/\/klaipedatravel.lt\/de\/event\/cantare-chorkonzert-offene-probe-musikalischer-dialog\/","title":{"rendered":"Cantare Chorkonzert &#8211; offene Probe &#8222;Musikalischer Dialog&#8220;"},"content":{"rendered":"<div class=\"xdj266r x14z9mp xat24cr x1lziwak x1vvkbs\">Der Cantare Chor, unter der Leitung von Ram\u016bnas Bar\u0161auskas, l\u00e4dt Sie zusammen mit dem besonderen Gast des Abends &#8211; Professor Vytautas Mi\u0161kinis &#8211; zu einem Konzert ein &#8211; einer offenen Probe &#8222;Ein musikalischer Dialog&#8220;, die am 3. M\u00e4rz um 19 Uhr stattfinden wird. \u017dvej\u0173 r\u016bm\u0173 II a. foj\u0117.   <\/div>\n<div class=\"x14z9mp xat24cr x1lziwak x1vvkbs xtlvy1s\">In Vorbereitung auf die Internationalen Chorwettbewerbe wird der Chor Programme in ausgew\u00e4hlten Wettbewerbskategorien pr\u00e4sentieren. Professor Vytautas Mi\u0161kinis, ein langj\u00e4hriges Mitglied der Jurys internationaler Wettbewerbe, wird seine Einblicke in den Vorbereitungsprozess, die Feinheiten der Auff\u00fchrung und die Besonderheiten internationaler Wettbewerbe teilen. <\/div>\n<div class=\"x14z9mp xat24cr x1lziwak x1vvkbs xtlvy1s\">Sie werden Werke von D. Zakaras, G. M. Gu\u017eauskait\u0117, G. Svilainis, J. Naujalis, V. Augustinas, V. Mi\u0161kinis, T. L. de Victoria und J. Trotta h\u00f6ren.<\/div>\n<div class=\"x14z9mp xat24cr x1lziwak x1vvkbs xtlvy1s\">Bitte beachten Sie: Dies ist eine Veranstaltung im Format einer offenen Probe. Wir laden Sie ein, an einem musikalischen Dialog teilzunehmen, nicht nur als Zuh\u00f6rer! <\/div>\n<div class=\"x14z9mp xat24cr x1lziwak x1vvkbs xtlvy1s\">Eintritt frei, begrenzte Anzahl von Pl\u00e4tzen, Anmeldung erforderlich &#8211; <a class=\"x1i10hfl xjbqb8w x1ejq31n x18oe1m7 x1sy0etr xstzfhl x972fbf x10w94by x1qhh985 x14e42zd x9f619 x1ypdohk xt0psk2 x3ct3a4 xdj266r x14z9mp xat24cr x1lziwak xexx8yu xyri2b x18d9i69 x1c1uobl x16tdsg8 x1hl2dhg xggy1nq x1a2a7pz xkrqix3 x1sur9pj x1fey0fg x1s688f\" tabindex=\"0\" role=\"link\" href=\"https:\/\/forms.gle\/T5iMd1Qjx28ba18k7?fbclid=IwZXh0bgNhZW0CMTAAYnJpZBEwRmtlVXFpQk4xY2k3cEMwWnNydGMGYXBwX2lkEDIyMjAzOTE3ODgyMDA4OTIAAR4Pho2jGEqZMXoefbgTdBQ_02FDM4KTdlgC0H4x3nz9DlFMOKWrQhg9Qwvhsg_aem_BmBiavfjR-0ByWH8VP1MSg\" target=\"_blank\" rel=\"nofollow noopener noreferrer\">https:\/\/forms.gle\/T5iMd1Qjx28ba18k7<\/a><\/div>\n<div class=\"x14z9mp xat24cr x1lziwak x1vvkbs xtlvy1s\">Die Veranstaltung ist f\u00fcr Zuschauer ab 6 Jahren geeignet.<\/div>\n","protected":false},"excerpt":{"rendered":"<p>Der Cantare Chor, unter der Leitung von Ram\u016bnas Bar\u0161auskas, l\u00e4dt Sie zusammen mit dem besonderen Gast des Abends &#8211; Professor Vytautas Mi\u0161kinis &#8211; zu einem Konzert ein &#8211; einer offenen Probe &#8222;Ein musikalischer Dialog&#8220;, die am 3. M\u00e4rz um 19 Uhr stattfinden wird. \u017dvej\u0173 r\u016bm\u0173 II a. foj\u0117. In Vorbereitung auf die Internationalen Chorwettbewerbe wird [&hellip;]<\/p>\n","protected":false},"author":9,"featured_media":43863,"comment_status":"closed","ping_status":"closed","template":"","tags":[],"mec_category":[509],"class_list":["post-43917","mec-events","type-mec-events","status-publish","has-post-thumbnail","hentry","mec_category-konzerte"],"acf":[],"_links":{"self":[{"href":"https:\/\/klaipedatravel.lt\/de\/wp-json\/wp\/v2\/mec-events\/43917","targetHints":{"allow":["GET"]}}],"collection":[{"href":"https:\/\/klaipedatravel.lt\/de\/wp-json\/wp\/v2\/mec-events"}],"about":[{"href":"https:\/\/klaipedatravel.lt\/de\/wp-json\/wp\/v2\/types\/mec-events"}],"author":[{"embeddable":true,"href":"https:\/\/klaipedatravel.lt\/de\/wp-json\/wp\/v2\/users\/9"}],"replies":[{"embeddable":true,"href":"https:\/\/klaipedatravel.lt\/de\/wp-json\/wp\/v2\/comments?post=43917"}],"wp:featuredmedia":[{"embeddable":true,"href":"https:\/\/klaipedatravel.lt\/de\/wp-json\/wp\/v2\/media\/43863"}],"wp:attachment":[{"href":"https:\/\/klaipedatravel.lt\/de\/wp-json\/wp\/v2\/media?parent=43917"}],"wp:term":[{"taxonomy":"post_tag","embeddable":true,"href":"https:\/\/klaipedatravel.lt\/de\/wp-json\/wp\/v2\/tags?post=43917"},{"taxonomy":"mec_category","embeddable":true,"href":"https:\/\/klaipedatravel.lt\/de\/wp-json\/wp\/v2\/mec_category?post=43917"}],"curies":[{"name":"wp","href":"https:\/\/api.w.org\/{rel}","templated":true}]}}

<div class="xdj266r x14z9mp xat24cr x1lziwak x1vvkbs">Der Cantare Chor, unter der Leitung von Ramūnas Baršauskas, lädt Sie zusammen mit dem besonderen Gast des Abends &#8211; Professor Vytautas Miškinis &#8211; zu einem Konzert ein &#8211; einer offenen Probe &#8222;Ein musikalischer Dialog&#8220;, die am 3. März um 19 Uhr stattfinden wird. Žvejų rūmų II a. fojė.   </div>
<div class="x14z9mp xat24cr x1lziwak x1vvkbs xtlvy1s">In Vorbereitung auf die Internationalen Chorwettbewerbe wird der Chor Programme in ausgewählten Wettbewerbskategorien präsentieren. Professor Vytautas Miškinis, ein langjähriges Mitglied der Jurys internationaler Wettbewerbe, wird seine Einblicke in den Vorbereitungsprozess, die Feinheiten der Aufführung und die Besonderheiten internationaler Wettbewerbe teilen. </div>
<div class="x14z9mp xat24cr x1lziwak x1vvkbs xtlvy1s">Sie werden Werke von D. Zakaras, G. M. Gužauskaitė, G. Svilainis, J. Naujalis, V. Augustinas, V. Miškinis, T. L. de Victoria und J. Trotta hören.</div>
<div class="x14z9mp xat24cr x1lziwak x1vvkbs xtlvy1s">Bitte beachten Sie: Dies ist eine Veranstaltung im Format einer offenen Probe. Wir laden Sie ein, an einem musikalischen Dialog teilzunehmen, nicht nur als Zuhörer! </div>
<div class="x14z9mp xat24cr x1lziwak x1vvkbs xtlvy1s">Eintritt frei, begrenzte Anzahl von Plätzen, Anmeldung erforderlich &#8211; <a class="x1i10hfl xjbqb8w x1ejq31n x18oe1m7 x1sy0etr xstzfhl x972fbf x10w94by x1qhh985 x14e42zd x9f619 x1ypdohk xt0psk2 x3ct3a4 xdj266r x14z9mp xat24cr x1lziwak xexx8yu xyri2b x18d9i69 x1c1uobl x16tdsg8 x1hl2dhg xggy1nq x1a2a7pz xkrqix3 x1sur9pj x1fey0fg x1s688f" tabindex="0" role="link" href="https://forms.gle/T5iMd1Qjx28ba18k7?fbclid=IwZXh0bgNhZW0CMTAAYnJpZBEwRmtlVXFpQk4xY2k3cEMwWnNydGMGYXBwX2lkEDIyMjAzOTE3ODgyMDA4OTIAAR4Pho2jGEqZMXoefbgTdBQ_02FDM4KTdlgC0H4x3nz9DlFMOKWrQhg9Qwvhsg_aem_BmBiavfjR-0ByWH8VP1MSg" target="_blank" rel="nofollow noopener noreferrer">https://forms.gle/T5iMd1Qjx28ba18k7</a></div>
<div class="x14z9mp xat24cr x1lziwak x1vvkbs xtlvy1s">Die Veranstaltung ist für Zuschauer ab 6 Jahren geeignet.</div>

<p>Der Cantare Chor, unter der Leitung von Ramūnas Baršauskas, lädt Sie zusammen mit dem besonderen Gast des Abends &#8211; Professor Vytautas Miškinis &#8211; zu einem Konzert ein &#8211; einer offenen Probe &#8222;Ein musikalischer Dialog&#8220;, die am 3. März um 19 Uhr stattfinden wird. Žvejų rūmų II a. fojė. In Vorbereitung auf die Internationalen Chorwettbewerbe wird [&hellip;]</p>
