{"id":44569,"date":"2026-03-06T12:05:32","date_gmt":"2026-03-06T10:05:32","guid":{"rendered":"https:\/\/klaipedatravel.lt\/event\/mozart-das-musical\/"},"modified":"2026-03-06T12:05:32","modified_gmt":"2026-03-06T10:05:32","slug":"mozart-das-musical","status":"publish","type":"mec-events","link":"https:\/\/klaipedatravel.lt\/de\/event\/mozart-das-musical\/","title":{"rendered":"Mozart das Musical"},"content":{"rendered":"<div class=\"xdj266r x14z9mp xat24cr x1lziwak x1vvkbs\">Ein 2-teiliges Musical \u00fcber die Musiklegende MOZART!<\/div>\n<div class=\"x14z9mp xat24cr x1lziwak x1vvkbs xtlvy1s\">Ein Wunderkind, das eine gl\u00e4nzende Zukunft vor sich hatte, aber dessen Leben zwischen Brillanz und Selbstzerst\u00f6rung hin- und hergerissen war.<\/div>\n<div class=\"x14z9mp xat24cr x1lziwak x1vvkbs xtlvy1s\">Das Staatliche Musiktheater Kaunas l\u00e4dt Einwohner und Besucher von Klaip\u0117da zum Musical &#8222;Mozart!&#8220; der \u00f6sterreichischen Sch\u00f6pfer Michael Kunze und Sylvester Levay ein. &#8211; eine zweiteilige Geschichte \u00fcber ein Genie, dessen Leben zwischen dem Glanz des Ruhms und der Selbstzerst\u00f6rung schwankte.<\/div>\n<div class=\"x14z9mp xat24cr x1lziwak x1vvkbs xtlvy1s\">Er ist keine pomp\u00f6se Legende, sondern ein lebendiger, temperamentvoller, impulsiver Mozart &#8211; wie der erste Rockstar seiner Zeit. Die von Kunze und Levay geschaffene musikalische Welt verbindet die Energie des Rock mit der Eleganz des Rokoko, ein Kontrast, der die Komplexit\u00e4t des Mannes hinter der Maske des Genies offenbart. <\/div>\n<div class=\"x14z9mp xat24cr x1lziwak x1vvkbs xtlvy1s\">Die Produktion in Kaunas vereint den zeitgen\u00f6ssischen Look von Regisseurin Viktorija Strei\u010da, die musikalische Vision von Jonas Janulevi\u010dius, das dynamische B\u00fchnenbild von Art\u016bras \u0160imonis und die bezaubernden barocken Kost\u00fcme von Juozas Statkevi\u010dius. Die Kr\u00e4fte der Solisten, des Chors, des Balletts und des Orchesters erzeugen zusammen mit der Rhythmusgruppe einen Sturm der musikalischen Dramatik. <\/div>\n<div class=\"x14z9mp xat24cr x1lziwak x1vvkbs xtlvy1s\">In Klaip\u0117da wird Vygantas Bemovas, ein Publikumsliebling f\u00fcr sein Charisma und seine ausdrucksstarke B\u00fchnenenergie, die Hauptrolle des Wolfgang Amadeus Mozart spielen.<\/div>\n<div class=\"x14z9mp xat24cr x1lziwak x1vvkbs xtlvy1s\">&#8222;Mozart!&#8220; offenbart den inneren Konflikt eines Genies: zwischen den Regeln des Hofes und dem Wunsch nach Freiheit, zwischen Pflicht und Selbstdarstellung, zwischen Disziplin und Hedonismus. Er wird von seinem &#8222;zweiten Ich&#8220; verfolgt, dem &#8222;Porzellankind&#8220; Amadeus, das das Genie symbolisiert, ihm Fl\u00fcgel verleiht, ihn aber gleichzeitig von innen heraus verbrennt.<br class=\"html-br\">Das Musical l\u00e4dt uns ein, Mozart kennenzulernen, nicht als perfekten Gott aus den Lehrb\u00fcchern, sondern als sensiblen, unvollkommenen, verr\u00fcckten und sehr menschlichen Menschen.<\/div>\n<div class=\"x14z9mp xat24cr x1lziwak x1vvkbs xtlvy1s\">&#8222;Mozart!&#8220; &#8211; Rock in der Welt des Rokoko. Eine emotionale Explosion, bei der Genie auf irdische Schw\u00e4che trifft.<\/div>\n","protected":false},"excerpt":{"rendered":"<p>Ein 2-teiliges Musical \u00fcber die Musiklegende MOZART! Ein Wunderkind, das eine gl\u00e4nzende Zukunft vor sich hatte, aber dessen Leben zwischen Brillanz und Selbstzerst\u00f6rung hin- und hergerissen war. Das Staatliche Musiktheater Kaunas l\u00e4dt Einwohner und Besucher von Klaip\u0117da zum Musical &#8222;Mozart!&#8220; der \u00f6sterreichischen Sch\u00f6pfer Michael Kunze und Sylvester Levay ein. &#8211; eine zweiteilige Geschichte \u00fcber ein [&hellip;]<\/p>\n","protected":false},"author":9,"featured_media":44535,"comment_status":"closed","ping_status":"closed","template":"","tags":[],"mec_category":[549],"class_list":["post-44569","mec-events","type-mec-events","status-publish","has-post-thumbnail","hentry","mec_category-das-musical"],"acf":[],"_links":{"self":[{"href":"https:\/\/klaipedatravel.lt\/de\/wp-json\/wp\/v2\/mec-events\/44569","targetHints":{"allow":["GET"]}}],"collection":[{"href":"https:\/\/klaipedatravel.lt\/de\/wp-json\/wp\/v2\/mec-events"}],"about":[{"href":"https:\/\/klaipedatravel.lt\/de\/wp-json\/wp\/v2\/types\/mec-events"}],"author":[{"embeddable":true,"href":"https:\/\/klaipedatravel.lt\/de\/wp-json\/wp\/v2\/users\/9"}],"replies":[{"embeddable":true,"href":"https:\/\/klaipedatravel.lt\/de\/wp-json\/wp\/v2\/comments?post=44569"}],"wp:featuredmedia":[{"embeddable":true,"href":"https:\/\/klaipedatravel.lt\/de\/wp-json\/wp\/v2\/media\/44535"}],"wp:attachment":[{"href":"https:\/\/klaipedatravel.lt\/de\/wp-json\/wp\/v2\/media?parent=44569"}],"wp:term":[{"taxonomy":"post_tag","embeddable":true,"href":"https:\/\/klaipedatravel.lt\/de\/wp-json\/wp\/v2\/tags?post=44569"},{"taxonomy":"mec_category","embeddable":true,"href":"https:\/\/klaipedatravel.lt\/de\/wp-json\/wp\/v2\/mec_category?post=44569"}],"curies":[{"name":"wp","href":"https:\/\/api.w.org\/{rel}","templated":true}]}}

<div class="xdj266r x14z9mp xat24cr x1lziwak x1vvkbs">Ein 2-teiliges Musical über die Musiklegende MOZART!</div>
<div class="x14z9mp xat24cr x1lziwak x1vvkbs xtlvy1s">Ein Wunderkind, das eine glänzende Zukunft vor sich hatte, aber dessen Leben zwischen Brillanz und Selbstzerstörung hin- und hergerissen war.</div>
<div class="x14z9mp xat24cr x1lziwak x1vvkbs xtlvy1s">Das Staatliche Musiktheater Kaunas lädt Einwohner und Besucher von Klaipėda zum Musical &#8222;Mozart!&#8220; der österreichischen Schöpfer Michael Kunze und Sylvester Levay ein. &#8211; eine zweiteilige Geschichte über ein Genie, dessen Leben zwischen dem Glanz des Ruhms und der Selbstzerstörung schwankte.</div>
<div class="x14z9mp xat24cr x1lziwak x1vvkbs xtlvy1s">Er ist keine pompöse Legende, sondern ein lebendiger, temperamentvoller, impulsiver Mozart &#8211; wie der erste Rockstar seiner Zeit. Die von Kunze und Levay geschaffene musikalische Welt verbindet die Energie des Rock mit der Eleganz des Rokoko, ein Kontrast, der die Komplexität des Mannes hinter der Maske des Genies offenbart. </div>
<div class="x14z9mp xat24cr x1lziwak x1vvkbs xtlvy1s">Die Produktion in Kaunas vereint den zeitgenössischen Look von Regisseurin Viktorija Streiča, die musikalische Vision von Jonas Janulevičius, das dynamische Bühnenbild von Artūras Šimonis und die bezaubernden barocken Kostüme von Juozas Statkevičius. Die Kräfte der Solisten, des Chors, des Balletts und des Orchesters erzeugen zusammen mit der Rhythmusgruppe einen Sturm der musikalischen Dramatik. </div>
<div class="x14z9mp xat24cr x1lziwak x1vvkbs xtlvy1s">In Klaipėda wird Vygantas Bemovas, ein Publikumsliebling für sein Charisma und seine ausdrucksstarke Bühnenenergie, die Hauptrolle des Wolfgang Amadeus Mozart spielen.</div>
<div class="x14z9mp xat24cr x1lziwak x1vvkbs xtlvy1s">&#8222;Mozart!&#8220; offenbart den inneren Konflikt eines Genies: zwischen den Regeln des Hofes und dem Wunsch nach Freiheit, zwischen Pflicht und Selbstdarstellung, zwischen Disziplin und Hedonismus. Er wird von seinem &#8222;zweiten Ich&#8220; verfolgt, dem &#8222;Porzellankind&#8220; Amadeus, das das Genie symbolisiert, ihm Flügel verleiht, ihn aber gleichzeitig von innen heraus verbrennt.<br class="html-br">Das Musical lädt uns ein, Mozart kennenzulernen, nicht als perfekten Gott aus den Lehrbüchern, sondern als sensiblen, unvollkommenen, verrückten und sehr menschlichen Menschen.</div>
<div class="x14z9mp xat24cr x1lziwak x1vvkbs xtlvy1s">&#8222;Mozart!&#8220; &#8211; Rock in der Welt des Rokoko. Eine emotionale Explosion, bei der Genie auf irdische Schwäche trifft.</div>

<p>Ein 2-teiliges Musical über die Musiklegende MOZART! Ein Wunderkind, das eine glänzende Zukunft vor sich hatte, aber dessen Leben zwischen Brillanz und Selbstzerstörung hin- und hergerissen war. Das Staatliche Musiktheater Kaunas lädt Einwohner und Besucher von Klaipėda zum Musical &#8222;Mozart!&#8220; der österreichischen Schöpfer Michael Kunze und Sylvester Levay ein. &#8211; eine zweiteilige Geschichte über ein [&hellip;]</p>
