{"id":44760,"date":"2026-03-13T15:55:49","date_gmt":"2026-03-13T13:55:49","guid":{"rendered":"https:\/\/klaipedatravel.lt\/event\/konzert-des-wettbewerbsprogramms-des-cantare-chores\/"},"modified":"2026-03-13T15:55:49","modified_gmt":"2026-03-13T13:55:49","slug":"konzert-des-wettbewerbsprogramms-des-cantare-chores","status":"publish","type":"mec-events","link":"https:\/\/klaipedatravel.lt\/de\/event\/konzert-des-wettbewerbsprogramms-des-cantare-chores\/","title":{"rendered":"Konzert des Wettbewerbsprogramms des Cantare-Chores"},"content":{"rendered":"<div class=\"xdj266r x14z9mp xat24cr x1lziwak x1vvkbs\">Der Cantare-Chor unter der Leitung von Ram\u016bnas Bar\u0161auskas wird am 26. M\u00e4rz nach Spanien reisen, um an einem internationalen Chorwettbewerb teilzunehmen. <\/div>\n<div class=\"x14z9mp xat24cr x1lziwak x1vvkbs xtlvy1s\">Vor der Reise laden wir Sie zu einem Konzert mit Werken ein, die bald auf der internationalen B\u00fchne zu sehen sein werden.<\/div>\n<div class=\"x14z9mp xat24cr x1lziwak x1vvkbs xtlvy1s\"><span class=\"html-span xexx8yu xyri2b x18d9i69 x1c1uobl x1hl2dhg x16tdsg8 x1vvkbs x3nfvp2 x1j61x8r x1fcty0u xdj266r xat24cr xm2jcoa x1mpyi22 xxymvpz xlup9mm x1kky2od\"><img decoding=\"async\" class=\"xz74otr x15mokao x1ga7v0g x16uus16 xbiv7yw\" src=\"https:\/\/static.xx.fbcdn.net\/images\/emoji.php\/v9\/t7e\/1\/16\/1f4c5.png\" alt=\"\ud83d\udcc5\" width=\"16\" height=\"16\"><\/span>  24. M\u00e4rz.<br class=\"html-br\"><span class=\"html-span xexx8yu xyri2b x18d9i69 x1c1uobl x1hl2dhg x16tdsg8 x1vvkbs x3nfvp2 x1j61x8r x1fcty0u xdj266r xat24cr xm2jcoa x1mpyi22 xxymvpz xlup9mm x1kky2od\"><img decoding=\"async\" class=\"xz74otr x15mokao x1ga7v0g x16uus16 xbiv7yw\" src=\"https:\/\/static.xx.fbcdn.net\/images\/emoji.php\/v9\/t2d\/1\/16\/1f555.png\" alt=\"\ud83d\udd55\" width=\"16\" height=\"16\"><\/span>  18:45 (nach der 18:00 Messe) <br class=\"html-br\"><span class=\"html-span xexx8yu xyri2b x18d9i69 x1c1uobl x1hl2dhg x16tdsg8 x1vvkbs x3nfvp2 x1j61x8r x1fcty0u xdj266r xat24cr xm2jcoa x1mpyi22 xxymvpz xlup9mm x1kky2od\"><img decoding=\"async\" class=\"xz74otr x15mokao x1ga7v0g x16uus16 xbiv7yw\" src=\"https:\/\/static.xx.fbcdn.net\/images\/emoji.php\/v9\/t2d\/1\/16\/1f4cd.png\" alt=\"\ud83d\udccd\" width=\"16\" height=\"16\"><\/span>  Klaip\u0117da Kirche Christus der K\u00f6nig, Bok\u0161t\u0173 str. 10<\/div>\n<div class=\"x14z9mp xat24cr x1lziwak x1vvkbs xtlvy1s\">Das Konzert beinhaltet Werke von D. Zacharas, G. M. Gu\u017eauskait\u0117, G. Svilainis, J. Naujalis, V. Augustinas, V. Mi\u0161kinis, T. L. de Victoria und J. Trotta.<\/div>\n<div class=\"x14z9mp xat24cr x1lziwak x1vvkbs xtlvy1s\"><span class=\"html-span xexx8yu xyri2b x18d9i69 x1c1uobl x1hl2dhg x16tdsg8 x1vvkbs x3nfvp2 x1j61x8r x1fcty0u xdj266r xat24cr xm2jcoa x1mpyi22 xxymvpz xlup9mm x1kky2od\"><img decoding=\"async\" class=\"xz74otr x15mokao x1ga7v0g x16uus16 xbiv7yw\" src=\"https:\/\/static.xx.fbcdn.net\/images\/emoji.php\/v9\/t1f\/1\/16\/1f3b6.png\" alt=\"\ud83c\udfb6\" width=\"16\" height=\"16\"><\/span>  Wir laden Sie ein, sich das Konzert anzuh\u00f6ren und w\u00fcnschen dem Chor viel Erfolg.<\/div>\n<div class=\"x14z9mp xat24cr x1lziwak x1vvkbs xtlvy1s\">Freier Eintritt.<br class=\"html-br\">Ab 6 Jahren.<\/div>\n","protected":false},"excerpt":{"rendered":"<p>Der Cantare-Chor unter der Leitung von Ram\u016bnas Bar\u0161auskas wird am 26. M\u00e4rz nach Spanien reisen, um an einem internationalen Chorwettbewerb teilzunehmen. Vor der Reise laden wir Sie zu einem Konzert mit Werken ein, die bald auf der internationalen B\u00fchne zu sehen sein werden. 24. M\u00e4rz. 18:45 (nach der 18:00 Messe) Klaip\u0117da Kirche Christus der K\u00f6nig, [&hellip;]<\/p>\n","protected":false},"author":9,"featured_media":44748,"comment_status":"closed","ping_status":"closed","template":"","tags":[],"mec_category":[509],"class_list":["post-44760","mec-events","type-mec-events","status-publish","has-post-thumbnail","hentry","mec_category-konzerte"],"acf":[],"_links":{"self":[{"href":"https:\/\/klaipedatravel.lt\/de\/wp-json\/wp\/v2\/mec-events\/44760","targetHints":{"allow":["GET"]}}],"collection":[{"href":"https:\/\/klaipedatravel.lt\/de\/wp-json\/wp\/v2\/mec-events"}],"about":[{"href":"https:\/\/klaipedatravel.lt\/de\/wp-json\/wp\/v2\/types\/mec-events"}],"author":[{"embeddable":true,"href":"https:\/\/klaipedatravel.lt\/de\/wp-json\/wp\/v2\/users\/9"}],"replies":[{"embeddable":true,"href":"https:\/\/klaipedatravel.lt\/de\/wp-json\/wp\/v2\/comments?post=44760"}],"wp:featuredmedia":[{"embeddable":true,"href":"https:\/\/klaipedatravel.lt\/de\/wp-json\/wp\/v2\/media\/44748"}],"wp:attachment":[{"href":"https:\/\/klaipedatravel.lt\/de\/wp-json\/wp\/v2\/media?parent=44760"}],"wp:term":[{"taxonomy":"post_tag","embeddable":true,"href":"https:\/\/klaipedatravel.lt\/de\/wp-json\/wp\/v2\/tags?post=44760"},{"taxonomy":"mec_category","embeddable":true,"href":"https:\/\/klaipedatravel.lt\/de\/wp-json\/wp\/v2\/mec_category?post=44760"}],"curies":[{"name":"wp","href":"https:\/\/api.w.org\/{rel}","templated":true}]}}

<div class="xdj266r x14z9mp xat24cr x1lziwak x1vvkbs">Der Cantare-Chor unter der Leitung von Ramūnas Baršauskas wird am 26. März nach Spanien reisen, um an einem internationalen Chorwettbewerb teilzunehmen. </div>
<div class="x14z9mp xat24cr x1lziwak x1vvkbs xtlvy1s">Vor der Reise laden wir Sie zu einem Konzert mit Werken ein, die bald auf der internationalen Bühne zu sehen sein werden.</div>
<div class="x14z9mp xat24cr x1lziwak x1vvkbs xtlvy1s"><span class="html-span xexx8yu xyri2b x18d9i69 x1c1uobl x1hl2dhg x16tdsg8 x1vvkbs x3nfvp2 x1j61x8r x1fcty0u xdj266r xat24cr xm2jcoa x1mpyi22 xxymvpz xlup9mm x1kky2od"><img decoding="async" class="xz74otr x15mokao x1ga7v0g x16uus16 xbiv7yw" src="https://static.xx.fbcdn.net/images/emoji.php/v9/t7e/1/16/1f4c5.png" alt="📅" width="16" height="16"></span>  24. März.<br class="html-br"><span class="html-span xexx8yu xyri2b x18d9i69 x1c1uobl x1hl2dhg x16tdsg8 x1vvkbs x3nfvp2 x1j61x8r x1fcty0u xdj266r xat24cr xm2jcoa x1mpyi22 xxymvpz xlup9mm x1kky2od"><img decoding="async" class="xz74otr x15mokao x1ga7v0g x16uus16 xbiv7yw" src="https://static.xx.fbcdn.net/images/emoji.php/v9/t2d/1/16/1f555.png" alt="🕕" width="16" height="16"></span>  18:45 (nach der 18:00 Messe) <br class="html-br"><span class="html-span xexx8yu xyri2b x18d9i69 x1c1uobl x1hl2dhg x16tdsg8 x1vvkbs x3nfvp2 x1j61x8r x1fcty0u xdj266r xat24cr xm2jcoa x1mpyi22 xxymvpz xlup9mm x1kky2od"><img decoding="async" class="xz74otr x15mokao x1ga7v0g x16uus16 xbiv7yw" src="https://static.xx.fbcdn.net/images/emoji.php/v9/t2d/1/16/1f4cd.png" alt="📍" width="16" height="16"></span>  Klaipėda Kirche Christus der König, Bokštų str. 10</div>
<div class="x14z9mp xat24cr x1lziwak x1vvkbs xtlvy1s">Das Konzert beinhaltet Werke von D. Zacharas, G. M. Gužauskaitė, G. Svilainis, J. Naujalis, V. Augustinas, V. Miškinis, T. L. de Victoria und J. Trotta.</div>
<div class="x14z9mp xat24cr x1lziwak x1vvkbs xtlvy1s"><span class="html-span xexx8yu xyri2b x18d9i69 x1c1uobl x1hl2dhg x16tdsg8 x1vvkbs x3nfvp2 x1j61x8r x1fcty0u xdj266r xat24cr xm2jcoa x1mpyi22 xxymvpz xlup9mm x1kky2od"><img decoding="async" class="xz74otr x15mokao x1ga7v0g x16uus16 xbiv7yw" src="https://static.xx.fbcdn.net/images/emoji.php/v9/t1f/1/16/1f3b6.png" alt="🎶" width="16" height="16"></span>  Wir laden Sie ein, sich das Konzert anzuhören und wünschen dem Chor viel Erfolg.</div>
<div class="x14z9mp xat24cr x1lziwak x1vvkbs xtlvy1s">Freier Eintritt.<br class="html-br">Ab 6 Jahren.</div>

<p>Der Cantare-Chor unter der Leitung von Ramūnas Baršauskas wird am 26. März nach Spanien reisen, um an einem internationalen Chorwettbewerb teilzunehmen. Vor der Reise laden wir Sie zu einem Konzert mit Werken ein, die bald auf der internationalen Bühne zu sehen sein werden. 24. März. 18:45 (nach der 18:00 Messe) Klaipėda Kirche Christus der König, [&hellip;]</p>
