{"id":44762,"date":"2026-03-13T15:49:51","date_gmt":"2026-03-13T13:49:51","guid":{"rendered":"https:\/\/klaipedatravel.lt\/event\/workshop-mit-der-kuenstlerin-ana-de-almeida\/"},"modified":"2026-03-13T15:49:51","modified_gmt":"2026-03-13T13:49:51","slug":"workshop-mit-der-kuenstlerin-ana-de-almeida","status":"publish","type":"mec-events","link":"https:\/\/klaipedatravel.lt\/de\/event\/workshop-mit-der-kuenstlerin-ana-de-almeida\/","title":{"rendered":"Workshop mit der K\u00fcnstlerin Ana de Almeida"},"content":{"rendered":"<p>&#8222;In The History of Fat wird Glyzerin zu einer bewahrenden und zugleich aufl\u00f6senden Kraft &#8211; eine Substanz, die die Erinnerung bewahrt und ihr gleichzeitig stillschweigend widerspricht. Dieses Paradoxon ist in der Ausstellung &#8222;Die unertr\u00e4gliche Schwere der Bedeutung&#8220; von Ana de Almeida und Leo Trotsenko in der KCCC Exhibition Hall zu sehen. Hier setzt die Idee zu diesem Workshop an.  <\/p>\n<p>Die Teilnehmer sind eingeladen, ihre eigenen konzeptionellen Seifen mit Pigmenten, D\u00fcften und einer veganen Glyzerinbasis als Medium herzustellen. Wie die handgefertigten Seifen in der Installation wird jedes Objekt, das in diesem Workshop entsteht, als kleines Archiv dienen &#8211; eine Geste der Bewahrung, die von Natur aus tempor\u00e4r ist. <\/p>\n<p>Die Teilnehmer werden gebeten, kleine Erinnerungsobjekte, Fotokopien und Fragmente von Fotografien mitzubringen (die Gr\u00f6\u00dfe des Materials sollte 7,5 \u00d7 5 \u00d7 2 cm betragen). Sie werden in Seife getaucht, in einem Objekttr\u00e4ger aufgeh\u00e4ngt, festgehalten und langsam in demselben Material, das ihnen ihre Form gibt, zerlegt. <\/p>\n<p>Der Workshop stellt die Frage: Was bewahren wir auf und was sagt diese Entscheidung dar\u00fcber aus, wie wir Bedeutung schaffen? Was geht beim Archivieren verloren und was bleibt? K\u00fcnstlerische Vorkenntnisse sind nicht erforderlich &#8211; nur etwas Wertvolles, das Sie aufbewahren m\u00f6chten, und die Bereitschaft, das Material entscheiden zu lassen, was als n\u00e4chstes geschieht.  <\/p>\n<p>Ana de Almeida (geboren 1987) ist eine in Lissabon und Wien lebende K\u00fcnstlerin und Autorin. In ihrer Arbeit erforscht sie die Politik der Erinnerung, die \u00dcberschneidung zwischen archivarischen Methoden und pers\u00f6nlichen und kollektiven Geschichten. <\/p>\n<p>Der Workshop wird in englischer Sprache abgehalten.<\/p>\n<p>Adresse: Ba\u017eny\u010di\u0173 g. 4, Klaip\u0117da <\/p>\n<p>Zeit: 17:30 (bis zu 1,5 Stunden) <\/p>\n<p>Bis zu 15 Teilnehmer Preis: 13,50 EU, Tickets erh\u00e4ltlich bei bilietai.lt: K\u016aRYBIN\u0116S WORKSHOP\u0116S WORBTUV\u0116S &#8220;ARCHYV\u0172 DISSOVILN\u0172 ARCHIVES&#8220; MIT K\u00dcNSTLERIN ANA DE ALMEIDOS \/ WORKSHOP BY ANA DE ALMEIDA &#8218;DISSOVILNING ARCHIVES&#8216; &#8211; 19.03.2026 &#8211; KCCC Art Courtyard Workshop &#8211; Tickets<\/p>\n<p>Bitte beachten Sie, dass die Teilnehmer auf Fotos und Videos der Veranstaltung zu sehen sind, die in verschiedenen Medien ver\u00f6ffentlicht wurden.<\/p>\n","protected":false},"excerpt":{"rendered":"<p>&#8222;In The History of Fat wird Glyzerin zu einer bewahrenden und zugleich aufl\u00f6senden Kraft &#8211; eine Substanz, die die Erinnerung bewahrt und ihr gleichzeitig stillschweigend widerspricht. Dieses Paradoxon ist in der Ausstellung &#8222;Die unertr\u00e4gliche Schwere der Bedeutung&#8220; von Ana de Almeida und Leo Trotsenko in der KCCC Exhibition Hall zu sehen. Hier setzt die Idee [&hellip;]<\/p>\n","protected":false},"author":9,"featured_media":44743,"comment_status":"closed","ping_status":"closed","template":"","tags":[],"mec_category":[614],"class_list":["post-44762","mec-events","type-mec-events","status-publish","has-post-thumbnail","hentry","mec_category-workshop-de"],"acf":[],"_links":{"self":[{"href":"https:\/\/klaipedatravel.lt\/de\/wp-json\/wp\/v2\/mec-events\/44762","targetHints":{"allow":["GET"]}}],"collection":[{"href":"https:\/\/klaipedatravel.lt\/de\/wp-json\/wp\/v2\/mec-events"}],"about":[{"href":"https:\/\/klaipedatravel.lt\/de\/wp-json\/wp\/v2\/types\/mec-events"}],"author":[{"embeddable":true,"href":"https:\/\/klaipedatravel.lt\/de\/wp-json\/wp\/v2\/users\/9"}],"replies":[{"embeddable":true,"href":"https:\/\/klaipedatravel.lt\/de\/wp-json\/wp\/v2\/comments?post=44762"}],"wp:featuredmedia":[{"embeddable":true,"href":"https:\/\/klaipedatravel.lt\/de\/wp-json\/wp\/v2\/media\/44743"}],"wp:attachment":[{"href":"https:\/\/klaipedatravel.lt\/de\/wp-json\/wp\/v2\/media?parent=44762"}],"wp:term":[{"taxonomy":"post_tag","embeddable":true,"href":"https:\/\/klaipedatravel.lt\/de\/wp-json\/wp\/v2\/tags?post=44762"},{"taxonomy":"mec_category","embeddable":true,"href":"https:\/\/klaipedatravel.lt\/de\/wp-json\/wp\/v2\/mec_category?post=44762"}],"curies":[{"name":"wp","href":"https:\/\/api.w.org\/{rel}","templated":true}]}}

Workshop mit der Künstlerin Ana de Almeida

<p>&#8222;In The History of Fat wird Glyzerin zu einer bewahrenden und zugleich auflösenden Kraft &#8211; eine Substanz, die die Erinnerung bewahrt und ihr gleichzeitig stillschweigend widerspricht. Dieses Paradoxon ist in der Ausstellung &#8222;Die unerträgliche Schwere der Bedeutung&#8220; von Ana de Almeida und Leo Trotsenko in der KCCC Exhibition Hall zu sehen. Hier setzt die Idee zu diesem Workshop an.  </p>
<p>Die Teilnehmer sind eingeladen, ihre eigenen konzeptionellen Seifen mit Pigmenten, Düften und einer veganen Glyzerinbasis als Medium herzustellen. Wie die handgefertigten Seifen in der Installation wird jedes Objekt, das in diesem Workshop entsteht, als kleines Archiv dienen &#8211; eine Geste der Bewahrung, die von Natur aus temporär ist. </p>
<p>Die Teilnehmer werden gebeten, kleine Erinnerungsobjekte, Fotokopien und Fragmente von Fotografien mitzubringen (die Größe des Materials sollte 7,5 × 5 × 2 cm betragen). Sie werden in Seife getaucht, in einem Objektträger aufgehängt, festgehalten und langsam in demselben Material, das ihnen ihre Form gibt, zerlegt. </p>
<p>Der Workshop stellt die Frage: Was bewahren wir auf und was sagt diese Entscheidung darüber aus, wie wir Bedeutung schaffen? Was geht beim Archivieren verloren und was bleibt? Künstlerische Vorkenntnisse sind nicht erforderlich &#8211; nur etwas Wertvolles, das Sie aufbewahren möchten, und die Bereitschaft, das Material entscheiden zu lassen, was als nächstes geschieht.  </p>
<p>Ana de Almeida (geboren 1987) ist eine in Lissabon und Wien lebende Künstlerin und Autorin. In ihrer Arbeit erforscht sie die Politik der Erinnerung, die Überschneidung zwischen archivarischen Methoden und persönlichen und kollektiven Geschichten. </p>
<p>Der Workshop wird in englischer Sprache abgehalten.</p>
<p>Adresse: Bažnyčių g. 4, Klaipėda </p>
<p>Zeit: 17:30 (bis zu 1,5 Stunden) </p>
<p>Bis zu 15 Teilnehmer Preis: 13,50 EU, Tickets erhältlich bei bilietai.lt: KŪRYBINĖS WORKSHOPĖS WORBTUVĖS &#8220;ARCHYVŲ DISSOVILNŲ ARCHIVES&#8220; MIT KÜNSTLERIN ANA DE ALMEIDOS / WORKSHOP BY ANA DE ALMEIDA &#8218;DISSOVILNING ARCHIVES&#8216; &#8211; 19.03.2026 &#8211; KCCC Art Courtyard Workshop &#8211; Tickets</p>
<p>Bitte beachten Sie, dass die Teilnehmer auf Fotos und Videos der Veranstaltung zu sehen sind, die in verschiedenen Medien veröffentlicht wurden.</p>

<p>&#8222;In The History of Fat wird Glyzerin zu einer bewahrenden und zugleich auflösenden Kraft &#8211; eine Substanz, die die Erinnerung bewahrt und ihr gleichzeitig stillschweigend widerspricht. Dieses Paradoxon ist in der Ausstellung &#8222;Die unerträgliche Schwere der Bedeutung&#8220; von Ana de Almeida und Leo Trotsenko in der KCCC Exhibition Hall zu sehen. Hier setzt die Idee [&hellip;]</p>
