{"id":44769,"date":"2026-03-13T10:45:37","date_gmt":"2026-03-13T08:45:37","guid":{"rendered":"https:\/\/klaipedatravel.lt\/event\/welttag-der-erde-2026\/"},"modified":"2026-03-13T10:45:37","modified_gmt":"2026-03-13T08:45:37","slug":"welttag-der-erde-2026","status":"publish","type":"mec-events","link":"https:\/\/klaipedatravel.lt\/de\/event\/welttag-der-erde-2026\/","title":{"rendered":"Welttag der Erde 2026"},"content":{"rendered":"<p>\ud835\udc0a\ud835\udc28\ud835\udc2f\ud835\udc28 \ud835\udfcf\ud835\udfd7 \ud835\udc1d. \ud835\udfcf\ud835\udfd1 \ud835\udc2f\ud835\udc1a\ud835\udc25.<br class=\"html-br\">&#8222;CHILDREN&#8217;S VOICES &#8211; EARTH DAY&#8220;<br class=\"html-br\">&#8211; Bildung mit dem Ornithologen Boris Belchev &#8222;Haus der V\u00f6gel: warum und wie man den Nistkasten pflegt&#8220;<br class=\"html-br\">&#8211; Nistkasten-Workshops<br class=\"html-br\">&#8211; Installation der Enten-Nistpl\u00e4tze<br class=\"html-br\">&#8211; Gymnasium Gemischter Chor Konzertprogramm <br class=\"html-br\"><span class=\"html-span xexx8yu xyri2b x18d9i69 x1c1uobl x1hl2dhg x16tdsg8 x1vvkbs x3nfvp2 x1j61x8r x1fcty0u xdj266r xat24cr xm2jcoa x1mpyi22 xxymvpz xlup9mm x1kky2od\"><img decoding=\"async\" class=\"xz74otr x15mokao x1ga7v0g x16uus16 xbiv7yw\" src=\"https:\/\/static.xx.fbcdn.net\/images\/emoji.php\/v9\/t2d\/1\/16\/1f4cd.png\" alt=\"\ud83d\udccd\" width=\"16\" height=\"16\"><\/span>Im Innenhof des Klaip\u0117da Eduardas Balsis Kunstgymnasiums (Statybinink\u0173 Ave. 2)<\/p>\n","protected":false},"excerpt":{"rendered":"<p>\ud835\udc0a\ud835\udc28\ud835\udc2f\ud835\udc28 \ud835\udfcf\ud835\udfd7 \ud835\udc1d. \ud835\udfcf\ud835\udfd1 \ud835\udc2f\ud835\udc1a\ud835\udc25.&#8222;CHILDREN&#8217;S VOICES &#8211; EARTH DAY&#8220;&#8211; Bildung mit dem Ornithologen Boris Belchev &#8222;Haus der V\u00f6gel: warum und wie man den Nistkasten pflegt&#8220;&#8211; Nistkasten-Workshops&#8211; Installation der Enten-Nistpl\u00e4tze&#8211; Gymnasium Gemischter Chor Konzertprogramm Im Innenhof des Klaip\u0117da Eduardas Balsis Kunstgymnasiums (Statybinink\u0173 Ave. 2)<\/p>\n","protected":false},"author":9,"featured_media":44709,"comment_status":"closed","ping_status":"closed","template":"","tags":[],"mec_category":[564],"class_list":["post-44769","mec-events","type-mec-events","status-publish","has-post-thumbnail","hentry","mec_category-feiertage"],"acf":[],"_links":{"self":[{"href":"https:\/\/klaipedatravel.lt\/de\/wp-json\/wp\/v2\/mec-events\/44769","targetHints":{"allow":["GET"]}}],"collection":[{"href":"https:\/\/klaipedatravel.lt\/de\/wp-json\/wp\/v2\/mec-events"}],"about":[{"href":"https:\/\/klaipedatravel.lt\/de\/wp-json\/wp\/v2\/types\/mec-events"}],"author":[{"embeddable":true,"href":"https:\/\/klaipedatravel.lt\/de\/wp-json\/wp\/v2\/users\/9"}],"replies":[{"embeddable":true,"href":"https:\/\/klaipedatravel.lt\/de\/wp-json\/wp\/v2\/comments?post=44769"}],"wp:featuredmedia":[{"embeddable":true,"href":"https:\/\/klaipedatravel.lt\/de\/wp-json\/wp\/v2\/media\/44709"}],"wp:attachment":[{"href":"https:\/\/klaipedatravel.lt\/de\/wp-json\/wp\/v2\/media?parent=44769"}],"wp:term":[{"taxonomy":"post_tag","embeddable":true,"href":"https:\/\/klaipedatravel.lt\/de\/wp-json\/wp\/v2\/tags?post=44769"},{"taxonomy":"mec_category","embeddable":true,"href":"https:\/\/klaipedatravel.lt\/de\/wp-json\/wp\/v2\/mec_category?post=44769"}],"curies":[{"name":"wp","href":"https:\/\/api.w.org\/{rel}","templated":true}]}}

<p>𝐊𝐨𝐯𝐨 𝟏𝟗 𝐝. 𝟏𝟑 𝐯𝐚𝐥.<br class="html-br">&#8222;CHILDREN&#8217;S VOICES &#8211; EARTH DAY&#8220;<br class="html-br">&#8211; Bildung mit dem Ornithologen Boris Belchev &#8222;Haus der Vögel: warum und wie man den Nistkasten pflegt&#8220;<br class="html-br">&#8211; Nistkasten-Workshops<br class="html-br">&#8211; Installation der Enten-Nistplätze<br class="html-br">&#8211; Gymnasium Gemischter Chor Konzertprogramm <br class="html-br"><span class="html-span xexx8yu xyri2b x18d9i69 x1c1uobl x1hl2dhg x16tdsg8 x1vvkbs x3nfvp2 x1j61x8r x1fcty0u xdj266r xat24cr xm2jcoa x1mpyi22 xxymvpz xlup9mm x1kky2od"><img decoding="async" class="xz74otr x15mokao x1ga7v0g x16uus16 xbiv7yw" src="https://static.xx.fbcdn.net/images/emoji.php/v9/t2d/1/16/1f4cd.png" alt="📍" width="16" height="16"></span>Im Innenhof des Klaipėda Eduardas Balsis Kunstgymnasiums (Statybininkų Ave. 2)</p>

<p>𝐊𝐨𝐯𝐨 𝟏𝟗 𝐝. 𝟏𝟑 𝐯𝐚𝐥.&#8222;CHILDREN&#8217;S VOICES &#8211; EARTH DAY&#8220;&#8211; Bildung mit dem Ornithologen Boris Belchev &#8222;Haus der Vögel: warum und wie man den Nistkasten pflegt&#8220;&#8211; Nistkasten-Workshops&#8211; Installation der Enten-Nistplätze&#8211; Gymnasium Gemischter Chor Konzertprogramm Im Innenhof des Klaipėda Eduardas Balsis Kunstgymnasiums (Statybininkų Ave. 2)</p>
