{"id":44809,"date":"2026-03-16T11:26:25","date_gmt":"2026-03-16T09:26:25","guid":{"rendered":"https:\/\/klaipedatravel.lt\/event\/konzert-dar-karta-von-der-gruppe-liudni-slibinai\/"},"modified":"2026-03-16T11:26:25","modified_gmt":"2026-03-16T09:26:25","slug":"konzert-dar-karta-von-der-gruppe-liudni-slibinai","status":"publish","type":"mec-events","link":"https:\/\/klaipedatravel.lt\/de\/event\/konzert-dar-karta-von-der-gruppe-liudni-slibinai\/","title":{"rendered":"Konzert &#8222;Dar kart\u0105&#8220; von der Gruppe &#8222;Li\u016bdni Slibinai&#8220;"},"content":{"rendered":"<p>Nach acht Jahren gemeinsamer Auszeit von der Musik k\u00fcndigt Li\u016bdni slibinai das Ende ihres Urlaubs an. Im Herbst wird die Band Konzerte in Vilnius, Kaunas, Klaip\u0117da und Panev\u0117\u017eys geben, wo sie sich an die traurige Natur des Lebens erinnern wird. <\/p>\n<p>&#8222;Wir haben uns ausgeruht, wir haben gelebt, wir haben diejenigen getroffen, die uns nicht vergessen haben und wir hatten das Gef\u00fchl, dass es zu traurig w\u00e4re, wenn wir uns nicht wiedersehen w\u00fcrden. Arenen, so h\u00f6rten wir, sind heutzutage alle belegt, Stadien sind auch nur f\u00fcr Schulen, also beschlossen wir, uns in n\u00e4heren R\u00e4umen zu treffen, wo wir die Augen der Menschen sehen und ihre Herzen sp\u00fcren k\u00f6nnen&#8220;, sagt Vaidas Kublinskas, der einst als das Gehirn hinter Li\u016bdn\u0173 dragon\u0173 bekannt war. <\/p>\n<p>In einem akustischen Programm mit dem Titel &#8222;Sad Dragons. Dar kart\u0105&#8220; werden die bereits bekannten Lieder der Theatergruppe zu h\u00f6ren sein, die auf den Texten litauischer Dichter basieren, sowie die existenziellen Werke von Vaidas Kublinskas, Dominykas Vaitiek\u016bnas und Aist\u0117 Lasyt\u0117, die auf ihrem letzten Album &#8222;Everything will soon be over&#8220; zu h\u00f6ren sind. <\/p>\n","protected":false},"excerpt":{"rendered":"<p>Nach acht Jahren gemeinsamer Auszeit von der Musik k\u00fcndigt Li\u016bdni slibinai das Ende ihres Urlaubs an. Im Herbst wird die Band Konzerte in Vilnius, Kaunas, Klaip\u0117da und Panev\u0117\u017eys geben, wo sie sich an die traurige Natur des Lebens erinnern wird. &#8222;Wir haben uns ausgeruht, wir haben gelebt, wir haben diejenigen getroffen, die uns nicht vergessen [&hellip;]<\/p>\n","protected":false},"author":9,"featured_media":44806,"comment_status":"closed","ping_status":"closed","template":"","tags":[],"mec_category":[509],"class_list":["post-44809","mec-events","type-mec-events","status-publish","has-post-thumbnail","hentry","mec_category-konzerte"],"acf":[],"_links":{"self":[{"href":"https:\/\/klaipedatravel.lt\/de\/wp-json\/wp\/v2\/mec-events\/44809","targetHints":{"allow":["GET"]}}],"collection":[{"href":"https:\/\/klaipedatravel.lt\/de\/wp-json\/wp\/v2\/mec-events"}],"about":[{"href":"https:\/\/klaipedatravel.lt\/de\/wp-json\/wp\/v2\/types\/mec-events"}],"author":[{"embeddable":true,"href":"https:\/\/klaipedatravel.lt\/de\/wp-json\/wp\/v2\/users\/9"}],"replies":[{"embeddable":true,"href":"https:\/\/klaipedatravel.lt\/de\/wp-json\/wp\/v2\/comments?post=44809"}],"wp:featuredmedia":[{"embeddable":true,"href":"https:\/\/klaipedatravel.lt\/de\/wp-json\/wp\/v2\/media\/44806"}],"wp:attachment":[{"href":"https:\/\/klaipedatravel.lt\/de\/wp-json\/wp\/v2\/media?parent=44809"}],"wp:term":[{"taxonomy":"post_tag","embeddable":true,"href":"https:\/\/klaipedatravel.lt\/de\/wp-json\/wp\/v2\/tags?post=44809"},{"taxonomy":"mec_category","embeddable":true,"href":"https:\/\/klaipedatravel.lt\/de\/wp-json\/wp\/v2\/mec_category?post=44809"}],"curies":[{"name":"wp","href":"https:\/\/api.w.org\/{rel}","templated":true}]}}

Konzert &#8222;Dar kartą&#8220; von der Gruppe &#8222;Liūdni Slibinai&#8220;

<p>Nach acht Jahren gemeinsamer Auszeit von der Musik kündigt Liūdni slibinai das Ende ihres Urlaubs an. Im Herbst wird die Band Konzerte in Vilnius, Kaunas, Klaipėda und Panevėžys geben, wo sie sich an die traurige Natur des Lebens erinnern wird. </p>
<p>&#8222;Wir haben uns ausgeruht, wir haben gelebt, wir haben diejenigen getroffen, die uns nicht vergessen haben und wir hatten das Gefühl, dass es zu traurig wäre, wenn wir uns nicht wiedersehen würden. Arenen, so hörten wir, sind heutzutage alle belegt, Stadien sind auch nur für Schulen, also beschlossen wir, uns in näheren Räumen zu treffen, wo wir die Augen der Menschen sehen und ihre Herzen spüren können&#8220;, sagt Vaidas Kublinskas, der einst als das Gehirn hinter Liūdnų dragonų bekannt war. </p>
<p>In einem akustischen Programm mit dem Titel &#8222;Sad Dragons. Dar kartą&#8220; werden die bereits bekannten Lieder der Theatergruppe zu hören sein, die auf den Texten litauischer Dichter basieren, sowie die existenziellen Werke von Vaidas Kublinskas, Dominykas Vaitiekūnas und Aistė Lasytė, die auf ihrem letzten Album &#8222;Everything will soon be over&#8220; zu hören sind. </p>

<p>Nach acht Jahren gemeinsamer Auszeit von der Musik kündigt Liūdni slibinai das Ende ihres Urlaubs an. Im Herbst wird die Band Konzerte in Vilnius, Kaunas, Klaipėda und Panevėžys geben, wo sie sich an die traurige Natur des Lebens erinnern wird. &#8222;Wir haben uns ausgeruht, wir haben gelebt, wir haben diejenigen getroffen, die uns nicht vergessen [&hellip;]</p>
