{"id":45373,"date":"2026-03-23T13:06:08","date_gmt":"2026-03-23T11:06:08","guid":{"rendered":"https:\/\/klaipedatravel.lt\/event\/gedenken-an-den-22-jahrestag-des-beitritts-litauens-zur-nato\/"},"modified":"2026-03-23T13:06:08","modified_gmt":"2026-03-23T11:06:08","slug":"gedenken-an-den-22-jahrestag-des-beitritts-litauens-zur-nato","status":"publish","type":"mec-events","link":"https:\/\/klaipedatravel.lt\/de\/event\/gedenken-an-den-22-jahrestag-des-beitritts-litauens-zur-nato\/","title":{"rendered":"Gedenken an den 22. Jahrestag des Beitritts Litauens zur NATO"},"content":{"rendered":"<p>15.00 Beginn der Veranstaltung <\/p>\n<p>15.50 &#8222;West Wave&#8220; Prozession <\/p>\n<p>W\u00e4hrend der Veranstaltung:<\/p>\n<ul class=\"wp-block-list\">\n<li>Konzert des Klaip\u0117da Stasys \u0160imkus Conservatoire Jazz Ensemble,<\/li>\n<li>Kommandeur der Klaip\u0117da-Garnison der litauischen Streitkr\u00e4fte, Marinekapit\u00e4n. Tadas Jablonskis, <\/li>\n<li>&#8222;Gr\u00fc\u00dfe von Martynas Ma\u017eeika, Direktor von Neptunas.<\/li>\n<li>Bekanntgabe der Gewinner des Sch\u00fcler-Malwettbewerbs &#8222;NATO &#8211; Through My Eyes&#8220; und der Preise,<\/li>\n<li>Auftritt des Volkstanzensembles &#8222;Neris&#8220; der Garnisonsoffiziersmesse von Vilnius.<\/li>\n<\/ul>\n<p><strong>Im Inneren der \u0160vyturias Arena<\/strong> (mit einer <a id=\"https:\/\/kakava.lt\/pirkti-bilietus\/11577\/23725?utm_source=svyturioarenaweb&amp;utm_campaign=neptunas20260328\" href=\"https:\/\/kakava.lt\/pirkti-bilietus\/11577\/23725?utm_source=svyturioarenaweb&amp;utm_campaign=neptunas20260328\" target=\"_blank\" rel=\"noreferrer noopener\" type=\"link\">Eintrittskarte f\u00fcr das LKL-Spiel Nept\u016bnas &#8211; Lietkabelis<\/a>)<\/p>\n<ul class=\"wp-block-list\">\n<li>KASP 3R Waffenausstellung, Fotostand,<\/li>\n<li>Nationalhymne der Republik Litauen. Litauisches KJP-Orchester. <\/li>\n<\/ul>\n","protected":false},"excerpt":{"rendered":"<p>15.00 Beginn der Veranstaltung 15.50 &#8222;West Wave&#8220; Prozession W\u00e4hrend der Veranstaltung: Konzert des Klaip\u0117da Stasys \u0160imkus Conservatoire Jazz Ensemble, Kommandeur der Klaip\u0117da-Garnison der litauischen Streitkr\u00e4fte, Marinekapit\u00e4n. Tadas Jablonskis, &#8222;Gr\u00fc\u00dfe von Martynas Ma\u017eeika, Direktor von Neptunas. Bekanntgabe der Gewinner des Sch\u00fcler-Malwettbewerbs &#8222;NATO &#8211; Through My Eyes&#8220; und der Preise, Auftritt des Volkstanzensembles &#8222;Neris&#8220; der Garnisonsoffiziersmesse von [&hellip;]<\/p>\n","protected":false},"author":8,"featured_media":45325,"comment_status":"closed","ping_status":"closed","template":"","tags":[],"mec_category":[511],"class_list":["post-45373","mec-events","type-mec-events","status-publish","has-post-thumbnail","hentry","mec_category-gedenken"],"acf":[],"_links":{"self":[{"href":"https:\/\/klaipedatravel.lt\/de\/wp-json\/wp\/v2\/mec-events\/45373","targetHints":{"allow":["GET"]}}],"collection":[{"href":"https:\/\/klaipedatravel.lt\/de\/wp-json\/wp\/v2\/mec-events"}],"about":[{"href":"https:\/\/klaipedatravel.lt\/de\/wp-json\/wp\/v2\/types\/mec-events"}],"author":[{"embeddable":true,"href":"https:\/\/klaipedatravel.lt\/de\/wp-json\/wp\/v2\/users\/8"}],"replies":[{"embeddable":true,"href":"https:\/\/klaipedatravel.lt\/de\/wp-json\/wp\/v2\/comments?post=45373"}],"wp:featuredmedia":[{"embeddable":true,"href":"https:\/\/klaipedatravel.lt\/de\/wp-json\/wp\/v2\/media\/45325"}],"wp:attachment":[{"href":"https:\/\/klaipedatravel.lt\/de\/wp-json\/wp\/v2\/media?parent=45373"}],"wp:term":[{"taxonomy":"post_tag","embeddable":true,"href":"https:\/\/klaipedatravel.lt\/de\/wp-json\/wp\/v2\/tags?post=45373"},{"taxonomy":"mec_category","embeddable":true,"href":"https:\/\/klaipedatravel.lt\/de\/wp-json\/wp\/v2\/mec_category?post=45373"}],"curies":[{"name":"wp","href":"https:\/\/api.w.org\/{rel}","templated":true}]}}

<p>15.00 Beginn der Veranstaltung </p>
<p>15.50 &#8222;West Wave&#8220; Prozession </p>
<p>Während der Veranstaltung:</p>
<ul class="wp-block-list">
<li>Konzert des Klaipėda Stasys Šimkus Conservatoire Jazz Ensemble,</li>
<li>Kommandeur der Klaipėda-Garnison der litauischen Streitkräfte, Marinekapitän. Tadas Jablonskis, </li>
<li>&#8222;Grüße von Martynas Mažeika, Direktor von Neptunas.</li>
<li>Bekanntgabe der Gewinner des Schüler-Malwettbewerbs &#8222;NATO &#8211; Through My Eyes&#8220; und der Preise,</li>
<li>Auftritt des Volkstanzensembles &#8222;Neris&#8220; der Garnisonsoffiziersmesse von Vilnius.</li>
</ul>
<p><strong>Im Inneren der Švyturias Arena</strong> (mit einer <a id="https://kakava.lt/pirkti-bilietus/11577/23725?utm_source=svyturioarenaweb&amp;utm_campaign=neptunas20260328" href="https://kakava.lt/pirkti-bilietus/11577/23725?utm_source=svyturioarenaweb&amp;utm_campaign=neptunas20260328" target="_blank" rel="noreferrer noopener" type="link">Eintrittskarte für das LKL-Spiel Neptūnas &#8211; Lietkabelis</a>)</p>
<ul class="wp-block-list">
<li>KASP 3R Waffenausstellung, Fotostand,</li>
<li>Nationalhymne der Republik Litauen. Litauisches KJP-Orchester. </li>
</ul>

<p>15.00 Beginn der Veranstaltung 15.50 &#8222;West Wave&#8220; Prozession Während der Veranstaltung: Konzert des Klaipėda Stasys Šimkus Conservatoire Jazz Ensemble, Kommandeur der Klaipėda-Garnison der litauischen Streitkräfte, Marinekapitän. Tadas Jablonskis, &#8222;Grüße von Martynas Mažeika, Direktor von Neptunas. Bekanntgabe der Gewinner des Schüler-Malwettbewerbs &#8222;NATO &#8211; Through My Eyes&#8220; und der Preise, Auftritt des Volkstanzensembles &#8222;Neris&#8220; der Garnisonsoffiziersmesse von [&hellip;]</p>
