{"id":34570,"date":"2025-06-04T09:23:36","date_gmt":"2025-06-04T06:23:36","guid":{"rendered":"https:\/\/klaipedatravel.lt\/event\/song-celebration-growing-up-for-lithuania-together-in-song-in-heart-lithuanian-children-and-youth-choir-festival\/"},"modified":"2025-06-04T09:23:36","modified_gmt":"2025-06-04T06:23:36","slug":"song-celebration-growing-up-for-lithuania-together-in-song-in-heart-lithuanian-children-and-youth-choir-festival","status":"publish","type":"mec-events","link":"https:\/\/klaipedatravel.lt\/en\/event\/song-celebration-growing-up-for-lithuania-together-in-song-in-heart-lithuanian-children-and-youth-choir-festival\/","title":{"rendered":"Song Celebration \u201cGrowing up for Lithuania &#8211; Together in Song, in Heart\u201d | Lithuanian Children and Youth Choir Festival"},"content":{"rendered":"<div class=\"x11i5rnm xat24cr x1mh8g0r x1vvkbs xtlvy1s\">  On 8 June at 17.00 we invite you to a spectacular celebration of choral music &#8211; the Festival of Songs \u201cAUGAM LIETUVAI &#8211; DAINOJ, \u0160IRDY, KARTU\u201d, which will take place at the Klaip\u0117da Summer Concert Stage!    <span class=\"html-span xexx8yu x4uap5 x18d9i69 xkhd6sd x1hl2dhg x16tdsg8 x1vvkbs x3nfvp2 x1j61x8r x1fcty0u xdj266r xat24cr xgzva0m xhhsvwb xxymvpz xlup9mm x1kky2od\"><img decoding=\"async\" class=\"xz74otr x168nmei x13lgxp2 x5pf9jr xo71vjh\" src=\"https:\/\/static.xx.fbcdn.net\/images\/emoji.php\/v9\/te0\/1\/16\/1f31f.png\" alt=\"\ud83c\udf1f\" width=\"16\" height=\"16\"><\/span>  This is the grand culmination of the 7th Lithuanian Children and Youth Choir Festival-Competition \u201cWe &#8211; Children of Lithuania\u201d.<\/div>\n<div class=\"x11i5rnm xat24cr x1mh8g0r x1vvkbs xtlvy1s\"><span class=\"html-span xexx8yu x4uap5 x18d9i69 xkhd6sd x1hl2dhg x16tdsg8 x1vvkbs x3nfvp2 x1j61x8r x1fcty0u xdj266r xat24cr xgzva0m xhhsvwb xxymvpz xlup9mm x1kky2od\"><img decoding=\"async\" class=\"xz74otr x168nmei x13lgxp2 x5pf9jr xo71vjh\" src=\"https:\/\/static.xx.fbcdn.net\/images\/emoji.php\/v9\/t7e\/1\/16\/1f3a4.png\" alt=\"\ud83c\udfa4\" width=\"16\" height=\"16\"><\/span>  More than 225 ensembles and over 5,600 young choristers, dancers and musicians from 58 cities and towns in Lithuania &#8211; from the largest centres to the smallest communities &#8211; will gather on stage:<br class=\"html-br\">Akmen\u0117, Bir\u017eai, Buki\u0161kis, Dituva, Dovilai, Elektr\u0117nai, Garg\u017edai, Jurbarkas, Kaunas, Kazl\u0173 R\u016bda, K\u0117dainiai, Kelm\u0117, Kybartai, Kintai, Klaip\u0117da, Krekenava, Kretinga, Kretingale, Kretinga, Kruonis, Kudirkos Naumiestis, Kupi\u0161kis, Kv\u0117darna, Laukuva, Marijampol\u0117, Ma\u017eeikiai, Mol\u0117tai, Neringa, Nida, Norkait\u0117, Norkai\u010diai, Kaunas, Kaunas, Kaunas, Lithuania, Lithuania, Lithuania, Lithuania, Lithuania, Lithuania, Lithuania, Pag\u0117giai, Pakruojis, Palanga, Panev\u0117\u017eys, Pasvalys, Plung\u0117, Priekul\u0117, Prienai, Roki\u0161kis, Rudamina, Salantai, \u0160akiai, \u0160auk\u0117nai, \u0160iauliai, \u0160ilal\u0117, \u0160ilut\u0117, Taurag\u0117, Tel\u0161iai, Trakai, Ukmerg\u0117, Utena, Uzpaliai, Veivir\u017e\u0117nai, Veivir\u017e\u0117nai, Venta, V\u0117\u017eai\u010diai, V\u0117\u017eai\u010diai, Vilkaviskis, Vilky\u010diai, Vilnius, \u017die\u017emari.<\/div>\n<div class=\"x11i5rnm xat24cr x1mh8g0r x1vvkbs xtlvy1s\"><span class=\"html-span xexx8yu x4uap5 x18d9i69 xkhd6sd x1hl2dhg x16tdsg8 x1vvkbs x3nfvp2 x1j61x8r x1fcty0u xdj266r xat24cr xgzva0m xhhsvwb xxymvpz xlup9mm x1kky2od\"><img decoding=\"async\" class=\"xz74otr x168nmei x13lgxp2 x5pf9jr xo71vjh\" src=\"https:\/\/static.xx.fbcdn.net\/images\/emoji.php\/v9\/te4\/1\/16\/1f1f1_1f1f9.png\" alt=\"\ud83c\uddf1\ud83c\uddf9\" width=\"16\" height=\"16\"><\/span>  The festival not only fosters the traditions of choral singing, but also serves as an important preparatory stage for the Lithuanian Pupils&#8217; Song Festival to be held in 2026. <\/div>\n<div class=\"x11i5rnm xat24cr x1mh8g0r x1vvkbs xtlvy1s\"><span class=\"html-span xexx8yu x4uap5 x18d9i69 xkhd6sd x1hl2dhg x16tdsg8 x1vvkbs x3nfvp2 x1j61x8r x1fcty0u xdj266r xat24cr xgzva0m xhhsvwb xxymvpz xlup9mm x1kky2od\"><img decoding=\"async\" class=\"xz74otr x168nmei x13lgxp2 x5pf9jr xo71vjh\" src=\"https:\/\/static.xx.fbcdn.net\/images\/emoji.php\/v9\/tbe\/1\/16\/1f3c6.png\" alt=\"\ud83c\udfc6\" width=\"16\" height=\"16\"><\/span>  During the event, the winner of the 7th Lithuanian Children and Youth Choir Festival-Competition GRAND PRIX will be announced &#8211; the best Lithuanian children&#8217;s or youth choir!<\/div>\n<div class=\"x11i5rnm xat24cr x1mh8g0r x1vvkbs xtlvy1s\"><span class=\"html-span xexx8yu x4uap5 x18d9i69 xkhd6sd x1hl2dhg x16tdsg8 x1vvkbs x3nfvp2 x1j61x8r x1fcty0u xdj266r xat24cr xgzva0m xhhsvwb xxymvpz xlup9mm x1kky2od\"><img decoding=\"async\" class=\"xz74otr x168nmei x13lgxp2 x5pf9jr xo71vjh\" src=\"https:\/\/static.xx.fbcdn.net\/images\/emoji.php\/v9\/t3d\/1\/16\/1f3c5.png\" alt=\"\ud83c\udfc5\" width=\"16\" height=\"16\"><\/span>  We will also honour Prof. Dr Regimantas Gudelis by awarding him the prestigious Golden Bird nomination for his contribution to national culture.<\/div>\n","protected":false},"excerpt":{"rendered":"<p>On 8 June at 17.00 we invite you to a spectacular celebration of choral music &#8211; the Festival of Songs \u201cAUGAM LIETUVAI &#8211; DAINOJ, \u0160IRDY, KARTU\u201d, which will take place at the Klaip\u0117da Summer Concert Stage! This is the grand culmination of the 7th Lithuanian Children and Youth Choir Festival-Competition \u201cWe &#8211; Children of Lithuania\u201d. [&hellip;]<\/p>\n","protected":false},"author":9,"featured_media":33987,"comment_status":"closed","ping_status":"closed","template":"","tags":[],"mec_category":[562],"class_list":["post-34570","mec-events","type-mec-events","status-publish","has-post-thumbnail","hentry","mec_category-holidays"],"acf":[],"_links":{"self":[{"href":"https:\/\/klaipedatravel.lt\/en\/wp-json\/wp\/v2\/mec-events\/34570","targetHints":{"allow":["GET"]}}],"collection":[{"href":"https:\/\/klaipedatravel.lt\/en\/wp-json\/wp\/v2\/mec-events"}],"about":[{"href":"https:\/\/klaipedatravel.lt\/en\/wp-json\/wp\/v2\/types\/mec-events"}],"author":[{"embeddable":true,"href":"https:\/\/klaipedatravel.lt\/en\/wp-json\/wp\/v2\/users\/9"}],"replies":[{"embeddable":true,"href":"https:\/\/klaipedatravel.lt\/en\/wp-json\/wp\/v2\/comments?post=34570"}],"wp:featuredmedia":[{"embeddable":true,"href":"https:\/\/klaipedatravel.lt\/en\/wp-json\/wp\/v2\/media\/33987"}],"wp:attachment":[{"href":"https:\/\/klaipedatravel.lt\/en\/wp-json\/wp\/v2\/media?parent=34570"}],"wp:term":[{"taxonomy":"post_tag","embeddable":true,"href":"https:\/\/klaipedatravel.lt\/en\/wp-json\/wp\/v2\/tags?post=34570"},{"taxonomy":"mec_category","embeddable":true,"href":"https:\/\/klaipedatravel.lt\/en\/wp-json\/wp\/v2\/mec_category?post=34570"}],"curies":[{"name":"wp","href":"https:\/\/api.w.org\/{rel}","templated":true}]}}

<div class="x11i5rnm xat24cr x1mh8g0r x1vvkbs xtlvy1s">  On 8 June at 17.00 we invite you to a spectacular celebration of choral music &#8211; the Festival of Songs “AUGAM LIETUVAI &#8211; DAINOJ, ŠIRDY, KARTU”, which will take place at the Klaipėda Summer Concert Stage!    <span class="html-span xexx8yu x4uap5 x18d9i69 xkhd6sd x1hl2dhg x16tdsg8 x1vvkbs x3nfvp2 x1j61x8r x1fcty0u xdj266r xat24cr xgzva0m xhhsvwb xxymvpz xlup9mm x1kky2od"><img decoding="async" class="xz74otr x168nmei x13lgxp2 x5pf9jr xo71vjh" src="https://static.xx.fbcdn.net/images/emoji.php/v9/te0/1/16/1f31f.png" alt="🌟" width="16" height="16"></span>  This is the grand culmination of the 7th Lithuanian Children and Youth Choir Festival-Competition “We &#8211; Children of Lithuania”.</div>
<div class="x11i5rnm xat24cr x1mh8g0r x1vvkbs xtlvy1s"><span class="html-span xexx8yu x4uap5 x18d9i69 xkhd6sd x1hl2dhg x16tdsg8 x1vvkbs x3nfvp2 x1j61x8r x1fcty0u xdj266r xat24cr xgzva0m xhhsvwb xxymvpz xlup9mm x1kky2od"><img decoding="async" class="xz74otr x168nmei x13lgxp2 x5pf9jr xo71vjh" src="https://static.xx.fbcdn.net/images/emoji.php/v9/t7e/1/16/1f3a4.png" alt="🎤" width="16" height="16"></span>  More than 225 ensembles and over 5,600 young choristers, dancers and musicians from 58 cities and towns in Lithuania &#8211; from the largest centres to the smallest communities &#8211; will gather on stage:<br class="html-br">Akmenė, Biržai, Bukiškis, Dituva, Dovilai, Elektrėnai, Gargždai, Jurbarkas, Kaunas, Kazlų Rūda, Kėdainiai, Kelmė, Kybartai, Kintai, Klaipėda, Krekenava, Kretinga, Kretingale, Kretinga, Kruonis, Kudirkos Naumiestis, Kupiškis, Kvėdarna, Laukuva, Marijampolė, Mažeikiai, Molėtai, Neringa, Nida, Norkaitė, Norkaičiai, Kaunas, Kaunas, Kaunas, Lithuania, Lithuania, Lithuania, Lithuania, Lithuania, Lithuania, Lithuania, Pagėgiai, Pakruojis, Palanga, Panevėžys, Pasvalys, Plungė, Priekulė, Prienai, Rokiškis, Rudamina, Salantai, Šakiai, Šaukėnai, Šiauliai, Šilalė, Šilutė, Tauragė, Telšiai, Trakai, Ukmergė, Utena, Uzpaliai, Veiviržėnai, Veiviržėnai, Venta, Vėžaičiai, Vėžaičiai, Vilkaviskis, Vilkyčiai, Vilnius, Žiežmari.</div>
<div class="x11i5rnm xat24cr x1mh8g0r x1vvkbs xtlvy1s"><span class="html-span xexx8yu x4uap5 x18d9i69 xkhd6sd x1hl2dhg x16tdsg8 x1vvkbs x3nfvp2 x1j61x8r x1fcty0u xdj266r xat24cr xgzva0m xhhsvwb xxymvpz xlup9mm x1kky2od"><img decoding="async" class="xz74otr x168nmei x13lgxp2 x5pf9jr xo71vjh" src="https://static.xx.fbcdn.net/images/emoji.php/v9/te4/1/16/1f1f1_1f1f9.png" alt="🇱🇹" width="16" height="16"></span>  The festival not only fosters the traditions of choral singing, but also serves as an important preparatory stage for the Lithuanian Pupils&#8217; Song Festival to be held in 2026. </div>
<div class="x11i5rnm xat24cr x1mh8g0r x1vvkbs xtlvy1s"><span class="html-span xexx8yu x4uap5 x18d9i69 xkhd6sd x1hl2dhg x16tdsg8 x1vvkbs x3nfvp2 x1j61x8r x1fcty0u xdj266r xat24cr xgzva0m xhhsvwb xxymvpz xlup9mm x1kky2od"><img decoding="async" class="xz74otr x168nmei x13lgxp2 x5pf9jr xo71vjh" src="https://static.xx.fbcdn.net/images/emoji.php/v9/tbe/1/16/1f3c6.png" alt="🏆" width="16" height="16"></span>  During the event, the winner of the 7th Lithuanian Children and Youth Choir Festival-Competition GRAND PRIX will be announced &#8211; the best Lithuanian children&#8217;s or youth choir!</div>
<div class="x11i5rnm xat24cr x1mh8g0r x1vvkbs xtlvy1s"><span class="html-span xexx8yu x4uap5 x18d9i69 xkhd6sd x1hl2dhg x16tdsg8 x1vvkbs x3nfvp2 x1j61x8r x1fcty0u xdj266r xat24cr xgzva0m xhhsvwb xxymvpz xlup9mm x1kky2od"><img decoding="async" class="xz74otr x168nmei x13lgxp2 x5pf9jr xo71vjh" src="https://static.xx.fbcdn.net/images/emoji.php/v9/t3d/1/16/1f3c5.png" alt="🏅" width="16" height="16"></span>  We will also honour Prof. Dr Regimantas Gudelis by awarding him the prestigious Golden Bird nomination for his contribution to national culture.</div>

<p>On 8 June at 17.00 we invite you to a spectacular celebration of choral music &#8211; the Festival of Songs “AUGAM LIETUVAI &#8211; DAINOJ, ŠIRDY, KARTU”, which will take place at the Klaipėda Summer Concert Stage! This is the grand culmination of the 7th Lithuanian Children and Youth Choir Festival-Competition “We &#8211; Children of Lithuania”. [&hellip;]</p>
