{"id":37339,"date":"2025-08-21T16:50:23","date_gmt":"2025-08-21T13:50:23","guid":{"rendered":"https:\/\/klaipedatravel.lt\/event\/2nd-international-festival-of-orchestras\/"},"modified":"2025-08-21T16:50:23","modified_gmt":"2025-08-21T13:50:23","slug":"2nd-international-festival-of-orchestras","status":"publish","type":"mec-events","link":"https:\/\/klaipedatravel.lt\/en\/event\/2nd-international-festival-of-orchestras\/","title":{"rendered":"2nd International Festival of Orchestras"},"content":{"rendered":"<div class=\"xdj266r x14z9mp xat24cr x1lziwak x1vvkbs\">The 2nd International Festival of Orchestras returns, inviting residents and visitors to immerse themselves in the swirl of orchestral sounds. On 5-6 September, professional and youth orchestras from Lithuania and Latvia will meet in the city&#8217;s squares, plazas and quays, accompanied by soloists&#8217; voices and choreographic elements. <\/div>\n<div class=\"x14z9mp xat24cr x1lziwak x1vvkbs xtlvy1s\">PROGRAMME<\/div>\n<div class=\"x14z9mp xat24cr x1lziwak x1vvkbs xtlvy1s\">5 SEPTEMBER (Friday)<\/div>\n<div class=\"x14z9mp xat24cr x1lziwak x1vvkbs xtlvy1s\">6 pm. FESTIVAL OPENING CONCERT <br class=\"html-br\"><span class=\"html-span xexx8yu xyri2b x18d9i69 x1c1uobl x1hl2dhg x16tdsg8 x1vvkbs x3nfvp2 x1j61x8r x1fcty0u xdj266r xat24cr xm2jcoa x1mpyi22 xxymvpz xlup9mm x1kky2od\"><img decoding=\"async\" class=\"xz74otr x15mokao x1ga7v0g x16uus16 xbiv7yw\" src=\"https:\/\/static.xx.fbcdn.net\/images\/emoji.php\/v9\/t2d\/1\/16\/1f4cd.png\" alt=\"\ud83d\udccd\" width=\"16\" height=\"16\"><\/span>  Klaip\u0117da Castle Square<br class=\"html-br\">Participants: Lithuanian Air Force Orchestra and DAGNA (bandmaster Captain Remigijus Termin)<\/div>\n<div class=\"x14z9mp xat24cr x1lziwak x1vvkbs xtlvy1s\">6 SEPTEMBER (Saturday)<\/div>\n<div class=\"x14z9mp xat24cr x1lziwak x1vvkbs xtlvy1s\">10 hrs. MORNING MUSIC. Orchestras wake up the city <br class=\"html-br\"><span class=\"html-span xexx8yu xyri2b x18d9i69 x1c1uobl x1hl2dhg x16tdsg8 x1vvkbs x3nfvp2 x1j61x8r x1fcty0u xdj266r xat24cr xm2jcoa x1mpyi22 xxymvpz xlup9mm x1kky2od\"><img decoding=\"async\" class=\"xz74otr x15mokao x1ga7v0g x16uus16 xbiv7yw\" src=\"https:\/\/static.xx.fbcdn.net\/images\/emoji.php\/v9\/t2d\/1\/16\/1f4cd.png\" alt=\"\ud83d\udccd\" width=\"16\" height=\"16\"><\/span>  Old Market, New Market, M. Ma\u017evydas Avenue, Dragunai Quarter, square by the &#8220;Neringa&#8221; sculpture near \u0160vyturys BHouse<\/div>\n<div class=\"x14z9mp xat24cr x1lziwak x1vvkbs xtlvy1s\">4-6pm. BETWEEN TWO BANKS OF THE DANE. Musical battles between orchestras  <br class=\"html-br\"><span class=\"html-span xexx8yu xyri2b x18d9i69 x1c1uobl x1hl2dhg x16tdsg8 x1vvkbs x3nfvp2 x1j61x8r x1fcty0u xdj266r xat24cr xm2jcoa x1mpyi22 xxymvpz xlup9mm x1kky2od\"><img decoding=\"async\" class=\"xz74otr x15mokao x1ga7v0g x16uus16 xbiv7yw\" src=\"https:\/\/static.xx.fbcdn.net\/images\/emoji.php\/v9\/t2d\/1\/16\/1f4cd.png\" alt=\"\ud83d\udccd\" width=\"16\" height=\"16\"><\/span>  Dan\u0117 quayside at the Bendryste Bridge<br class=\"html-br\">The moderators of the Musical Fights are Jomant\u0117 \u0160le\u017eait\u0117-Pauk\u0161t\u0117 and Justina Mikniuvien\u0117<\/div>\n<div class=\"x14z9mp xat24cr x1lziwak x1vvkbs xtlvy1s\">7 pm. CLOSING CONCERT OF THE FESTIVAL PARTICIPANTS <br class=\"html-br\"><span class=\"html-span xexx8yu xyri2b x18d9i69 x1c1uobl x1hl2dhg x16tdsg8 x1vvkbs x3nfvp2 x1j61x8r x1fcty0u xdj266r xat24cr xm2jcoa x1mpyi22 xxymvpz xlup9mm x1kky2od\"><img decoding=\"async\" class=\"xz74otr x15mokao x1ga7v0g x16uus16 xbiv7yw\" src=\"https:\/\/static.xx.fbcdn.net\/images\/emoji.php\/v9\/t2d\/1\/16\/1f4cd.png\" alt=\"\ud83d\udccd\" width=\"16\" height=\"16\"><\/span>  Dane Square<\/div>\n<div class=\"x14z9mp xat24cr x1lziwak x1vvkbs xtlvy1s\">Festival participants:<br class=\"html-br\">&#8211; Latvian Navy Orchestra (conducted by Andris Rasmanis)<br class=\"html-br\">&#8211; Lithuanian Air Force Orchestra (conducted by Remigijus Terminas)<br class=\"html-br\">&#8211; Lithuanian Navy Orchestra (conducted by Andris Rasmanis) Egidijus Miknius)<br class=\"html-br\">&#8211; Lithuanian Riflemen&#8217;s Union \u017demaitijos \u0160auli\u0173 8th Riflemen&#8217;s Detachment Orchestra (leader Linas Senkus)<br class=\"html-br\">&#8211; Plung\u0117 Mykolas Oginskis Art School Wind Orchestra (leader. Art\u016bras Urnie\u017eius,   <span class=\"html-span xexx8yu xyri2b x18d9i69 x1c1uobl x1hl2dhg x16tdsg8 x1vvkbs x3nfvp2 x1j61x8r x1fcty0u xdj266r xat24cr xm2jcoa x1mpyi22 xxymvpz xlup9mm x1kky2od\"><img decoding=\"async\" class=\"xz74otr x15mokao x1ga7v0g x16uus16 xbiv7yw\" src=\"https:\/\/static.xx.fbcdn.net\/images\/emoji.php\/v9\/tc7\/1\/16\/1f483.png\" alt=\"\ud83d\udc83\" width=\"16\" height=\"16\"><\/span>  choreographer Aida Brazdeikien\u0117)<br class=\"html-br\">&#8211; Kybartai Culture Centre Wind Orchestra &#8220;Kybartai&#8221; (dir. Donatas Ziegoraitis,   <span class=\"html-span xexx8yu xyri2b x18d9i69 x1c1uobl x1hl2dhg x16tdsg8 x1vvkbs x3nfvp2 x1j61x8r x1fcty0u xdj266r xat24cr xm2jcoa x1mpyi22 xxymvpz xlup9mm x1kky2od\"><img decoding=\"async\" class=\"xz74otr x15mokao x1ga7v0g x16uus16 xbiv7yw\" src=\"https:\/\/static.xx.fbcdn.net\/images\/emoji.php\/v9\/tc7\/1\/16\/1f483.png\" alt=\"\ud83d\udc83\" width=\"16\" height=\"16\"><\/span>  choreographer Greta Ziegoraitien\u0117)<br class=\"html-br\">&#8211; Soloists: Vilius Tarasovas and Violeta Tarasovien\u0117<\/div>\n<div class=\"x14z9mp xat24cr x1lziwak x1vvkbs xtlvy1s\">Concert hosts Justina Mikniuvien\u0117 and Jomant\u0117 \u0160le\u017eait\u0117-Pauk\u0161t\u0117<br class=\"html-br\">Soloist: Jomant\u0117 \u0160le\u017eait\u0117-Pauk\u0161t\u0117 and DAGNA<\/div>\n<div class=\"x14z9mp xat24cr x1lziwak x1vvkbs xtlvy1s\">Artistic Director of the Festival &#8211; Egidijus Miknius, Chief Conductor of the Lithuanian Armed Forces Naval Orchestra <\/div>\n<div class=\"x14z9mp xat24cr x1lziwak x1vvkbs xtlvy1s\"><span class=\"html-span xexx8yu xyri2b x18d9i69 x1c1uobl x1hl2dhg x16tdsg8 x1vvkbs x3nfvp2 x1j61x8r x1fcty0u xdj266r xat24cr xm2jcoa x1mpyi22 xxymvpz xlup9mm x1kky2od\"><img decoding=\"async\" class=\"xz74otr x15mokao x1ga7v0g x16uus16 xbiv7yw\" src=\"https:\/\/static.xx.fbcdn.net\/images\/emoji.php\/v9\/tba\/1\/16\/1f4e3.png\" alt=\"\ud83d\udce3\" width=\"16\" height=\"16\"><\/span>  ALL EVENTS ARE FREE<\/div>\n","protected":false},"excerpt":{"rendered":"<p>The 2nd International Festival of Orchestras returns, inviting residents and visitors to immerse themselves in the swirl of orchestral sounds. On 5-6 September, professional and youth orchestras from Lithuania and Latvia will meet in the city&#8217;s squares, plazas and quays, accompanied by soloists&#8217; voices and choreographic elements. PROGRAMME 5 SEPTEMBER (Friday) 6 pm. FESTIVAL OPENING [&hellip;]<\/p>\n","protected":false},"author":9,"featured_media":37185,"comment_status":"closed","ping_status":"closed","template":"","tags":[],"mec_category":[471,778],"class_list":["post-37339","mec-events","type-mec-events","status-publish","has-post-thumbnail","hentry","mec_category-concerts","mec_category-festival-en"],"acf":[],"_links":{"self":[{"href":"https:\/\/klaipedatravel.lt\/en\/wp-json\/wp\/v2\/mec-events\/37339","targetHints":{"allow":["GET"]}}],"collection":[{"href":"https:\/\/klaipedatravel.lt\/en\/wp-json\/wp\/v2\/mec-events"}],"about":[{"href":"https:\/\/klaipedatravel.lt\/en\/wp-json\/wp\/v2\/types\/mec-events"}],"author":[{"embeddable":true,"href":"https:\/\/klaipedatravel.lt\/en\/wp-json\/wp\/v2\/users\/9"}],"replies":[{"embeddable":true,"href":"https:\/\/klaipedatravel.lt\/en\/wp-json\/wp\/v2\/comments?post=37339"}],"wp:featuredmedia":[{"embeddable":true,"href":"https:\/\/klaipedatravel.lt\/en\/wp-json\/wp\/v2\/media\/37185"}],"wp:attachment":[{"href":"https:\/\/klaipedatravel.lt\/en\/wp-json\/wp\/v2\/media?parent=37339"}],"wp:term":[{"taxonomy":"post_tag","embeddable":true,"href":"https:\/\/klaipedatravel.lt\/en\/wp-json\/wp\/v2\/tags?post=37339"},{"taxonomy":"mec_category","embeddable":true,"href":"https:\/\/klaipedatravel.lt\/en\/wp-json\/wp\/v2\/mec_category?post=37339"}],"curies":[{"name":"wp","href":"https:\/\/api.w.org\/{rel}","templated":true}]}}

<div class="xdj266r x14z9mp xat24cr x1lziwak x1vvkbs">The 2nd International Festival of Orchestras returns, inviting residents and visitors to immerse themselves in the swirl of orchestral sounds. On 5-6 September, professional and youth orchestras from Lithuania and Latvia will meet in the city&#8217;s squares, plazas and quays, accompanied by soloists&#8217; voices and choreographic elements. </div>
<div class="x14z9mp xat24cr x1lziwak x1vvkbs xtlvy1s">PROGRAMME</div>
<div class="x14z9mp xat24cr x1lziwak x1vvkbs xtlvy1s">5 SEPTEMBER (Friday)</div>
<div class="x14z9mp xat24cr x1lziwak x1vvkbs xtlvy1s">6 pm. FESTIVAL OPENING CONCERT <br class="html-br"><span class="html-span xexx8yu xyri2b x18d9i69 x1c1uobl x1hl2dhg x16tdsg8 x1vvkbs x3nfvp2 x1j61x8r x1fcty0u xdj266r xat24cr xm2jcoa x1mpyi22 xxymvpz xlup9mm x1kky2od"><img decoding="async" class="xz74otr x15mokao x1ga7v0g x16uus16 xbiv7yw" src="https://static.xx.fbcdn.net/images/emoji.php/v9/t2d/1/16/1f4cd.png" alt="📍" width="16" height="16"></span>  Klaipėda Castle Square<br class="html-br">Participants: Lithuanian Air Force Orchestra and DAGNA (bandmaster Captain Remigijus Termin)</div>
<div class="x14z9mp xat24cr x1lziwak x1vvkbs xtlvy1s">6 SEPTEMBER (Saturday)</div>
<div class="x14z9mp xat24cr x1lziwak x1vvkbs xtlvy1s">10 hrs. MORNING MUSIC. Orchestras wake up the city <br class="html-br"><span class="html-span xexx8yu xyri2b x18d9i69 x1c1uobl x1hl2dhg x16tdsg8 x1vvkbs x3nfvp2 x1j61x8r x1fcty0u xdj266r xat24cr xm2jcoa x1mpyi22 xxymvpz xlup9mm x1kky2od"><img decoding="async" class="xz74otr x15mokao x1ga7v0g x16uus16 xbiv7yw" src="https://static.xx.fbcdn.net/images/emoji.php/v9/t2d/1/16/1f4cd.png" alt="📍" width="16" height="16"></span>  Old Market, New Market, M. Mažvydas Avenue, Dragunai Quarter, square by the &#8220;Neringa&#8221; sculpture near Švyturys BHouse</div>
<div class="x14z9mp xat24cr x1lziwak x1vvkbs xtlvy1s">4-6pm. BETWEEN TWO BANKS OF THE DANE. Musical battles between orchestras  <br class="html-br"><span class="html-span xexx8yu xyri2b x18d9i69 x1c1uobl x1hl2dhg x16tdsg8 x1vvkbs x3nfvp2 x1j61x8r x1fcty0u xdj266r xat24cr xm2jcoa x1mpyi22 xxymvpz xlup9mm x1kky2od"><img decoding="async" class="xz74otr x15mokao x1ga7v0g x16uus16 xbiv7yw" src="https://static.xx.fbcdn.net/images/emoji.php/v9/t2d/1/16/1f4cd.png" alt="📍" width="16" height="16"></span>  Danė quayside at the Bendryste Bridge<br class="html-br">The moderators of the Musical Fights are Jomantė Šležaitė-Paukštė and Justina Mikniuvienė</div>
<div class="x14z9mp xat24cr x1lziwak x1vvkbs xtlvy1s">7 pm. CLOSING CONCERT OF THE FESTIVAL PARTICIPANTS <br class="html-br"><span class="html-span xexx8yu xyri2b x18d9i69 x1c1uobl x1hl2dhg x16tdsg8 x1vvkbs x3nfvp2 x1j61x8r x1fcty0u xdj266r xat24cr xm2jcoa x1mpyi22 xxymvpz xlup9mm x1kky2od"><img decoding="async" class="xz74otr x15mokao x1ga7v0g x16uus16 xbiv7yw" src="https://static.xx.fbcdn.net/images/emoji.php/v9/t2d/1/16/1f4cd.png" alt="📍" width="16" height="16"></span>  Dane Square</div>
<div class="x14z9mp xat24cr x1lziwak x1vvkbs xtlvy1s">Festival participants:<br class="html-br">&#8211; Latvian Navy Orchestra (conducted by Andris Rasmanis)<br class="html-br">&#8211; Lithuanian Air Force Orchestra (conducted by Remigijus Terminas)<br class="html-br">&#8211; Lithuanian Navy Orchestra (conducted by Andris Rasmanis) Egidijus Miknius)<br class="html-br">&#8211; Lithuanian Riflemen&#8217;s Union Žemaitijos Šaulių 8th Riflemen&#8217;s Detachment Orchestra (leader Linas Senkus)<br class="html-br">&#8211; Plungė Mykolas Oginskis Art School Wind Orchestra (leader. Artūras Urniežius,   <span class="html-span xexx8yu xyri2b x18d9i69 x1c1uobl x1hl2dhg x16tdsg8 x1vvkbs x3nfvp2 x1j61x8r x1fcty0u xdj266r xat24cr xm2jcoa x1mpyi22 xxymvpz xlup9mm x1kky2od"><img decoding="async" class="xz74otr x15mokao x1ga7v0g x16uus16 xbiv7yw" src="https://static.xx.fbcdn.net/images/emoji.php/v9/tc7/1/16/1f483.png" alt="💃" width="16" height="16"></span>  choreographer Aida Brazdeikienė)<br class="html-br">&#8211; Kybartai Culture Centre Wind Orchestra &#8220;Kybartai&#8221; (dir. Donatas Ziegoraitis,   <span class="html-span xexx8yu xyri2b x18d9i69 x1c1uobl x1hl2dhg x16tdsg8 x1vvkbs x3nfvp2 x1j61x8r x1fcty0u xdj266r xat24cr xm2jcoa x1mpyi22 xxymvpz xlup9mm x1kky2od"><img decoding="async" class="xz74otr x15mokao x1ga7v0g x16uus16 xbiv7yw" src="https://static.xx.fbcdn.net/images/emoji.php/v9/tc7/1/16/1f483.png" alt="💃" width="16" height="16"></span>  choreographer Greta Ziegoraitienė)<br class="html-br">&#8211; Soloists: Vilius Tarasovas and Violeta Tarasovienė</div>
<div class="x14z9mp xat24cr x1lziwak x1vvkbs xtlvy1s">Concert hosts Justina Mikniuvienė and Jomantė Šležaitė-Paukštė<br class="html-br">Soloist: Jomantė Šležaitė-Paukštė and DAGNA</div>
<div class="x14z9mp xat24cr x1lziwak x1vvkbs xtlvy1s">Artistic Director of the Festival &#8211; Egidijus Miknius, Chief Conductor of the Lithuanian Armed Forces Naval Orchestra </div>
<div class="x14z9mp xat24cr x1lziwak x1vvkbs xtlvy1s"><span class="html-span xexx8yu xyri2b x18d9i69 x1c1uobl x1hl2dhg x16tdsg8 x1vvkbs x3nfvp2 x1j61x8r x1fcty0u xdj266r xat24cr xm2jcoa x1mpyi22 xxymvpz xlup9mm x1kky2od"><img decoding="async" class="xz74otr x15mokao x1ga7v0g x16uus16 xbiv7yw" src="https://static.xx.fbcdn.net/images/emoji.php/v9/tba/1/16/1f4e3.png" alt="📣" width="16" height="16"></span>  ALL EVENTS ARE FREE</div>
