{"id":44759,"date":"2026-03-13T15:55:49","date_gmt":"2026-03-13T13:55:49","guid":{"rendered":"https:\/\/klaipedatravel.lt\/event\/concert-of-the-cantare-choirs-competition-programme\/"},"modified":"2026-03-13T15:55:49","modified_gmt":"2026-03-13T13:55:49","slug":"concert-of-the-cantare-choirs-competition-programme","status":"publish","type":"mec-events","link":"https:\/\/klaipedatravel.lt\/en\/event\/concert-of-the-cantare-choirs-competition-programme\/","title":{"rendered":"Concert of the Cantare Choir&#8217;s competition programme"},"content":{"rendered":"<div class=\"xdj266r x14z9mp xat24cr x1lziwak x1vvkbs\">The Cantare Choir, under the direction of Ram\u016bnas Bar\u0161auskas, will leave for Spain on 26 March to take part in an international choir competition. <\/div>\n<div class=\"x14z9mp xat24cr x1lziwak x1vvkbs xtlvy1s\">Before the trip, we invite you to a concert featuring works that will soon be performed on the international stage.<\/div>\n<div class=\"x14z9mp xat24cr x1lziwak x1vvkbs xtlvy1s\"><span class=\"html-span xexx8yu xyri2b x18d9i69 x1c1uobl x1hl2dhg x16tdsg8 x1vvkbs x3nfvp2 x1j61x8r x1fcty0u xdj266r xat24cr xm2jcoa x1mpyi22 xxymvpz xlup9mm x1kky2od\"><img decoding=\"async\" class=\"xz74otr x15mokao x1ga7v0g x16uus16 xbiv7yw\" src=\"https:\/\/static.xx.fbcdn.net\/images\/emoji.php\/v9\/t7e\/1\/16\/1f4c5.png\" alt=\"\ud83d\udcc5\" width=\"16\" height=\"16\"><\/span>  24 March.<br class=\"html-br\"><span class=\"html-span xexx8yu xyri2b x18d9i69 x1c1uobl x1hl2dhg x16tdsg8 x1vvkbs x3nfvp2 x1j61x8r x1fcty0u xdj266r xat24cr xm2jcoa x1mpyi22 xxymvpz xlup9mm x1kky2od\"><img decoding=\"async\" class=\"xz74otr x15mokao x1ga7v0g x16uus16 xbiv7yw\" src=\"https:\/\/static.xx.fbcdn.net\/images\/emoji.php\/v9\/t2d\/1\/16\/1f555.png\" alt=\"\ud83d\udd55\" width=\"16\" height=\"16\"><\/span>  18:45 (after the 18:00 Mass) <br class=\"html-br\"><span class=\"html-span xexx8yu xyri2b x18d9i69 x1c1uobl x1hl2dhg x16tdsg8 x1vvkbs x3nfvp2 x1j61x8r x1fcty0u xdj266r xat24cr xm2jcoa x1mpyi22 xxymvpz xlup9mm x1kky2od\"><img decoding=\"async\" class=\"xz74otr x15mokao x1ga7v0g x16uus16 xbiv7yw\" src=\"https:\/\/static.xx.fbcdn.net\/images\/emoji.php\/v9\/t2d\/1\/16\/1f4cd.png\" alt=\"\ud83d\udccd\" width=\"16\" height=\"16\"><\/span>  Klaip\u0117da Church of Christ the King, Bok\u0161t\u0173 str. 10<\/div>\n<div class=\"x14z9mp xat24cr x1lziwak x1vvkbs xtlvy1s\">The concert will feature works by D. Zacharas, G. M. Gu\u017eauskait\u0117, G. Svilainis, J. Naujalis, V. Augustinas, V. Mi\u0161kinis, T. L. de Victoria and J. Trotta.<\/div>\n<div class=\"x14z9mp xat24cr x1lziwak x1vvkbs xtlvy1s\"><span class=\"html-span xexx8yu xyri2b x18d9i69 x1c1uobl x1hl2dhg x16tdsg8 x1vvkbs x3nfvp2 x1j61x8r x1fcty0u xdj266r xat24cr xm2jcoa x1mpyi22 xxymvpz xlup9mm x1kky2od\"><img decoding=\"async\" class=\"xz74otr x15mokao x1ga7v0g x16uus16 xbiv7yw\" src=\"https:\/\/static.xx.fbcdn.net\/images\/emoji.php\/v9\/t1f\/1\/16\/1f3b6.png\" alt=\"\ud83c\udfb6\" width=\"16\" height=\"16\"><\/span>  We invite you to listen to the concert and wish the choir success.<\/div>\n<div class=\"x14z9mp xat24cr x1lziwak x1vvkbs xtlvy1s\">Free admission.<br class=\"html-br\">From 6 years of age.<\/div>\n","protected":false},"excerpt":{"rendered":"<p>The Cantare Choir, under the direction of Ram\u016bnas Bar\u0161auskas, will leave for Spain on 26 March to take part in an international choir competition. Before the trip, we invite you to a concert featuring works that will soon be performed on the international stage. 24 March. 18:45 (after the 18:00 Mass) Klaip\u0117da Church of Christ [&hellip;]<\/p>\n","protected":false},"author":9,"featured_media":44747,"comment_status":"closed","ping_status":"closed","template":"","tags":[],"mec_category":[471],"class_list":["post-44759","mec-events","type-mec-events","status-publish","has-post-thumbnail","hentry","mec_category-concerts"],"acf":[],"_links":{"self":[{"href":"https:\/\/klaipedatravel.lt\/en\/wp-json\/wp\/v2\/mec-events\/44759","targetHints":{"allow":["GET"]}}],"collection":[{"href":"https:\/\/klaipedatravel.lt\/en\/wp-json\/wp\/v2\/mec-events"}],"about":[{"href":"https:\/\/klaipedatravel.lt\/en\/wp-json\/wp\/v2\/types\/mec-events"}],"author":[{"embeddable":true,"href":"https:\/\/klaipedatravel.lt\/en\/wp-json\/wp\/v2\/users\/9"}],"replies":[{"embeddable":true,"href":"https:\/\/klaipedatravel.lt\/en\/wp-json\/wp\/v2\/comments?post=44759"}],"wp:featuredmedia":[{"embeddable":true,"href":"https:\/\/klaipedatravel.lt\/en\/wp-json\/wp\/v2\/media\/44747"}],"wp:attachment":[{"href":"https:\/\/klaipedatravel.lt\/en\/wp-json\/wp\/v2\/media?parent=44759"}],"wp:term":[{"taxonomy":"post_tag","embeddable":true,"href":"https:\/\/klaipedatravel.lt\/en\/wp-json\/wp\/v2\/tags?post=44759"},{"taxonomy":"mec_category","embeddable":true,"href":"https:\/\/klaipedatravel.lt\/en\/wp-json\/wp\/v2\/mec_category?post=44759"}],"curies":[{"name":"wp","href":"https:\/\/api.w.org\/{rel}","templated":true}]}}

<div class="xdj266r x14z9mp xat24cr x1lziwak x1vvkbs">The Cantare Choir, under the direction of Ramūnas Baršauskas, will leave for Spain on 26 March to take part in an international choir competition. </div>
<div class="x14z9mp xat24cr x1lziwak x1vvkbs xtlvy1s">Before the trip, we invite you to a concert featuring works that will soon be performed on the international stage.</div>
<div class="x14z9mp xat24cr x1lziwak x1vvkbs xtlvy1s"><span class="html-span xexx8yu xyri2b x18d9i69 x1c1uobl x1hl2dhg x16tdsg8 x1vvkbs x3nfvp2 x1j61x8r x1fcty0u xdj266r xat24cr xm2jcoa x1mpyi22 xxymvpz xlup9mm x1kky2od"><img decoding="async" class="xz74otr x15mokao x1ga7v0g x16uus16 xbiv7yw" src="https://static.xx.fbcdn.net/images/emoji.php/v9/t7e/1/16/1f4c5.png" alt="📅" width="16" height="16"></span>  24 March.<br class="html-br"><span class="html-span xexx8yu xyri2b x18d9i69 x1c1uobl x1hl2dhg x16tdsg8 x1vvkbs x3nfvp2 x1j61x8r x1fcty0u xdj266r xat24cr xm2jcoa x1mpyi22 xxymvpz xlup9mm x1kky2od"><img decoding="async" class="xz74otr x15mokao x1ga7v0g x16uus16 xbiv7yw" src="https://static.xx.fbcdn.net/images/emoji.php/v9/t2d/1/16/1f555.png" alt="🕕" width="16" height="16"></span>  18:45 (after the 18:00 Mass) <br class="html-br"><span class="html-span xexx8yu xyri2b x18d9i69 x1c1uobl x1hl2dhg x16tdsg8 x1vvkbs x3nfvp2 x1j61x8r x1fcty0u xdj266r xat24cr xm2jcoa x1mpyi22 xxymvpz xlup9mm x1kky2od"><img decoding="async" class="xz74otr x15mokao x1ga7v0g x16uus16 xbiv7yw" src="https://static.xx.fbcdn.net/images/emoji.php/v9/t2d/1/16/1f4cd.png" alt="📍" width="16" height="16"></span>  Klaipėda Church of Christ the King, Bokštų str. 10</div>
<div class="x14z9mp xat24cr x1lziwak x1vvkbs xtlvy1s">The concert will feature works by D. Zacharas, G. M. Gužauskaitė, G. Svilainis, J. Naujalis, V. Augustinas, V. Miškinis, T. L. de Victoria and J. Trotta.</div>
<div class="x14z9mp xat24cr x1lziwak x1vvkbs xtlvy1s"><span class="html-span xexx8yu xyri2b x18d9i69 x1c1uobl x1hl2dhg x16tdsg8 x1vvkbs x3nfvp2 x1j61x8r x1fcty0u xdj266r xat24cr xm2jcoa x1mpyi22 xxymvpz xlup9mm x1kky2od"><img decoding="async" class="xz74otr x15mokao x1ga7v0g x16uus16 xbiv7yw" src="https://static.xx.fbcdn.net/images/emoji.php/v9/t1f/1/16/1f3b6.png" alt="🎶" width="16" height="16"></span>  We invite you to listen to the concert and wish the choir success.</div>
<div class="x14z9mp xat24cr x1lziwak x1vvkbs xtlvy1s">Free admission.<br class="html-br">From 6 years of age.</div>

<p>The Cantare Choir, under the direction of Ramūnas Baršauskas, will leave for Spain on 26 March to take part in an international choir competition. Before the trip, we invite you to a concert featuring works that will soon be performed on the international stage. 24 March. 18:45 (after the 18:00 Mass) Klaipėda Church of Christ [&hellip;]</p>
