{"id":44808,"date":"2026-03-16T11:26:25","date_gmt":"2026-03-16T09:26:25","guid":{"rendered":"https:\/\/klaipedatravel.lt\/event\/concert-dar-karta-by-the-group-liudni-slibinai\/"},"modified":"2026-03-16T11:26:25","modified_gmt":"2026-03-16T09:26:25","slug":"concert-dar-karta-by-the-group-liudni-slibinai","status":"publish","type":"mec-events","link":"https:\/\/klaipedatravel.lt\/en\/event\/concert-dar-karta-by-the-group-liudni-slibinai\/","title":{"rendered":"Concert &#8220;Dar kart\u0105&#8221; by the group &#8220;Li\u016bdni Slibinai&#8221;"},"content":{"rendered":"<p>After eight years of being away from music together, Li\u016bdni slibinai announces the end of their holiday. In the autumn, the band will hold concerts in Vilnius, Kaunas, Klaip\u0117da and Panev\u0117\u017eys, where they will remember the sad nature of life. <\/p>\n<p>&#8220;We rested, we lived, we met those who hadn&#8217;t forgotten us and we felt that it would be too sad if we didn&#8217;t see each other again. Arenas, we heard, are all busy nowadays, stadiums are also only for schools, so we decided to meet in closer spaces where we can see people&#8217;s eyes and feel their hearts,&#8221; says Vaidas Kublinskas, who was once known as the brain behind Li\u016bdn\u0173 dragon\u0173. <\/p>\n<p>In an acoustic programme entitled &#8220;Sad Dragons. Dar kart\u0105&#8221; will feature the already well-known songs by the theatrical group based on the lyrics of Lithuanian poets, as well as the existential works of Vaidas Kublinskas, Dominykas Vaitiek\u016bnas and Aist\u0117 Lasyt\u0117, which are featured on their latest album &#8220;Everything will soon be over&#8221;. <\/p>\n","protected":false},"excerpt":{"rendered":"<p>After eight years of being away from music together, Li\u016bdni slibinai announces the end of their holiday. In the autumn, the band will hold concerts in Vilnius, Kaunas, Klaip\u0117da and Panev\u0117\u017eys, where they will remember the sad nature of life. &#8220;We rested, we lived, we met those who hadn&#8217;t forgotten us and we felt that [&hellip;]<\/p>\n","protected":false},"author":9,"featured_media":44805,"comment_status":"closed","ping_status":"closed","template":"","tags":[],"mec_category":[471],"class_list":["post-44808","mec-events","type-mec-events","status-publish","has-post-thumbnail","hentry","mec_category-concerts"],"acf":[],"_links":{"self":[{"href":"https:\/\/klaipedatravel.lt\/en\/wp-json\/wp\/v2\/mec-events\/44808","targetHints":{"allow":["GET"]}}],"collection":[{"href":"https:\/\/klaipedatravel.lt\/en\/wp-json\/wp\/v2\/mec-events"}],"about":[{"href":"https:\/\/klaipedatravel.lt\/en\/wp-json\/wp\/v2\/types\/mec-events"}],"author":[{"embeddable":true,"href":"https:\/\/klaipedatravel.lt\/en\/wp-json\/wp\/v2\/users\/9"}],"replies":[{"embeddable":true,"href":"https:\/\/klaipedatravel.lt\/en\/wp-json\/wp\/v2\/comments?post=44808"}],"wp:featuredmedia":[{"embeddable":true,"href":"https:\/\/klaipedatravel.lt\/en\/wp-json\/wp\/v2\/media\/44805"}],"wp:attachment":[{"href":"https:\/\/klaipedatravel.lt\/en\/wp-json\/wp\/v2\/media?parent=44808"}],"wp:term":[{"taxonomy":"post_tag","embeddable":true,"href":"https:\/\/klaipedatravel.lt\/en\/wp-json\/wp\/v2\/tags?post=44808"},{"taxonomy":"mec_category","embeddable":true,"href":"https:\/\/klaipedatravel.lt\/en\/wp-json\/wp\/v2\/mec_category?post=44808"}],"curies":[{"name":"wp","href":"https:\/\/api.w.org\/{rel}","templated":true}]}}

Concert &#8220;Dar kartą&#8221; by the group &#8220;Liūdni Slibinai&#8221;

<p>After eight years of being away from music together, Liūdni slibinai announces the end of their holiday. In the autumn, the band will hold concerts in Vilnius, Kaunas, Klaipėda and Panevėžys, where they will remember the sad nature of life. </p>
<p>&#8220;We rested, we lived, we met those who hadn&#8217;t forgotten us and we felt that it would be too sad if we didn&#8217;t see each other again. Arenas, we heard, are all busy nowadays, stadiums are also only for schools, so we decided to meet in closer spaces where we can see people&#8217;s eyes and feel their hearts,&#8221; says Vaidas Kublinskas, who was once known as the brain behind Liūdnų dragonų. </p>
<p>In an acoustic programme entitled &#8220;Sad Dragons. Dar kartą&#8221; will feature the already well-known songs by the theatrical group based on the lyrics of Lithuanian poets, as well as the existential works of Vaidas Kublinskas, Dominykas Vaitiekūnas and Aistė Lasytė, which are featured on their latest album &#8220;Everything will soon be over&#8221;. </p>

<p>After eight years of being away from music together, Liūdni slibinai announces the end of their holiday. In the autumn, the band will hold concerts in Vilnius, Kaunas, Klaipėda and Panevėžys, where they will remember the sad nature of life. &#8220;We rested, we lived, we met those who hadn&#8217;t forgotten us and we felt that [&hellip;]</p>
